000
CXHW53 PHFO 011250
CF6ITO
PRELIMINARY LOCAL CLIMATOLOGICAL DATA (WS FORM: F-6)
STATION: HILO HI
MONTH: JUNE
YEAR: 2020
LATITUDE: 19 43 N
LONGITUDE: 155 4 W
TEMPERATURE IN F: :PCPN: SNOW: WIND :SUNSHINE: SKY :PK WND
================================================================================
1 2 3 4 5 6A 6B 7 8 9 10 11 12 13 14 15 16 17 18
12Z AVG MX 2MIN
DY MAX MIN AVG DEP HDD CDD WTR SNW DPTH SPD SPD DIR MIN PSBL S-S WX SPD DR
================================================================================
1 86 71 79 4 0 14 0.34 0.0 M 5.9 13 40 M M M 8 18 30
2 86 71 79 4 0 14 0.01 0.0 M 6.7 14 50 M M M 18 19 80
3 87 70 79 4 0 14 0.02 0.0 M 5.9 17 120 M M M 22 100
4 84 71 78 3 0 13 0.34 0.0 M 5.1 18 100 M M M 18 22 100
5 84 66 75 0 0 10 0.20 0.0 M 6.0 14 80 M M M 17 80
6 86 71 79 4 0 14 0.14 0.0 M 5.8 16 90 M M M 1 19 70
7 85 72 79 4 0 14 0.08 0.0 M 5.8 15 80 M M M 19 70
8 87 72 80 5 0 15 0.03 0.0 M 7.0 15 120 M M M 1 19 80
9 85 69 77 2 0 12 0.12 0.0 M 6.6 18 80 M M M 18 22 80
10 84 71 78 3 0 13 0.39 0.0 M 5.8 18 80 M M M 18 23 80
11 85 71 78 3 0 13 0.09 0.0 M 6.8 15 60 M M M 8 19 60
12 85 71 78 3 0 13 0.05 0.0 M 6.8 15 60 M M M 20 70
13 85 68 77 2 0 12 0.05 0.0 M 7.8 17 90 M M M 24 80
14 83 71 77 2 0 12 0.44 0.0 M 5.2 15 80 M M M 8 17 80
15 86 70 78 3 0 13 0.08 0.0 M 5.7 16 70 M M M 1 20 80
16 79 71 75 0 0 10 0.47 0.0 M 4.1 15 110 M M M 18 20 110
17 86 70 78 3 0 13 0.13 0.0 M 6.1 15 70 M M M 1 20 90
18 85 70 78 3 0 13 0.13 0.0 M 6.8 14 80 M M M 1 18 80
19 83 71 77 2 0 12 0.19 0.0 M 5.4 13 70 M M M 8 17 70
20 85 68 77 2 0 12 0.07 0.0 M 6.8 20 80 M M M 22 80
21 85 68 77 2 0 12 0.01 0.0 M 6.6 17 90 M M M 21 70
22 85 69 77 2 0 12 0.10 0.0 M 7.0 15 80 M M M 19 70
23 84 68 76 1 0 11 0.09 0.0 M 6.2 16 100 M M M 18 19 100
24 85 70 78 3 0 13 0.32 0.0 M 7.3 22 110 M M M 18 26 110
25 86 73 80 4 0 15 0.50 0.0 M 6.5 14 80 M M M 18 19 100
26 85 72 79 3 0 14 0.04 0.0 M 6.3 16 50 M M M 19 60
27 85 73 79 3 0 14 0.00 0.0 M 6.1 13 20 M M M 17 30
28 86 72 79 3 0 14 0.03 0.0 M 6.2 16 100 M M M 1 21 100
29 85 70 78 2 0 13 T 0.0 M 5.9 14 90 M M M 18 110
30 87 72 80 4 0 15 T 0.0 M 6.7 16 60 M M M 20 80
================================================================================
SM 2549 2112 0 389 4.46 0.0 186.9 M M
================================================================================
AV 85.0 70.4 6.2 FASTST M M 0 MAX(MPH)
MISC ----> # 22 110 # 26 110
================================================================================
NOTES:
# LAST OF SEVERAL OCCURRENCES
COLUMN 17 PEAK WIND IN M.P.H.
PRELIMINARY LOCAL CLIMATOLOGICAL DATA (WS FORM: F-6) , PAGE 2
STATION: HILO HI
MONTH: JUNE
YEAR: 2020
LATITUDE: 19 43 N
LONGITUDE: 155 4 W
[TEMPERATURE DATA] [PRECIPITATION DATA] SYMBOLS USED IN COLUMN 16
AVERAGE MONTHLY: 77.7 TOTAL FOR MONTH: 4.46 1 = FOG OR MIST
DPTR FM NORMAL: 2.5 DPTR FM NORMAL: -2.91 2 = FOG REDUCING VISIBILITY
HIGHEST: 87 ON 30, 8 GRTST 24HR 0.50 ON 25-25 TO 1/4 MILE OR LESS
LOWEST: 66 ON 5 3 = THUNDER
SNOW, ICE PELLETS, HAIL 4 = ICE PELLETS
TOTAL MONTH: 0.0 INCH 5 = HAIL
GRTST 24HR 0.0 6 = FREEZING RAIN OR DRIZZLE
GRTST DEPTH: M ON M 7 = DUSTSTORM OR SANDSTORM:
VSBY 1/2 MILE OR LESS
8 = SMOKE OR HAZE
[NO. OF DAYS WITH] [WEATHER - DAYS WITH] 9 = BLOWING SNOW
X = TORNADO
MAX 32 OR BELOW: 0 0.01 INCH OR MORE: 27
MAX 90 OR ABOVE: 0 0.10 INCH OR MORE: 14
MIN 32 OR BELOW: 0 0.50 INCH OR MORE: 1
MIN 0 OR BELOW: 0 1.00 INCH OR MORE: 0
[HDD (BASE 65) ]
TOTAL THIS MO. 0 CLEAR (SCALE 0-3) 0
DPTR FM NORMAL 0 PTCLDY (SCALE 4-7) 0
TOTAL FM JUL 1 0 CLOUDY (SCALE 8-10) 0
DPTR FM NORMAL 0
[CDD (BASE 65) ]
TOTAL THIS MO. 389
DPTR FM NORMAL 83 [PRESSURE DATA]
TOTAL FM JAN 1 1953 HIGHEST SLP 30.17 ON 12
DPTR FM NORMAL 579 LOWEST SLP 29.94 ON 28
[REMARKS]
#FINAL-06-20#