000
CXUS55 KGLD 010800
CF6ITR
PRELIMINARY LOCAL CLIMATOLOGICAL DATA (WS FORM: F-6)
STATION: BURLINGTON CO
MONTH: DECEMBER
YEAR: 2022
LATITUDE: 39 15 N
LONGITUDE: 102 17 W
TEMPERATURE IN F: :PCPN: SNOW: WIND :SUNSHINE: SKY :PK WND
================================================================================
1 2 3 4 5 6A 6B 7 8 9 10 11 12 13 14 15 16 17 18
12Z AVG MX 2MIN
DY MAX MIN AVG DEP HDD CDD WTR SNW DPTH SPD SPD DIR MIN PSBL S-S WX SPD DR
================================================================================
1 67 19 43 10 22 0 0.00 M M 14.4 29 210 M M 0 37 230
2 71 9 40 7 25 0 0.00 M M 19.7 48 320 M M 1 8 65 330
3 44 12 28 -5 37 0 0.00 M M 14.5 29 200 M M 1 37 190
4 54 30 42 10 23 0 0.00 M M 10.6 21 200 M M 0 24 200
5 52 19 36 4 29 0 0.00 M M 8.5 18 20 M M 0 8 23 10
6 56 12 34 2 31 0 0.00 M M 6.7 13 290 M M 3 15 250
7 53 19 36 4 29 0 0.00 M M 9.5 21 120 M M 0 26 120
8 49 17 33 2 32 0 0.00 M M 9.6 28 320 M M 4 128 36 350
9 49 12 31 0 34 0 0.00 M M 13.0 29 180 M M 0 37 180
10 50 15 33 2 32 0 0.00 M M 10.5 23 180 M M 0 29 180
11 63 22 43 12 22 0 0.00 M M 12.9 25 180 M M 0 34 180
12 53 27 40 9 25 0 0.00 M M 14.3 32 190 M M 0 46 300
13 34 19 27 -3 38 0 T M M 32.3 43 320 M M 10 1289 69 330
14 30 18 24 -6 41 0 T M M 26.4 39 330 M M 3 8 59 350
15 30 14 22 -8 43 0 0.00 M M 21.2 39 330 M M 2 54 330
16 30 7 19 -11 46 0 0.00 M M 22.6 46 320 M M 2 61 320
17 37 5 21 -9 44 0 0.00 M M 10.3 25 320 M M 0 31 310
18 43 9 26 -4 39 0 0.00 M M 9.2 16 210 M M 0 19 200
19 49 4 27 -3 38 0 0.00 M M 8.8 16 30 M M 0 21 30
20 40 4 22 -8 43 0 0.00 M M 12.9 21 170 M M 1 27 160
21 53 -9 22 -8 43 0 T M M 15.5 37 10 M M 4 8 50 20
22 -3 -15 -9 -39 74 0 T M M 20.8 33 340 M M 3 8 48 330
23 13 -9 2 -28 63 0 0.00 M M 9.8 21 310 M M 0 25 310
24 45 4 25 -5 40 0 0.00 M M 10.2 18 320 M M 2 27 340
25 57 22 40 10 25 0 0.00 M M 12.3 29 350 M M 2 41 360
26 47 29 38 8 27 0 0.00 M M 12.7 21 320 M M 2 29 310
27 68 35 52 22 13 0 0.00 M M 14.8 26 220 M M 0 36 220
28 54 30 42 12 23 0 T M M 8.1 17 350 M M 5 23 350
29 37 14 26 -4 39 0 T M M 13.6 30 320 M M 5 18 37 320
30 36 12 24 -6 41 0 0.00 M M 8.7 14 240 M M 0 17 240
31 49 20 35 5 30 0 0.00 M M 6.1 15 250 M M 1 17 330
================================================================================
SM 1410 426 1091 0 T M 420.5 M 51
================================================================================
AV 45.5 13.7 13.6 FASTST M M 2 MAX(MPH)
MISC ----> 48 320 69 330
================================================================================
NOTES:
# LAST OF SEVERAL OCCURRENCES
COLUMN 17 PEAK WIND IN M.P.H.
PRELIMINARY LOCAL CLIMATOLOGICAL DATA (WS FORM: F-6) , PAGE 2
STATION: BURLINGTON CO
MONTH: DECEMBER
YEAR: 2022
LATITUDE: 39 15 N
LONGITUDE: 102 17 W
[TEMPERATURE DATA] [PRECIPITATION DATA] SYMBOLS USED IN COLUMN 16
AVERAGE MONTHLY: 29.6 TOTAL FOR MONTH: T 1 = FOG OR MIST
DPTR FM NORMAL: -1.0 DPTR FM NORMAL: -0.36 2 = FOG REDUCING VISIBILITY
HIGHEST: 71 ON 2 GRTST 24HR T ON 13-13 TO 1/4 MILE OR LESS
LOWEST: -15 ON 22 3 = THUNDER
SNOW, ICE PELLETS, HAIL 4 = ICE PELLETS
TOTAL MONTH: M 5 = HAIL
GRTST 24HR M ON M 6 = FREEZING RAIN OR DRIZZLE
GRTST DEPTH: M ON M 7 = DUSTSTORM OR SANDSTORM:
VSBY 1/2 MILE OR LESS
8 = SMOKE OR HAZE
[NO. OF DAYS WITH] [WEATHER - DAYS WITH] 9 = BLOWING SNOW
X = TORNADO
MAX 32 OR BELOW: 5 0.01 INCH OR MORE: 0
MAX 90 OR ABOVE: 0 0.10 INCH OR MORE: 0
MIN 32 OR BELOW: 30 0.50 INCH OR MORE: 0
MIN 0 OR BELOW: 3 1.00 INCH OR MORE: 0
[HDD (BASE 65) ]
TOTAL THIS MO. 1091 CLEAR (SCALE 0-3) 23
DPTR FM NORMAL 25 PTCLDY (SCALE 4-7) 7
TOTAL FM JUL 1 2323 CLOUDY (SCALE 8-10) 1
DPTR FM NORMAL -53
[CDD (BASE 65) ]
TOTAL THIS MO. 0
DPTR FM NORMAL 0 [PRESSURE DATA]
TOTAL FM JAN 1 1307 HIGHEST SLP M ON M
DPTR FM NORMAL 385 LOWEST SLP 29.28 ON 28
[REMARKS]
#FINAL-12-22#