000
CXUS53 KIWX 010810
CF6IWX
PRELIMINARY LOCAL CLIMATOLOGICAL DATA (WS FORM: F-6)
STATION: NORTH WEBSTER WFO
MONTH: MAY
YEAR: 2021
LATITUDE: 41 21 N
LONGITUDE: 85 42 W
TEMPERATURE IN F: :PCPN: SNOW: WIND :SUNSHINE: SKY :PK WND
================================================================================
1 2 3 4 5 6A 6B 7 8 9 10 11 12 13 14 15 16 17 18
12Z AVG MX 2MIN
DY MAX MIN AVG DEP HDD CDD WTR SNW DPTH SPD SPD DIR MIN PSBL S-S WX SPD DR
================================================================================
1 72 34 53 -2 12 0 0.00 0.0 0 M M M M M M M M
2 79 59 69 14 0 4 0.00 0.0 0 M M M M M M M M
3 66 55 61 5 4 0 0.55 0.0 0 M M M M M M M M
4 62 46 54 -2 11 0 0.05 0.0 0 M M M M M M 1 M M
5 58 39 49 -7 16 0 0.00 0.0 0 M M M M M M M M
6 52 37 45 -12 20 0 0.16 0.0 0 M M M M M M M M
7 60 33 47 -10 18 0 0.03 0.0 0 M M M M M M M M
8 55 31 43 -15 22 0 0.16 0.0 0 M M M M M M M M
9 48 33 41 -17 24 0 2.06 T 0 M M M M M M M M
10 54 34 44 -14 21 0 T 0.0 0 M M M M M M M M
11 56 35 46 -12 19 0 0.00 0.0 0 M M M M M M M M
12 62 33 48 -11 17 0 0.00 0.0 0 M M M M M M M M
13 66 37 52 -7 13 0 0.00 0.0 0 M M M M M M M M
14 71 39 55 -5 10 0 0.00 0.0 0 M M M M M M M M
15 68 45 57 -3 8 0 0.00 0.0 M M M M M M 0 M M
16 72 52 62 2 3 0 T 0.0 0 M M M M M M M M
17 69 55 62 1 3 0 0.00 0.0 0 M M M M M M M M
18 76 54 65 4 0 0 0.00 0.0 0 M M M M M M M M
19 77 62 70 9 0 5 T 0.0 0 M M M M M M M M
20 85 64 75 13 0 10 0.00 0.0 0 M M M M M M M M
21 83 65 74 12 0 9 0.00 0.0 0 M M M M M M M M
22 84 64 74 12 0 9 0.00 0.0 0 M M M M M M M M
23 79 63 71 8 0 6 0.07 0.0 0 M M M M M M M M
24 86 66 76 13 0 11 0.00 0.0 0 M M M M M M M M
25 86 68 77 14 0 12 0.00 0.0 0 M M M M M M M M
26 75 59 67 3 0 2 0.40 0.0 0 M M M M M M M M
27 71 52 62 -2 3 0 T 0.0 0 M M M M M M M M
28 56 43 50 -14 15 0 0.73 0.0 0 M M M M M M M M
29 62 39 51 -14 14 0 T 0.0 0 M M M M M M M M
30 67 39 53 -12 12 0 0.00 0.0 0 M M M M M M M M
31 69 50 60 -5 5 0 0.00 0.0 0 M M M M M M M M
================================================================================
SM 2126 1485 270 68 4.21 T M M 0
================================================================================
AV 68.6 47.9 M FASTST M M 0 MAX(MPH)
MISC ----> M M M M
================================================================================
NOTES:
# LAST OF SEVERAL OCCURRENCES
COLUMN 17 PEAK WIND IN M.P.H.
PRELIMINARY LOCAL CLIMATOLOGICAL DATA (WS FORM: F-6) , PAGE 2
STATION: NORTH WEBSTER WFO
MONTH: MAY
YEAR: 2021
LATITUDE: 41 21 N
LONGITUDE: 85 42 W
[TEMPERATURE DATA] [PRECIPITATION DATA] SYMBOLS USED IN COLUMN 16
AVERAGE MONTHLY: 58.2 TOTAL FOR MONTH: 4.21 1 = FOG OR MIST
DPTR FM NORMAL: -2.1 DPTR FM NORMAL: 0.13 2 = FOG REDUCING VISIBILITY
HIGHEST: 86 ON 25,24 GRTST 24HR 2.06 ON 9- 9 TO 1/4 MILE OR LESS
LOWEST: 31 ON 8 3 = THUNDER
SNOW, ICE PELLETS, HAIL 4 = ICE PELLETS
TOTAL MONTH: T 5 = HAIL
GRTST 24HR T ON 9- 9 6 = FREEZING RAIN OR DRIZZLE
GRTST DEPTH: 0 7 = DUSTSTORM OR SANDSTORM:
VSBY 1/2 MILE OR LESS
8 = SMOKE OR HAZE
[NO. OF DAYS WITH] [WEATHER - DAYS WITH] 9 = BLOWING SNOW
X = TORNADO
MAX 32 OR BELOW: 0 0.01 INCH OR MORE: 9
MAX 90 OR ABOVE: 0 0.10 INCH OR MORE: 6
MIN 32 OR BELOW: 1 0.50 INCH OR MORE: 3
MIN 0 OR BELOW: 0 1.00 INCH OR MORE: 1
[HDD (BASE 65) ]
TOTAL THIS MO. 270 CLEAR (SCALE 0-3) 1
DPTR FM NORMAL 74 PTCLDY (SCALE 4-7) 0
TOTAL FM JUL 1 5843 CLOUDY (SCALE 8-10) 30
DPTR FM NORMAL -285
[CDD (BASE 65) ]
TOTAL THIS MO. 68
DPTR FM NORMAL 20 [PRESSURE DATA]
TOTAL FM JAN 1 76 HIGHEST SLP M ON M
DPTR FM NORMAL 20 LOWEST SLP M ON M
[REMARKS]
#FINAL-05-21#