000
CXUS55 KEAX 010836
CF6IXD
PRELIMINARY LOCAL CLIMATOLOGICAL DATA (WS FORM: F-6)
STATION: NEW CENTURY AIR CENTER KS
MONTH: NOVEMBER
YEAR: 2020
LATITUDE: 38 49 N
LONGITUDE: 94 54 W
TEMPERATURE IN F: :PCPN: SNOW: WIND :SUNSHINE: SKY :PK WND
================================================================================
1 2 3 4 5 6A 6B 7 8 9 10 11 12 13 14 15 16 17 18
12Z AVG MX 2MIN
DY MAX MIN AVG DEP HDD CDD WTR SNW DPTH SPD SPD DIR MIN PSBL S-S WX SPD DR
================================================================================
1 53 31 42 -8 23 0 0.00 M M 9.0 24 330 M M 0 32 320
2 67 29 48 -2 17 0 0.00 M M 8.9 22 210 M M 0 28 210
3 76 37 57 7 8 0 0.00 M M 9.3 17 200 M M 0 23 190
4 70 50 60 11 5 0 0.00 M M 12.3 25 200 M M 0 30 200
5 73 47 60 11 5 0 0.00 M M 6.1 14 200 M M 0 16 200
6 72 47 60 12 5 0 0.00 M M 8.6 17 170 M M 3 12 24 170
7 72 50 61 13 4 0 0.00 M M 11.0 21 160 M M 0 31 170
8 76 58 67 20 0 2 0.00 M M 15.4 25 180 M M 4 38 160
9 73 64 69 22 0 4 0.00 M M 15.0 25 190 M M 9 39 200
10 68 28 48 2 17 0 0.42 M M 10.2 25 280 M M 8 13 33 280
11 56 24 40 -6 25 0 0.00 M M 4.0 9 140 M M 0 12 140
12 57 29 43 -2 22 0 0.00 M M 10.1 24 330 M M 2 33 330
13 49 20 35 -10 30 0 0.00 M M 6.9 14 130 M M 1 19 150
14 67 42 55 11 10 0 0.06 M M 15.2 37 280 M M 8 13 49 290
15 54 33 44 0 21 0 0.00 M M 14.5 33 310 M M 1 46 280
16 65 28 47 4 18 0 0.00 M M 7.8 17 280 M M 0 23 280
17 59 33 46 3 19 0 0.00 M M 9.0 17 170 M M 0 25 160
18 67 45 56 14 9 0 0.00 M M 18.2 32 200 M M 0 45 200
19 72 57 65 23 0 0 0.00 M M 19.5 35 200 M M 0 50 200
20 59 44 52 11 13 0 0.00 M M 8.4 18 40 M M 6 1 26 50
21 51 42 47 6 18 0 0.27 M M 10.7 18 40 M M 9 25 30
22 54 32 43 3 22 0 0.00 M M 7.3 17 330 M M 5 1 23 300
23 46 25 36 -4 29 0 0.11 M M 8.0 20 130 M M 7 26 140
24 52 46 49 10 16 0 0.55 M M 11.7 23 190 M M 10 13 36 160
25 52 29 41 2 24 0 T M M 10.2 23 330 M M 9 1 31 330
26 57 28 43 5 22 0 0.00 M M 6.3 10 110 M M 3 12 M M
27 51 28 40 2 25 0 0.00 M M 7.3 15 350 M M 2 1 20 360
28 55 28 42 4 23 0 0.00 M M 7.2 17 210 M M 0 21 210
29 46 28 37 0 28 0 0.00 M M 15.5 35 340 M M 1 46 340
30 41 20 31 -6 34 0 0.00 M M 9.1 17 320 M M 0 24 270
================================================================================
SM 1810 1102 492 6 1.41 M 312.7 M 88
================================================================================
AV 60.3 36.7 10.4 FASTST M M 3 MAX(MPH)
MISC ----> 37 280 50 200
================================================================================
NOTES:
# LAST OF SEVERAL OCCURRENCES
COLUMN 17 PEAK WIND IN M.P.H.
PRELIMINARY LOCAL CLIMATOLOGICAL DATA (WS FORM: F-6) , PAGE 2
STATION: NEW CENTURY AIR CENTER KS
MONTH: NOVEMBER
YEAR: 2020
LATITUDE: 38 49 N
LONGITUDE: 94 54 W
[TEMPERATURE DATA] [PRECIPITATION DATA] SYMBOLS USED IN COLUMN 16
AVERAGE MONTHLY: 48.5 TOTAL FOR MONTH: 1.41 1 = FOG OR MIST
DPTR FM NORMAL: 4.9 DPTR FM NORMAL: -0.99 2 = FOG REDUCING VISIBILITY
HIGHEST: 76 ON 8, 3 GRTST 24HR 0.55 ON 24-24 TO 1/4 MILE OR LESS
LOWEST: 20 ON 30,13 3 = THUNDER
SNOW, ICE PELLETS, HAIL 4 = ICE PELLETS
TOTAL MONTH: M 5 = HAIL
GRTST 24HR M ON M 6 = FREEZING RAIN OR DRIZZLE
GRTST DEPTH: M ON M 7 = DUSTSTORM OR SANDSTORM:
VSBY 1/2 MILE OR LESS
8 = SMOKE OR HAZE
[NO. OF DAYS WITH] [WEATHER - DAYS WITH] 9 = BLOWING SNOW
X = TORNADO
MAX 32 OR BELOW: 0 0.01 INCH OR MORE: 5
MAX 90 OR ABOVE: 0 0.10 INCH OR MORE: 4
MIN 32 OR BELOW: 15 0.50 INCH OR MORE: 1
MIN 0 OR BELOW: 0 1.00 INCH OR MORE: 0
[HDD (BASE 65) ]
TOTAL THIS MO. 492 CLEAR (SCALE 0-3) 19
DPTR FM NORMAL -152 PTCLDY (SCALE 4-7) 7
TOTAL FM JUL 1 951 CLOUDY (SCALE 8-10) 4
DPTR FM NORMAL -48
[CDD (BASE 65) ]
TOTAL THIS MO. 6
DPTR FM NORMAL 6 [PRESSURE DATA]
TOTAL FM JAN 1 1402 HIGHEST SLP 30.57 ON 1
DPTR FM NORMAL 50 LOWEST SLP 29.42 ON 14
[REMARKS]
#FINAL-11-20#