000
CXUS54 KJAN 011910
CF6JAN
PRELIMINARY LOCAL CLIMATOLOGICAL DATA (WS FORM: F-6)
STATION: JACKSON
MONTH: OCTOBER
YEAR: 2023
LATITUDE: 32 19 N
LONGITUDE: 90 5 W
TEMPERATURE IN F: :PCPN: SNOW: WIND :SUNSHINE: SKY :PK WND
================================================================================
1 2 3 4 5 6A 6B 7 8 9 10 11 12 13 14 15 16 17 18
12Z AVG MX 2MIN
DY MAX MIN AVG DEP HDD CDD WTR SNW DPTH SPD SPD DIR MIN PSBL S-S WX SPD DR
================================================================================
1 91 63 77 5 0 12 0.00 0.0 0 4.4 16 90 M M 1 22 100
2 90 63 77 5 0 12 0.00 0.0 0 5.8 18 110 M M 1 26 50
3 90 61 76 4 0 11 0.00 0.0 0 5.3 15 130 M M 0 8 20 140
4 90 64 77 6 0 12 0.00 0.0 0 6.6 15 160 M M 4 18 21 130
5 84 68 76 5 0 11 0.02 0.0 0 5.5 20 150 M M 6 18 25 140
6 83 68 76 6 0 11 0.06 0.0 0 7.8 15 360 M M 6 1 21 360
7 74 47 61 -9 4 0 0.00 0.0 0 10.6 18 360 M M 1 27 10
8 76 40 58 -12 7 0 0.00 0.0 0 1.8 12 310 M M 0 17 340
9 84 45 65 -4 0 0 0.00 0.0 0 4.4 15 220 M M 0 20 200
10 86 55 71 2 0 6 0.00 0.0 0 3.4 9 160 M M 4 13 200
11 70 61 66 -2 0 1 0.15 0.0 0 5.3 14 110 M M 7 1 25 120
12 72 60 66 -2 0 1 T 0.0 0 4.1 8 130 M M 10 1 11 140
13 84 65 75 7 0 10 0.00 0.0 0 3.4 9 180 M M 5 13 160
14 74 61 68 1 0 3 0.00 0.0 0 8.2 17 290 M M 2 1 25 290
15 68 50 59 -8 6 0 T 0.0 0 10.1 25 360 M M 9 35 360
16 69 46 58 -8 7 0 0.00 0.0 0 7.0 20 340 M M 1 30 330
17 74 41 58 -8 7 0 0.00 0.0 0 1.9 10 360 M M 0 15 230
18 79 44 62 -3 3 0 0.00 0.0 0 4.5 15 170 M M 0 20 170
19 82 52 67 2 0 2 0.00 0.0 0 6.4 15 220 M M 3 20 220
20 89 57 73 8 0 8 0.00 0.0 0 6.8 18 270 M M 0 1 25 250
21 89 48 69 5 0 4 0.00 0.0 0 2.6 12 210 M M 2 16 230
22 92 57 75 11 0 10 0.00 0.0 0 1.0 7 160 M M 3 10 20
23 92 61 77 14 0 12 0.00 0.0 0 6.0 13 140 M M 2 18 170
24 87 63 75 12 0 10 0.00 0.0 0 9.8 17 140 M M 1 29 130
25 87 59 73 10 0 8 0.00 0.0 0 8.7 18 150 M M 2 26 150
26 86 61 74 12 0 9 0.00 0.0 0 9.9 21 150 M M 3 30 150
27 89 69 79 17 0 14 0.00 0.0 0 6.1 12 160 M M 6 16 150
28 88 65 77 16 0 12 0.00 0.0 0 6.8 16 180 M M 3 23 180
29 87 60 74 13 0 9 0.00 0.0 0 4.3 15 180 M M 4 21 270
30 73 45 59 -2 6 0 0.01 0.0 0 12.7 18 360 M M 10 1 28 360
31 59 40 50 -10 15 0 0.00 0.0 0 13.0 21 340 M M 3 29 20
================================================================================
SM 2538 1739 55 188 0.24 0.0 194.2 M 99
================================================================================
AV 81.9 56.1 6.3 FASTST M M 3 MAX(MPH)
MISC ----> 25 360 35 360
================================================================================
NOTES:
# LAST OF SEVERAL OCCURRENCES
COLUMN 17 PEAK WIND IN M.P.H.
PRELIMINARY LOCAL CLIMATOLOGICAL DATA (WS FORM: F-6) , PAGE 2
STATION: JACKSON
MONTH: OCTOBER
YEAR: 2023
LATITUDE: 32 19 N
LONGITUDE: 90 5 W
[TEMPERATURE DATA] [PRECIPITATION DATA] SYMBOLS USED IN COLUMN 16
AVERAGE MONTHLY: 69.0 TOTAL FOR MONTH: 0.24 1 = FOG OR MIST
DPTR FM NORMAL: 2.8 DPTR FM NORMAL: -3.56 2 = FOG REDUCING VISIBILITY
HIGHEST: 92 ON 23,22 GRTST 24HR 0.15 ON 11-11 TO 1/4 MILE OR LESS
LOWEST: 40 ON 31, 8 3 = THUNDER
SNOW, ICE PELLETS, HAIL 4 = ICE PELLETS
TOTAL MONTH: 0.0 INCH 5 = HAIL
GRTST 24HR 0.0 6 = FREEZING RAIN OR DRIZZLE
GRTST DEPTH: 0 7 = DUSTSTORM OR SANDSTORM:
VSBY 1/2 MILE OR LESS
8 = SMOKE OR HAZE
[NO. OF DAYS WITH] [WEATHER - DAYS WITH] 9 = BLOWING SNOW
X = TORNADO
MAX 32 OR BELOW: 0 0.01 INCH OR MORE: 4
MAX 90 OR ABOVE: 6 0.10 INCH OR MORE: 1
MIN 32 OR BELOW: 0 0.50 INCH OR MORE: 0
MIN 0 OR BELOW: 0 1.00 INCH OR MORE: 0
[HDD (BASE 65) ]
TOTAL THIS MO. 55 CLEAR (SCALE 0-3) 19
DPTR FM NORMAL -32 PTCLDY (SCALE 4-7) 9
TOTAL FM JUL 1 55 CLOUDY (SCALE 8-10) 3
DPTR FM NORMAL -35
[CDD (BASE 65) ]
TOTAL THIS MO. 188
DPTR FM NORMAL 62 [PRESSURE DATA]
TOTAL FM JAN 1 3019 HIGHEST SLP 30.33 ON 31
DPTR FM NORMAL 645 LOWEST SLP 29.70 ON 12
[REMARKS]
#FINAL-10-23#