000
CXUS52 KJAX 011614
CF6JAX
PRELIMINARY LOCAL CLIMATOLOGICAL DATA (WS FORM: F-6)
STATION: JACKSONVILLE
MONTH: MAY
YEAR: 2021
LATITUDE: 30 30 N
LONGITUDE: 81 42 W
TEMPERATURE IN F: :PCPN: SNOW: WIND :SUNSHINE: SKY :PK WND
================================================================================
1 2 3 4 5 6A 6B 7 8 9 10 11 12 13 14 15 16 17 18
12Z AVG MX 2MIN
DY MAX MIN AVG DEP HDD CDD WTR SNW DPTH SPD SPD DIR MIN PSBL S-S WX SPD DR
================================================================================
1 80 56 68 -4 0 3 0.00 0.0 0 6.4 16 80 M M 5 20 70
2 82 63 73 1 0 8 0.11 0.0 0 6.3 18 130 M M 9 13 24 140
3 91 65 78 6 0 13 0.00 0.0 0 5.9 18 210 M M 6 1 24 200
4 93 68 81 9 0 16 0.00 0.0 0 9.2 16 230 M M 7 1 28 220
5 93 64 79 7 0 14 0.04 0.0 0 9.8 24 250 M M 7 13 35 250
6 84 64 74 1 0 9 0.01 0.0 0 7.1 17 280 M M 8 1 25 290
7 81 54 68 -5 0 3 0.00 0.0 0 8.9 24 280 M M 2 35 280
8 78 46 62 -11 3 0 0.00 0.0 0 4.0 13 120 M M 1 17 130
9 87 53 70 -3 0 5 0.00 0.0 0 7.9 18 140 M M 1 26 150
10 86 68 77 3 0 12 0.00 0.0 0 8.4 20 270 M M 7 28 280
11 88 66 77 3 0 12 0.08 0.0 0 5.0 18 10 M M 9 3 30 10
12 88 65 77 3 0 12 T 0.0 0 7.6 29 330 M M 9 3 38 330
13 69 54 62 -12 3 0 0.22 0.0 0 8.5 16 360 M M 9 1 23 10
14 76 52 64 -11 1 0 0.00 0.0 0 10.5 24 60 M M 2 35 40
15 77 49 63 -12 2 0 0.00 0.0 0 9.2 25 50 M M 2 32 50
16 79 50 65 -10 0 0 0.00 0.0 0 6.9 17 80 M M 5 23 80
17 81 53 67 -8 0 2 0.00 0.0 0 6.7 20 70 M M 5 27 70
18 82 60 71 -4 0 6 T 0.0 0 9.6 21 60 M M 6 26 70
19 81 62 72 -4 0 7 0.00 0.0 0 10.9 23 120 M M 6 30 130
20 81 63 72 -4 0 7 0.00 0.0 0 11.5 23 80 M M 5 36 70
21 79 60 70 -6 0 5 0.02 0.0 0 9.0 24 70 M M 5 33 60
22 82 59 71 -5 0 6 0.00 0.0 0 6.5 17 70 M M 6 25 90
23 85 58 72 -5 0 7 0.00 0.0 0 4.0 13 50 M M 6 1 17 60
24 90 59 75 -2 0 10 0.00 0.0 0 5.4 15 110 M M 2 20 130
25 90 62 76 -1 0 11 0.00 0.0 0 7.3 17 130 M M 6 25 120
26 92 67 80 3 0 15 0.00 0.0 0 7.3 16 130 M M 6 20 130
27 91 68 80 3 0 15 0.00 0.0 0 5.9 16 110 M M 3 21 110
28 94 65 80 2 0 15 0.00 0.0 0 6.8 16 130 M M 4 22 210
29 90 68 79 1 0 14 T 0.0 0 8.6 21 230 M M 6 3 26 240
30 86 61 74 -4 0 9 0.00 0.0 0 4.9 13 60 M M 5 18 70
31 81 62 72 -6 0 7 0.00 0.0 0 10.4 17 80 M M 3 30 70
================================================================================
SM 2617 1864 9 243 0.48 0.0 236.4 M 163
================================================================================
AV 84.4 60.1 7.6 FASTST M M 5 MAX(MPH)
MISC ----> 29 330 38 330
================================================================================
NOTES:
# LAST OF SEVERAL OCCURRENCES
COLUMN 17 PEAK WIND IN M.P.H.
PRELIMINARY LOCAL CLIMATOLOGICAL DATA (WS FORM: F-6) , PAGE 2
STATION: JACKSONVILLE
MONTH: MAY
YEAR: 2021
LATITUDE: 30 30 N
LONGITUDE: 81 42 W
[TEMPERATURE DATA] [PRECIPITATION DATA] SYMBOLS USED IN COLUMN 16
AVERAGE MONTHLY: 72.3 TOTAL FOR MONTH: 0.48 1 = FOG OR MIST
DPTR FM NORMAL: -2.6 DPTR FM NORMAL: -2.94 2 = FOG REDUCING VISIBILITY
HIGHEST: 94 ON 28 GRTST 24HR 0.22 ON 12-13 TO 1/4 MILE OR LESS
LOWEST: 46 ON 8 3 = THUNDER
SNOW, ICE PELLETS, HAIL 4 = ICE PELLETS
TOTAL MONTH: 0.0 INCH 5 = HAIL
GRTST 24HR 0.0 6 = FREEZING RAIN OR DRIZZLE
GRTST DEPTH: 0 7 = DUSTSTORM OR SANDSTORM:
VSBY 1/2 MILE OR LESS
8 = SMOKE OR HAZE
[NO. OF DAYS WITH] [WEATHER - DAYS WITH] 9 = BLOWING SNOW
X = TORNADO
MAX 32 OR BELOW: 0 0.01 INCH OR MORE: 6
MAX 90 OR ABOVE: 9 0.10 INCH OR MORE: 2
MIN 32 OR BELOW: 0 0.50 INCH OR MORE: 0
MIN 0 OR BELOW: 0 1.00 INCH OR MORE: 0
[HDD (BASE 65) ]
TOTAL THIS MO. 9 CLEAR (SCALE 0-3) 8
DPTR FM NORMAL 5 PTCLDY (SCALE 4-7) 19
TOTAL FM JUL 1 1208 CLOUDY (SCALE 8-10) 4
DPTR FM NORMAL -16
[CDD (BASE 65) ]
TOTAL THIS MO. 243
DPTR FM NORMAL -68 [PRESSURE DATA]
TOTAL FM JAN 1 484 HIGHEST SLP 30.37 ON 21
DPTR FM NORMAL -66 LOWEST SLP 29.81 ON 29
[REMARKS]
#FINAL-05-21#