000
CXUS54 KMEG 011619
CLMJBR
CLIMATE REPORT
NATIONAL WEATHER SERVICE MEMPHIS TN
1019 AM CST THU FEB 01 2024
...................................
...THE JONESBORO CLIMATE SUMMARY FOR THE MONTH OF JANUARY 2024...
CLIMATE NORMAL PERIOD 1991 TO 2020
CLIMATE RECORD PERIOD 1897 TO 2024
WEATHER OBSERVED NORMAL DEPART LAST YEAR`S
VALUE DATE(S) VALUE FROM VALUE DATE(S)
NORMAL
................................................................
TEMPERATURE (F)
RECORD
HIGH 82 01/21/1906
LOW -18 01/12/1918
HIGHEST 64 01/30 47 17 70 01/02
01/03
LOWEST 4 01/16 31 -27 22 01/31
AVG. MAXIMUM 41.5 46.8 -5.3 52.9
AVG. MINIMUM 27.2 30.5 -3.3 38.5
MEAN 34.4 38.7 -4.3 45.7
DAYS MAX >= 90 0 0.0 0.0 0
DAYS MAX <= 32 7 4.0 3.0 1
DAYS MIN <= 32 22 19.9 2.1 12
DAYS MIN <= 0 0 0.0 0.0 0
PRECIPITATION (INCHES)
RECORD
MAXIMUM MM MM
MINIMUM MM MM
TOTALS 7.91 3.52 4.39 4.83
DAILY AVG. 0.26 0.11 0.15 0.19
DAYS >= .01 11 9.0 2.0 10
DAYS >= .10 9 5.5 3.5 8
DAYS >= .50 5 2.0 3.0 6
DAYS >= 1.00 4 0.9 3.1 1
GREATEST
24 HR. TOTAL 2.55 01/11 TO 01/12
SNOWFALL (INCHES)
RECORDS
TOTAL MM MM
TOTALS MM MM MM MM
SINCE 7/1 MM MM MM MM
SNOWDEPTH AVG. MM MM
DAYS >= 1.0 MM MM MM MM
GREATEST
SNOW DEPTH MM MM MM
24 HR TOTAL MM
DEGREE DAYS
HEATING TOTAL 943 817 126 612
SINCE 7/1 2058 2170 -112 MM
COOLING TOTAL 0 0 0 0
SINCE 1/1 0 0 0 MM
................................................................
WIND (MPH)
AVERAGE WIND SPEED 7.6
HIGHEST WIND SPEED/DIRECTION 41/190 DATE 01/12
HIGHEST GUST SPEED/DIRECTION 53/180 DATE 01/12
SKY COVER
POSSIBLE SUNSHINE (PERCENT) MM
AVERAGE SKY COVER 0.48
NUMBER OF DAYS FAIR 15
NUMBER OF DAYS PC 5
NUMBER OF DAYS CLOUDY 11
AVERAGE RH (PERCENT) 75
WEATHER CONDITIONS. NUMBER OF DAYS WITH
THUNDERSTORM 3 MIXED PRECIP 0
HEAVY RAIN 4 RAIN 7
LIGHT RAIN 11 FREEZING RAIN 0
LT FREEZING RAIN 0 HAIL 0
HEAVY SNOW 0 SNOW 0
LIGHT SNOW 1 SLEET 1
FOG 14 FOG W/VIS <= 1/4 MILE 5
HAZE 0
- INDICATES NEGATIVE NUMBERS.
R INDICATES RECORD WAS SET OR TIED.
MM INDICATES DATA IS MISSING.
T INDICATES TRACE AMOUNT.
$$