000
CXUS55 KGGW 010810
CF6JDN
PRELIMINARY LOCAL CLIMATOLOGICAL DATA (WS FORM: F-6)
STATION: JORDAN ASOS MT
MONTH: MARCH
YEAR: 2023
LATITUDE: 47 19 N
LONGITUDE: 106 50 W
TEMPERATURE IN F: :PCPN: SNOW: WIND :SUNSHINE: SKY :PK WND
================================================================================
1 2 3 4 5 6A 6B 7 8 9 10 11 12 13 14 15 16 17 18
12Z AVG MX 2MIN
DY MAX MIN AVG DEP HDD CDD WTR SNW DPTH SPD SPD DIR MIN PSBL S-S WX SPD DR
================================================================================
1 27 11 19 -8 46 0 0.00 M M 7.5 14 140 M M 0 17 150
2 41 10 26 -2 39 0 0.00 M M 9.4 21 230 M M 0 28 300
3 37 19 28 0 37 0 0.00 M M 9.8 29 300 M M 0 38 290
4 40 16 28 0 37 0 0.00 M M 5.7 13 270 M M 0 16 260
5 26 16 21 -8 44 0 0.08 M M 15.7 25 60 M M 0 32 50
6 24 13 19 -10 46 0 0.12 M M 15.8 24 110 M M 0 32 100
7 20 12 16 -14 49 0 0.02 M M 8.3 15 120 M M 0 18 120
8 21 9 15 -15 50 0 0.00 M M 13.3 18 60 M M 0 26 80
9 19 2 11 -20 54 0 0.09 M M 8.4 16 70 M M 0 22 70
10 25 5 15 -16 50 0 0.10 M M 15.2 26 100 M M 0 34 110
11 24 3 14 -18 51 0 0.02 M M 22.1 41 290 M M 0 56 290
12 20 -8 6 -26 59 0 0.00 M M 5.9 12 110 M M 0 14 110
13 39 8 24 -8 41 0 0.00 M M 7.5 15 170 M M 0 19 160
14 44 30 37 4 28 0 0.00 M M 9.1 22 310 M M 0 30 280
15 32 23 28 -5 37 0 0.17 M M 14.2 25 40 M M 0 30 40
16 31 10 21 -13 44 0 0.03 M M 8.2 21 310 M M 0 25 310
17 26 7 17 -17 48 0 0.00 M M 6.5 23 330 M M 0 27 330
18 41 2 22 -12 43 0 0.00 M M 4.5 14 200 M M 0 20 190
19 41 21 31 -4 34 0 0.00 M M 5.2 12 30 M M 0 13 30
20 22 15 19 -16 46 0 0.00 M M 8.6 14 360 M M 0 18 70
21 29 17 23 -13 42 0 0.00 M M 7.6 17 10 M M 0 22 360
22 26 14 20 -16 45 0 0.00 M M 2.8 10 340 M M 0 13 340
23 49 13 31 -5 34 0 0.00 M M 3.1 13 190 M M 0 16 190
24 47 26 37 0 28 0 0.00 M M 7.6 14 20 M M 0 17 310
25 30 22 26 -11 39 0 0.00 M M 7.4 14 20 M M 0 17 20
26 28 23 26 -12 39 0 0.00 M M 7.1 14 50 M M 0 17 30
27 35 20 28 -10 37 0 0.07 M M 7.0 18 10 M M 0 22 10
28 27 10 19 -19 46 0 0.02 M M 4.9 17 360 M M 0 22 360
29 41 20 31 -8 34 0 0.00 M M 9.6 16 80 M M 0 23 70
30 32 27 30 -9 35 0 0.04 M M 10.3 17 50 M M 0 23 50
31 43 25 34 -5 31 0 0.01 M M 7.1 16 210 M M 0 23 210
================================================================================
SM 987 441 1293 0 0.77 M 275.4 M 0
================================================================================
AV 31.8 14.2 8.9 FASTST M M 0 MAX(MPH)
MISC ----> 41 290 56 290
================================================================================
NOTES:
# LAST OF SEVERAL OCCURRENCES
COLUMN 17 PEAK WIND IN M.P.H.
PRELIMINARY LOCAL CLIMATOLOGICAL DATA (WS FORM: F-6) , PAGE 2
STATION: JORDAN ASOS MT
MONTH: MARCH
YEAR: 2023
LATITUDE: 47 19 N
LONGITUDE: 106 50 W
[TEMPERATURE DATA] [PRECIPITATION DATA] SYMBOLS USED IN COLUMN 16
AVERAGE MONTHLY: 23.0 TOTAL FOR MONTH: 0.77 1 = FOG OR MIST
DPTR FM NORMAL: -10.5 DPTR FM NORMAL: 0.32 2 = FOG REDUCING VISIBILITY
HIGHEST: 49 ON 23 GRTST 24HR 0.20 ON 15-16 TO 1/4 MILE OR LESS
LOWEST: -8 ON 12 3 = THUNDER
SNOW, ICE PELLETS, HAIL 4 = ICE PELLETS
TOTAL MONTH: M 5 = HAIL
GRTST 24HR M ON M 6 = FREEZING RAIN OR DRIZZLE
GRTST DEPTH: M ON M 7 = DUSTSTORM OR SANDSTORM:
VSBY 1/2 MILE OR LESS
8 = SMOKE OR HAZE
[NO. OF DAYS WITH] [WEATHER - DAYS WITH] 9 = BLOWING SNOW
X = TORNADO
MAX 32 OR BELOW: 19 0.01 INCH OR MORE: 12
MAX 90 OR ABOVE: 0 0.10 INCH OR MORE: 3
MIN 32 OR BELOW: 31 0.50 INCH OR MORE: 0
MIN 0 OR BELOW: 1 1.00 INCH OR MORE: 0
[HDD (BASE 65) ]
TOTAL THIS MO. 1293 CLEAR (SCALE 0-3) 31
DPTR FM NORMAL 318 PTCLDY (SCALE 4-7) 0
TOTAL FM JUL 1 7122 CLOUDY (SCALE 8-10) 0
DPTR FM NORMAL 195
[CDD (BASE 65) ]
TOTAL THIS MO. 0
DPTR FM NORMAL 0 [PRESSURE DATA]
TOTAL FM JAN 1 0 HIGHEST SLP M ON M
DPTR FM NORMAL 0 LOWEST SLP 29.45 ON 10
[REMARKS]
#FINAL-03-23#