000
CXUS55 KGGW 010800
CF6JDN
PRELIMINARY LOCAL CLIMATOLOGICAL DATA (WS FORM: F-6)
STATION: JORDAN ASOS MT
MONTH: MARCH
YEAR: 2020
LATITUDE: 47 19 N
LONGITUDE: 106 50 W
TEMPERATURE IN F: :PCPN: SNOW: WIND :SUNSHINE: SKY :PK WND
================================================================================
1 2 3 4 5 6A 6B 7 8 9 10 11 12 13 14 15 16 17 18
12Z AVG MX 2MIN
DY MAX MIN AVG DEP HDD CDD WTR SNW DPTH SPD SPD DIR MIN PSBL S-S WX SPD DR
================================================================================
1 39 24 32 5 33 0 0.00 0.0 0 16.0 31 310 M M 0 42 310
2 50 31 41 13 24 0 0.00 0.0 0 16.4 35 310 M M 0 43 320
3 56 31 44 16 21 0 0.02 M 0 10.8 39 320 M M 0 50 300
4 59 29 44 16 21 0 0.00 0.0 0 14.9 52 320 M M 0 62 330
5 50 26 38 9 27 0 0.00 0.0 0 7.8 20 190 M M 0 26 190
6 69 32 51 22 14 0 0.00 0.0 0 5.7 16 250 M M 0 20 250
7 74 35 55 25 10 0 0.00 0.0 0 8.2 21 320 M M 0 M M
8 37 24 31 1 34 0 0.01 M M 11.1 24 330 M M 0 32 320
9 48 26 37 7 28 0 0.00 0.0 0 5.9 17 300 M M 0 20 210
10 54 24 39 8 26 0 0.00 0.0 0 8.1 22 270 M M 0 27 270
11 53 33 43 12 22 0 0.13 M 0 9.1 24 320 M M 0 35 320
12 43 26 35 3 30 0 0.01 M 0 10.1 22 300 M M 0 26 300
13 33 24 29 -3 36 0 0.00 0.0 0 14.8 28 90 M M 0 35 90
14 32 18 25 -7 40 0 0.16 M 0 18.8 31 120 M M 0 39 120
15 19 13 16 -17 49 0 0.15 M 0 14.1 24 310 M M 0 28 310
16 26 2 14 -19 51 0 0.00 0.0 0 8.3 17 290 M M 0 20 260
17 44 -1 22 -12 43 0 0.00 0.0 0 6.5 20 330 M M 0 23 330
18 30 25 28 -6 37 0 0.07 M 0 9.8 17 360 M M 0 19 360
19 28 16 22 -12 43 0 0.00 0.0 0 7.6 14 50 M M 0 16 50
20 34 7 21 -14 44 0 0.00 0.0 0 7.1 21 160 M M 0 25 150
21 49 16 33 -2 32 0 0.00 0.0 0 3.0 9 140 M M 0 11 110
22 45 26 36 0 29 0 0.00 0.0 0 4.3 14 310 M M 0 16 310
23 62 29 46 10 19 0 0.00 0.0 0 5.3 16 180 M M 0 18 180
24 55 31 43 7 22 0 0.00 0.0 0 12.0 28 300 M M 0 34 300
25 51 24 38 1 27 0 0.00 0.0 0 6.3 16 10 M M 0 19 10
26 54 22 38 1 27 0 0.00 0.0 0 5.8 17 230 M M 0 23 230
27 56 28 42 4 23 0 0.00 0.0 0 5.5 13 270 M M 0 18 250
28 61 29 45 7 20 0 0.00 0.0 0 8.1 21 320 M M 0 26 250
29 68 28 48 10 17 0 0.00 0.0 0 6.8 20 210 M M 0 25 170
30 66 32 49 10 16 0 0.00 0.0 0 5.8 16 190 M M 0 20 200
31 52 32 42 3 23 0 0.01 M 0 11.2 21 40 M M 0 25 320
================================================================================
SM 1497 742 888 0 0.56 0.0 285.2 M 0
================================================================================
AV 48.3 23.9 9.2 FASTST M M 0 MAX(MPH)
MISC ----> # 52 320 # 62 330
================================================================================
NOTES:
# LAST OF SEVERAL OCCURRENCES
COLUMN 17 PEAK WIND IN M.P.H.
PRELIMINARY LOCAL CLIMATOLOGICAL DATA (WS FORM: F-6) , PAGE 2
STATION: JORDAN ASOS MT
MONTH: MARCH
YEAR: 2020
LATITUDE: 47 19 N
LONGITUDE: 106 50 W
[TEMPERATURE DATA] [PRECIPITATION DATA] SYMBOLS USED IN COLUMN 16
AVERAGE MONTHLY: 36.1 TOTAL FOR MONTH: 0.56 1 = FOG OR MIST
DPTR FM NORMAL: 2.9 DPTR FM NORMAL: 0.04 2 = FOG REDUCING VISIBILITY
HIGHEST: 74 ON 7 GRTST 24HR 0.16 ON 14-14 TO 1/4 MILE OR LESS
LOWEST: -1 ON 17 3 = THUNDER
SNOW, ICE PELLETS, HAIL 4 = ICE PELLETS
TOTAL MONTH: 0.0 INCH 5 = HAIL
GRTST 24HR 0.0 6 = FREEZING RAIN OR DRIZZLE
GRTST DEPTH: 0 7 = DUSTSTORM OR SANDSTORM:
VSBY 1/2 MILE OR LESS
8 = SMOKE OR HAZE
[NO. OF DAYS WITH] [WEATHER - DAYS WITH] 9 = BLOWING SNOW
X = TORNADO
MAX 32 OR BELOW: 5 0.01 INCH OR MORE: 8
MAX 90 OR ABOVE: 0 0.10 INCH OR MORE: 3
MIN 32 OR BELOW: 29 0.50 INCH OR MORE: 0
MIN 0 OR BELOW: 1 1.00 INCH OR MORE: 0
[HDD (BASE 65) ]
TOTAL THIS MO. 888 CLEAR (SCALE 0-3) 31
DPTR FM NORMAL -96 PTCLDY (SCALE 4-7) 0
TOTAL FM JUL 1 6521 CLOUDY (SCALE 8-10) 0
DPTR FM NORMAL -581
[CDD (BASE 65) ]
TOTAL THIS MO. 0
DPTR FM NORMAL 0 [PRESSURE DATA]
TOTAL FM JAN 1 0 HIGHEST SLP M ON M
DPTR FM NORMAL 0 LOWEST SLP 29.52 ON 2
[REMARKS]
#FINAL-03-20#