000
CXUS53 KLSX 011400
CF6JEF
PRELIMINARY LOCAL CLIMATOLOGICAL DATA (WS FORM: F-6)
STATION: JEFFERSON CITY
MONTH: OCTOBER
YEAR: 2022
LATITUDE: 38 35 N
LONGITUDE: 92 10 W
TEMPERATURE IN F: :PCPN: SNOW: WIND :SUNSHINE: SKY :PK WND
================================================================================
1 2 3 4 5 6A 6B 7 8 9 10 11 12 13 14 15 16 17 18
12Z AVG MX 2MIN
DY MAX MIN AVG DEP HDD CDD WTR SNW DPTH SPD SPD DIR MIN PSBL S-S WX SPD DR
================================================================================
1 78 42 60 -3 5 0 0.00 0.0 0 2.4 12 90 M M 0 1 17 350
2 82 44 63 0 2 0 0.00 0.0 0 3.1 10 60 M M 0 17 360
3 80 46 63 1 2 0 0.00 0.0 0 3.0 12 70 M M 0 16 70
4 79 42 61 -1 4 0 0.00 0.0 0 2.3 10 100 M M 0 8 16 100
5 81 41 61 -1 4 0 0.00 0.0 0 2.8 8 190 M M 3 11 160
6 82 53 68 7 0 3 0.00 0.0 0 5.6 17 10 M M 1 30 10
7 64 44 54 -7 11 0 0.00 0.0 0 5.8 13 330 M M 2 20 300
8 65 35 50 -11 15 0 0.00 0.0 0 1.6 9 280 M M 1 12 13 300
9 77 36 57 -3 8 0 0.00 0.0 0 4.6 16 270 M M 0 24 210
10 84 45 65 5 0 0 0.00 0.0 0 3.4 15 250 M M 2 22 270
11 69 60 65 5 0 0 0.56 0.0 0 4.9 10 160 M M 9 13 14 120
12 73 51 62 3 3 0 0.41 0.0 0 7.0 20 120 M M 4 13 31 360
13 67 40 54 -5 11 0 0.00 0.0 0 8.4 29 270 M M 1 42 260
14 74 34 54 -4 11 0 0.00 0.0 0 8.1 26 270 M M 2 44 290
15 69 37 53 -5 12 0 0.00 0.0 0 1.5 8 170 M M 0 11 150
16 70 42 56 -2 9 0 0.00 0.0 0 5.9 16 310 M M 0 26 290
17 50 35 43 -14 22 0 0.00 0.0 0 8.2 18 310 M M 0 28 310
18 50 29 40 -17 25 0 0.00 0.0 0 7.1 16 290 M M 0 8 24 290
19 53 26 40 -16 25 0 0.00 0.0 0 3.5 17 300 M M 0 23 310
20 76 29 53 -3 12 0 0.00 0.0 0 4.7 17 250 M M 0 24 240
21 86 44 65 9 0 0 0.00 0.0 0 5.9 17 190 M M 0 23 180
22 87 60 74 19 0 9 0.00 0.0 0 12.3 25 150 M M 0 40 150
23 87 67 77 22 0 12 0.00 0.0 0 13.9 25 170 M M 1 37 180
24 76 58 67 12 0 2 0.57 0.0 0 10.7 24 180 M M 6 1 34 160
25 58 42 50 -4 15 0 1.49 0.0 0 9.3 33 10 M M 9 1 46 10
26 65 39 52 -2 13 0 0.00 0.0 0 2.0 9 310 M M 0 8 13 310
27 65 36 51 -2 14 0 0.00 0.0 0 7.0 16 130 M M 0 23 100
28 68 37 53 0 12 0 0.00 0.0 0 3.1 12 50 M M 0 16 80
29 72 39 56 3 9 0 0.03 0.0 0 4.6 13 70 M M 1 1 18 70
30 58 55 57 5 8 0 0.46 0.0 0 3.8 14 180 M M 10 1 19 190
31 70 46 58 6 7 0 0.03 0.0 0 3.8 13 310 M M 4 1 16 300
================================================================================
SM 2215 1334 259 26 3.55 0.0 170.3 M 56
================================================================================
AV 71.5 43.0 5.5 FASTST M M 2 MAX(MPH)
MISC ----> 33 10 46 10
================================================================================
NOTES:
# LAST OF SEVERAL OCCURRENCES
COLUMN 17 PEAK WIND IN M.P.H.
PRELIMINARY LOCAL CLIMATOLOGICAL DATA (WS FORM: F-6) , PAGE 2
STATION: JEFFERSON CITY
MONTH: OCTOBER
YEAR: 2022
LATITUDE: 38 35 N
LONGITUDE: 92 10 W
[TEMPERATURE DATA] [PRECIPITATION DATA] SYMBOLS USED IN COLUMN 16
AVERAGE MONTHLY: 57.2 TOTAL FOR MONTH: 3.55 1 = FOG OR MIST
DPTR FM NORMAL: -0.4 DPTR FM NORMAL: 0.15 2 = FOG REDUCING VISIBILITY
HIGHEST: 87 ON 23,22 GRTST 24HR 1.87 ON 24-25 TO 1/4 MILE OR LESS
LOWEST: 26 ON 19 3 = THUNDER
SNOW, ICE PELLETS, HAIL 4 = ICE PELLETS
TOTAL MONTH: 0.0 INCH 5 = HAIL
GRTST 24HR 0.0 6 = FREEZING RAIN OR DRIZZLE
GRTST DEPTH: 0 7 = DUSTSTORM OR SANDSTORM:
VSBY 1/2 MILE OR LESS
8 = SMOKE OR HAZE
[NO. OF DAYS WITH] [WEATHER - DAYS WITH] 9 = BLOWING SNOW
X = TORNADO
MAX 32 OR BELOW: 0 0.01 INCH OR MORE: 7
MAX 90 OR ABOVE: 0 0.10 INCH OR MORE: 5
MIN 32 OR BELOW: 3 0.50 INCH OR MORE: 3
MIN 0 OR BELOW: 0 1.00 INCH OR MORE: 1
[HDD (BASE 65) ]
TOTAL THIS MO. 259 CLEAR (SCALE 0-3) 25
DPTR FM NORMAL -5 PTCLDY (SCALE 4-7) 3
TOTAL FM JUL 1 294 CLOUDY (SCALE 8-10) 3
DPTR FM NORMAL -16
[CDD (BASE 65) ]
TOTAL THIS MO. 26
DPTR FM NORMAL -9 [PRESSURE DATA]
TOTAL FM JAN 1 1761 HIGHEST SLP 30.49 ON 8
DPTR FM NORMAL 308 LOWEST SLP 29.53 ON 25
[REMARKS]
#FINAL-10-22#