000
CXUS53 KLSX 011400
CF6JEF
PRELIMINARY LOCAL CLIMATOLOGICAL DATA (WS FORM: F-6)
STATION: JEFFERSON CITY
MONTH: JULY
YEAR: 2020
LATITUDE: 38 35 N
LONGITUDE: 92 10 W
TEMPERATURE IN F: :PCPN: SNOW: WIND :SUNSHINE: SKY :PK WND
================================================================================
1 2 3 4 5 6A 6B 7 8 9 10 11 12 13 14 15 16 17 18
12Z AVG MX 2MIN
DY MAX MIN AVG DEP HDD CDD WTR SNW DPTH SPD SPD DIR MIN PSBL S-S WX SPD DR
================================================================================
1 82 72 77 -1 0 12 0.37 0.0 0 5.1 23 340 M M 3 138 32 340
2 91 70 81 3 0 16 0.00 0.0 0 2.9 10 70 M M 6 12 15 90
3 90 74 82 4 0 17 0.65 0.0 0 5.2 18 80 M M 5 138 27 80
4 88 74 81 3 0 16 0.00 0.0 0 4.2 10 70 M M 3 18 13 90
5 92 70 81 3 0 16 0.00 0.0 0 3.9 14 130 M M 1 138 17 70
6 93 72 83 5 0 18 0.00 0.0 0 2.1 10 120 M M 0 18 15 120
7 93 73 83 5 0 18 M 0.0 0 2.5 23 260 M M 1 138 33 260
8 94 73 84 6 0 19 0.00 0.0 0 3.5 9 140 M M 1 1 14 120
9 92 74 83 5 0 18 0.00 0.0 0 7.2 16 220 M M 1 21 220
10 92 70 81 3 0 16 0.00 0.0 0 3.0 9 340 M M 0 13 260
11 96 70 83 4 0 18 0.00 0.0 0 5.6 14 290 M M 1 18 310
12 88 72 80 1 0 15 0.00 0.0 0 6.8 17 340 M M 1 24 340
13 91 67 79 0 0 14 0.00 0.0 0 5.4 13 130 M M 1 18 110
14 91 69 80 1 0 15 0.00 0.0 0 8.9 18 150 M M 0 24 160
15 89 70 80 1 0 15 T 0.0 0 6.6 21 300 M M 3 3 30 280
16 89 67 78 -1 0 13 0.00 0.0 0 4.2 14 120 M M 2 12 19 120
17 94 73 84 5 0 19 0.00 0.0 0 6.2 24 230 M M 0 33 220
18 96 78 87 8 0 22 0.00 0.0 0 8.2 18 190 M M 0 26 200
19 93 73 83 4 0 18 2.12 0.0 0 7.6 38 180 M M 4 3 51 170
20 84 71 78 -1 0 13 0.51 0.0 0 4.1 13 120 M M 4 138 15 160
21 90 74 82 3 0 17 0.02 0.0 0 5.8 18 340 M M 2 3 26 320
22 90 73 82 3 0 17 0.00 0.0 0 2.8 10 290 M M 2 1 14 300
23 94 73 84 5 0 19 0.00 0.0 0 4.1 15 100 M M 2 1 19 110
24 94 73 84 5 0 19 0.00 0.0 0 4.8 9 80 M M 1 14 140
25 93 75 84 5 0 19 0.00 0.0 0 4.5 14 160 M M 1 1 18 130
26 94 77 86 7 0 21 0.00 0.0 0 5.0 22 230 M M 1 3 32 240
27 85 73 79 0 0 14 T 0.0 0 3.8 10 10 M M 5 3 14 350
28 89 69 79 0 0 14 0.00 0.0 0 3.7 14 160 M M 2 17 140
29 90 73 82 4 0 17 1.38 0.0 0 5.7 24 240 M M 7 13 32 120
30 83 73 78 0 0 13 0.48 0.0 0 6.3 12 60 M M 10 1 18 90
31 76 69 73 -5 0 8 1.57 0.0 0 6.2 16 40 M M 10 1 25 40
================================================================================
SM 2796 2234 0 506 7.10 0.0 155.9 M 80
================================================================================
AV 90.2 72.1 5.0 FASTST M M 3 MAX(MPH)
MISC ----> 38 180 51 170
================================================================================
NOTES:
# LAST OF SEVERAL OCCURRENCES
COLUMN 17 PEAK WIND IN M.P.H.
PRELIMINARY LOCAL CLIMATOLOGICAL DATA (WS FORM: F-6) , PAGE 2
STATION: JEFFERSON CITY
MONTH: JULY
YEAR: 2020
LATITUDE: 38 35 N
LONGITUDE: 92 10 W
[TEMPERATURE DATA] [PRECIPITATION DATA] SYMBOLS USED IN COLUMN 16
AVERAGE MONTHLY: 81.1 TOTAL FOR MONTH: 7.10 1 = FOG OR MIST
DPTR FM NORMAL: 2.6 DPTR FM NORMAL: 2.82 2 = FOG REDUCING VISIBILITY
HIGHEST: 96 ON 11,18 GRTST 24HR 2.63 ON 19-20 TO 1/4 MILE OR LESS
LOWEST: 67 ON 13,16 3 = THUNDER
SNOW, ICE PELLETS, HAIL 4 = ICE PELLETS
TOTAL MONTH: 0.0 INCH 5 = HAIL
GRTST 24HR 0.0 6 = FREEZING RAIN OR DRIZZLE
GRTST DEPTH: 0 7 = DUSTSTORM OR SANDSTORM:
VSBY 1/2 MILE OR LESS
8 = SMOKE OR HAZE
[NO. OF DAYS WITH] [WEATHER - DAYS WITH] 9 = BLOWING SNOW
X = TORNADO
MAX 32 OR BELOW: 0 0.01 INCH OR MORE: 8
MAX 90 OR ABOVE: 21 0.10 INCH OR MORE: 7
MIN 32 OR BELOW: 0 0.50 INCH OR MORE: 5
MIN 0 OR BELOW: 0 1.00 INCH OR MORE: 3
[HDD (BASE 65) ]
TOTAL THIS MO. 0 CLEAR (SCALE 0-3) 22
DPTR FM NORMAL 0 PTCLDY (SCALE 4-7) 7
TOTAL FM JUL 1 0 CLOUDY (SCALE 8-10) 2
DPTR FM NORMAL 0
[CDD (BASE 65) ]
TOTAL THIS MO. 506
DPTR FM NORMAL 87 [PRESSURE DATA]
TOTAL FM JAN 1 1002 HIGHEST SLP 30.09 ON 24
DPTR FM NORMAL 175 LOWEST SLP 29.69 ON 1
[REMARKS]
#FINAL-07-20#