000
CXUS51 KOKX 010910
CF6JFK
PRELIMINARY LOCAL CLIMATOLOGICAL DATA (WS FORM: F-6)
STATION: KENNEDY NY
MONTH: SEPTEMBER
YEAR: 2022
LATITUDE: 40 39 N
LONGITUDE: 73 47 W
TEMPERATURE IN F: :PCPN: SNOW: WIND :SUNSHINE: SKY :PK WND
================================================================================
1 2 3 4 5 6A 6B 7 8 9 10 11 12 13 14 15 16 17 18
12Z AVG MX 2MIN
DY MAX MIN AVG DEP HDD CDD WTR SNW DPTH SPD SPD DIR MIN PSBL S-S WX SPD DR
================================================================================
1 89 69 79 6 0 14 0.00 0.0 0 12.7 21 330 M M 1 26 290
2 77 62 70 -2 0 5 0.00 0.0 0 7.3 14 140 M M 3 20 130
3 79 62 71 -1 0 6 0.00 0.0 0 7.3 13 140 M M 7 19 130
4 86 72 79 7 0 14 0.03 0.0 0 9.3 17 180 M M 8 20 180
5 84 72 78 6 0 13 T 0.0 0 8.5 22 180 M M 9 25 180
6 75 67 71 -1 0 6 0.87 0.0 0 9.5 17 60 M M 10 1 23 50
7 75 66 71 0 0 6 T 0.0 0 12.8 20 40 M M 9 1 25 50
8 80 65 73 2 0 8 0.00 0.0 0 7.4 18 40 M M 5 22 40
9 79 60 70 -1 0 5 0.00 0.0 0 7.2 13 200 M M 1 16 200
10 82 65 74 4 0 9 0.00 0.0 0 7.3 13 200 M M 5 15 190
11 76 68 72 2 0 7 0.20 0.0 0 6.8 16 160 M M 10 1 19 160
12 79 68 74 4 0 9 0.06 0.0 0 7.6 14 170 M M 8 1 17 170
13 88 69 79 10 0 14 0.01 0.0 0 11.4 25 260 M M 6 13 29 260
14 84 65 75 6 0 10 0.00 0.0 0 12.4 21 310 M M 2 26 310
15 76 61 69 0 0 4 0.00 0.0 M 12.2 25 320 M M 2 32 340
16 78 56 67 -1 0 2 0.00 0.0 0 6.0 12 300 M M 5 16 320
17 74 65 70 2 0 5 0.00 0.0 0 9.2 16 200 M M 6 19 200
18 84 67 76 8 0 11 0.00 0.0 0 14.2 22 240 M M 5 27 230
19 85 69 77 10 0 12 0.03 0.0 0 11.2 30 290 M M 7 40 270
20 83 69 76 9 0 11 0.00 0.0 0 12.3 20 310 M M 4 25 320
21 78 62 70 3 0 5 0.00 0.0 0 10.8 17 210 M M 4 22 180
22 81 58 70 4 0 5 0.34 0.0 0 14.6 30 310 M M 7 13 39 320
23 67 51 59 -7 6 0 0.00 0.0 0 20.3 30 330 M M 2 38 300
24 72 49 61 -5 4 0 0.00 0.0 0 10.6 22 330 M M 3 28 330
25 76 61 69 4 0 4 0.31 0.0 0 11.8 33 290 M M 8 13 45 290
26 75 59 67 2 0 2 T 0.0 0 14.1 25 190 M M 4 32 180
27 72 60 66 2 0 1 T 0.0 0 12.1 21 250 M M 5 24 240
28 73 54 64 0 1 0 0.00 0.0 0 11.0 20 360 M M 4 23 350
29 68 56 62 -2 3 0 0.00 0.0 0 13.0 23 20 M M 6 28 30
30 64 54 59 -4 6 0 T 0.0 0 11.1 16 70 M M 9 21 70
================================================================================
SM 2339 1881 20 188 1.85 0.0 322.0 M 165
================================================================================
AV 78.0 62.7 10.7 FASTST M M 6 MAX(MPH)
MISC ----> 33 290 45 290
================================================================================
NOTES:
# LAST OF SEVERAL OCCURRENCES
COLUMN 17 PEAK WIND IN M.P.H.
PRELIMINARY LOCAL CLIMATOLOGICAL DATA (WS FORM: F-6) , PAGE 2
STATION: KENNEDY NY
MONTH: SEPTEMBER
YEAR: 2022
LATITUDE: 40 39 N
LONGITUDE: 73 47 W
[TEMPERATURE DATA] [PRECIPITATION DATA] SYMBOLS USED IN COLUMN 16
AVERAGE MONTHLY: 70.3 TOTAL FOR MONTH: 1.85 1 = FOG OR MIST
DPTR FM NORMAL: 1.9 DPTR FM NORMAL: -1.73 2 = FOG REDUCING VISIBILITY
HIGHEST: 89 ON 1 GRTST 24HR 0.87 ON 6- 6 TO 1/4 MILE OR LESS
LOWEST: 49 ON 24 3 = THUNDER
SNOW, ICE PELLETS, HAIL 4 = ICE PELLETS
TOTAL MONTH: 0.0 INCH 5 = HAIL
GRTST 24HR 0.0 6 = FREEZING RAIN OR DRIZZLE
GRTST DEPTH: 0 7 = DUSTSTORM OR SANDSTORM:
VSBY 1/2 MILE OR LESS
8 = SMOKE OR HAZE
[NO. OF DAYS WITH] [WEATHER - DAYS WITH] 9 = BLOWING SNOW
X = TORNADO
MAX 32 OR BELOW: 0 0.01 INCH OR MORE: 8
MAX 90 OR ABOVE: 0 0.10 INCH OR MORE: 4
MIN 32 OR BELOW: 0 0.50 INCH OR MORE: 1
MIN 0 OR BELOW: 0 1.00 INCH OR MORE: 0
[HDD (BASE 65) ]
TOTAL THIS MO. 20 CLEAR (SCALE 0-3) 7
DPTR FM NORMAL -13 PTCLDY (SCALE 4-7) 17
TOTAL FM JUL 1 20 CLOUDY (SCALE 8-10) 6
DPTR FM NORMAL -12
[CDD (BASE 65) ]
TOTAL THIS MO. 188
DPTR FM NORMAL 53 [PRESSURE DATA]
TOTAL FM JAN 1 1292 HIGHEST SLP M ON M
DPTR FM NORMAL 291 LOWEST SLP 29.56 ON 22
[REMARKS]
#FINAL-09-22#