000
CXUS53 KGRR 010910
CF6JXN
PRELIMINARY LOCAL CLIMATOLOGICAL DATA (WS FORM: F-6)
STATION: JACKSON
MONTH: SEPTEMBER
YEAR: 2021
LATITUDE: 42 16 N
LONGITUDE: 84 28 W
TEMPERATURE IN F: :PCPN: SNOW: WIND :SUNSHINE: SKY :PK WND
================================================================================
1 2 3 4 5 6A 6B 7 8 9 10 11 12 13 14 15 16 17 18
12Z AVG MX 2MIN
DY MAX MIN AVG DEP HDD CDD WTR SNW DPTH SPD SPD DIR MIN PSBL S-S WX SPD DR
================================================================================
1 79 55 67 0 0 2 0.00 M M 7.5 16 30 M M 1 26 40
2 79 48 64 -3 1 0 0.00 M M 3.3 10 30 M M 0 1 14 40
3 78 48 63 -4 2 0 0.00 M M 3.5 12 90 M M 0 17 90
4 80 64 72 5 0 7 0.00 M M 8.3 16 180 M M 9 24 160
5 79 58 69 3 0 4 0.09 M M 7.1 18 270 M M 4 13 29 290
6 76 52 64 -2 1 0 0.09 M M 4.9 15 240 M M 2 1 23 260
7 87 52 70 4 0 5 0.36 M M 11.1 31 190 M M 3 13 43 190
8 77 57 67 1 0 2 0.00 M M 8.1 20 240 M M 5 1 33 260
9 73 50 62 -3 3 0 0.00 M M 4.8 15 330 M M 2 1 22 330
10 76 47 62 -3 3 0 0.00 M M 2.7 10 220 M M 2 1 16 220
11 82 58 70 6 0 5 0.00 M M 10.0 20 190 M M 1 30 190
12 84 70 77 13 0 12 0.00 M M 8.0 16 220 M M 4 25 210
13 78 65 72 8 0 7 0.00 M M 6.0 16 30 M M 5 1 23 40
14 89 64 77 14 0 12 0.05 M M 9.7 25 200 M M 3 138 39 240
15 76 51 64 1 1 0 0.00 M M 2.7 10 250 M M 2 1 15 270
16 80 50 65 2 0 0 0.00 M M 4.0 13 160 M M 1 1 17 100
17 86 56 71 9 0 6 0.00 M M 4.2 16 210 M M 2 12 23 240
18 81 60 71 9 0 6 0.00 M M 6.4 15 20 M M 2 20 20
19 85 53 69 7 0 4 0.00 M M 6.4 13 100 M M 0 20 100
20 80 64 72 11 0 7 T M M 10.3 22 180 M M 5 18 33 200
21 78 57 68 7 0 3 0.44 M M 9.2 18 160 M M 9 1 28 200
22 57 48 53 -7 12 0 1.35 M M 12.4 21 330 M M 10 1 36 300
23 53 47 50 -10 15 0 1.09 M M 10.6 17 270 M M 10 1 30 270
24 73 45 59 -1 6 0 0.00 M M 8.1 14 210 M M 1 21 240
25 65 46 56 -3 9 0 0.42 M M 9.2 18 240 M M 3 1 32 190
26 76 46 61 2 4 0 0.00 M M 11.3 21 220 M M 1 32 210
27 81 62 72 14 0 7 0.00 M M 9.4 20 200 M M 0 27 200
28 73 50 62 4 3 0 0.00 M M 3.9 10 20 M M 2 1 17 70
29 75 47 61 3 4 0 0.00 M M 2.1 8 90 M M 1 1 14 90
30 76 45 61 4 4 0 0.00 M M 2.4 8 160 M M 0 1 12 60
================================================================================
SM 2312 1615 68 89 3.89 M 207.6 M 90
================================================================================
AV 77.1 53.8 6.9 FASTST M M 3 MAX(MPH)
MISC ----> 31 190 43 190
================================================================================
NOTES:
# LAST OF SEVERAL OCCURRENCES
COLUMN 17 PEAK WIND IN M.P.H.
PRELIMINARY LOCAL CLIMATOLOGICAL DATA (WS FORM: F-6) , PAGE 2
STATION: JACKSON
MONTH: SEPTEMBER
YEAR: 2021
LATITUDE: 42 16 N
LONGITUDE: 84 28 W
[TEMPERATURE DATA] [PRECIPITATION DATA] SYMBOLS USED IN COLUMN 16
AVERAGE MONTHLY: 65.5 TOTAL FOR MONTH: 3.89 1 = FOG OR MIST
DPTR FM NORMAL: 2.8 DPTR FM NORMAL: 0.91 2 = FOG REDUCING VISIBILITY
HIGHEST: 89 ON 14 GRTST 24HR 1.67 ON 22-23 TO 1/4 MILE OR LESS
LOWEST: 45 ON 30,24 3 = THUNDER
SNOW, ICE PELLETS, HAIL 4 = ICE PELLETS
TOTAL MONTH: M 5 = HAIL
GRTST 24HR M ON M 6 = FREEZING RAIN OR DRIZZLE
GRTST DEPTH: M ON M 7 = DUSTSTORM OR SANDSTORM:
VSBY 1/2 MILE OR LESS
8 = SMOKE OR HAZE
[NO. OF DAYS WITH] [WEATHER - DAYS WITH] 9 = BLOWING SNOW
X = TORNADO
MAX 32 OR BELOW: 0 0.01 INCH OR MORE: 8
MAX 90 OR ABOVE: 0 0.10 INCH OR MORE: 5
MIN 32 OR BELOW: 0 0.50 INCH OR MORE: 2
MIN 0 OR BELOW: 0 1.00 INCH OR MORE: 2
[HDD (BASE 65) ]
TOTAL THIS MO. 68 CLEAR (SCALE 0-3) 19
DPTR FM NORMAL -66 PTCLDY (SCALE 4-7) 7
TOTAL FM JUL 1 70 CLOUDY (SCALE 8-10) 4
DPTR FM NORMAL -93
[CDD (BASE 65) ]
TOTAL THIS MO. 89
DPTR FM NORMAL 26 [PRESSURE DATA]
TOTAL FM JAN 1 845 HIGHEST SLP 30.25 ON 30
DPTR FM NORMAL 218 LOWEST SLP 29.66 ON 7
[REMARKS]
#FINAL-09-21#