000
CXUS53 KGID 011520
CF6JYR
PRELIMINARY LOCAL CLIMATOLOGICAL DATA (WS FORM: F-6)
STATION: YORK
MONTH: APRIL
YEAR: 2020
LATITUDE: 40 54 N
LONGITUDE: 97 37 W
TEMPERATURE IN F: :PCPN: SNOW: WIND :SUNSHINE: SKY :PK WND
================================================================================
1 2 3 4 5 6A 6B 7 8 9 10 11 12 13 14 15 16 17 18
12Z AVG MX 2MIN
DY MAX MIN AVG DEP HDD CDD WTR SNW DPTH SPD SPD DIR MIN PSBL S-S WX SPD DR
================================================================================
1 75 41 58 M 7 0 0.00 M M 14.8 25 160 M M 1 36 170
2 55 21 38 M 27 0 M M M 14.1 21 10 M M 7 13 30 360
3 34 21 28 M 37 0 T M M 14.1 20 330 M M 9 30 330
4 48 23 36 M 29 0 0.00 M M 6.8 13 140 M M 6 16 150
5 59 28 44 M 21 0 0.00 M M 10.4 17 150 M M 5 8 24 160
6 77 50 64 M 1 0 0.00 M M 8.2 15 170 M M 7 18 16 180
7 84 46 65 M 0 0 0.00 M M 9.6 24 290 M M 1 12 29 290
8 68 34 51 M 14 0 0.00 M M 14.3 33 360 M M 1 44 360
9 54 23 39 M 26 0 0.00 M M 15.0 36 320 M M 0 44 320
10 57 16 37 M 28 0 0.00 M M 10.8 23 190 M M 1 31 170
11 70 39 55 M 10 0 T M M 9.4 22 20 M M 3 25 20
12 46 25 36 M 29 0 M M M 24.5 37 10 M M 5 1 47 360
13 39 18 29 M 36 0 0.00 M M 13.1 21 320 M M 0 35 320
14 50 16 33 M 32 0 T M M 11.4 25 270 M M 2 35 270
15 54 16 35 M 30 0 T M M 4.2 13 280 M M 4 15 99
16 39 30 35 M 30 0 M M M 15.1 21 70 M M 9 12 25 70
17 48 21 35 M 30 0 0.00 M M 6.7 13 240 M M 2 12 18 240
18 72 32 52 M 13 0 0.00 M M 11.6 22 240 M M 1 32 240
19 63 39 51 M 14 0 0.00 M M 9.1 15 30 M M 0 20 70
20 70 36 53 M 12 0 0.00 M M 11.0 25 310 M M 3 40 310
21 73 34 54 M 11 0 0.00 M M 7.2 16 180 M M 0 21 230
22 73 46 60 M 5 0 0.00 M M 7.9 16 210 M M 1 23 210
23 79 41 60 M 5 0 T M M 7.3 20 300 M M 3 30 300
24 61 45 53 M 12 0 0.42 M M 6.4 17 10 M M 3 1 24 10
25 66 41 54 M 11 0 T M M 8.3 17 290 M M 2 3 22 300
26 72 36 54 M 11 0 0.00 M M 7.4 18 170 M M 0 25 170
27 82 52 67 M 0 2 0.00 M M 7.1 14 170 M M 0 18 180
28 73 45 59 M 6 0 0.01 M M 13.4 25 340 M M 2 8 40 340
29 64 46 55 M 10 0 0.00 M M 16.6 23 350 M M 5 35 350
30 75 39 57 M 8 0 0.00 M M 6.5 15 160 M M 0 16 170
================================================================================
SM 1880 1000 505 2 M M 322.3 M 83
================================================================================
AV 62.7 33.3 10.7 FASTST M M 3 MAX(MPH)
MISC ----> # 37 10 # 47 360
================================================================================
NOTES:
# LAST OF SEVERAL OCCURRENCES
COLUMN 17 PEAK WIND IN M.P.H.
PRELIMINARY LOCAL CLIMATOLOGICAL DATA (WS FORM: F-6) , PAGE 2
STATION: YORK
MONTH: APRIL
YEAR: 2020
LATITUDE: 40 54 N
LONGITUDE: 97 37 W
[TEMPERATURE DATA] [PRECIPITATION DATA] SYMBOLS USED IN COLUMN 16
AVERAGE MONTHLY: 48.0 TOTAL FOR MONTH: M 1 = FOG OR MIST
DPTR FM NORMAL: M DPTR FM NORMAL: M 2 = FOG REDUCING VISIBILITY
HIGHEST: 84 ON 7 GRTST 24HR M ON M TO 1/4 MILE OR LESS
LOWEST: 16 ON 15,14 3 = THUNDER
SNOW, ICE PELLETS, HAIL 4 = ICE PELLETS
TOTAL MONTH: M 5 = HAIL
GRTST 24HR M ON M 6 = FREEZING RAIN OR DRIZZLE
GRTST DEPTH: M ON M 7 = DUSTSTORM OR SANDSTORM:
VSBY 1/2 MILE OR LESS
8 = SMOKE OR HAZE
[NO. OF DAYS WITH] [WEATHER - DAYS WITH] 9 = BLOWING SNOW
X = TORNADO
MAX 32 OR BELOW: 0 0.01 INCH OR MORE: M
MAX 90 OR ABOVE: 0 0.10 INCH OR MORE: M
MIN 32 OR BELOW: 13 0.50 INCH OR MORE: M
MIN 0 OR BELOW: 0 1.00 INCH OR MORE: M
[HDD (BASE 65) ]
TOTAL THIS MO. 505 CLEAR (SCALE 0-3) 21
DPTR FM NORMAL M PTCLDY (SCALE 4-7) 7
TOTAL FM JUL 1 5888 CLOUDY (SCALE 8-10) 2
DPTR FM NORMAL M
[CDD (BASE 65) ]
TOTAL THIS MO. 2
DPTR FM NORMAL M [PRESSURE DATA]
TOTAL FM JAN 1 2 HIGHEST SLP M ON M
DPTR FM NORMAL M LOWEST SLP M ON M
[REMARKS]
#FINAL-04-20#