000
CXUS53 KGID 011256
CF6JYR
PRELIMINARY LOCAL CLIMATOLOGICAL DATA (WS FORM: F-6)
STATION: YORK NE
MONTH: NOVEMBER
YEAR: 2023
LATITUDE: 40 54 N
LONGITUDE: 97 37 W
TEMPERATURE IN F: :PCPN: SNOW: WIND :SUNSHINE: SKY :PK WND
================================================================================
1 2 3 4 5 6A 6B 7 8 9 10 11 12 13 14 15 16 17 18
12Z AVG MX 2MIN
DY MAX MIN AVG DEP HDD CDD WTR SNW DPTH SPD SPD DIR MIN PSBL S-S WX SPD DR
================================================================================
1 52 19 36 M 29 0 0.00 M M 8.7 18 210 M M 0 24 200
2 61 19 40 M 25 0 0.00 M M 5.4 12 190 M M 0 15 190
3 59 36 48 M 17 0 T M M 7.9 13 210 M M 4 16 320
4 61 32 47 M 18 0 T M M 5.3 12 180 M M 3 1 M M
5 66 37 52 M 13 0 0.00 M M 12.9 27 190 M M 0 30 190
6 64 39 52 M 13 0 0.00 M M 5.8 12 310 M M 0 15 270
7 72 36 54 M 11 0 0.00 M M 7.6 13 160 M M 2 1 20 150
8 64 32 48 M 17 0 0.00 M M 11.3 22 350 M M 4 1 35 350
9 61 21 41 M 24 0 0.00 M M 10.9 23 250 M M 1 31 250
10 54 16 35 M 30 0 0.00 M M 7.1 14 170 M M 1 18 170
11 59 36 48 M 17 0 0.00 M M 16.0 27 210 M M 2 32 190
12 68 32 50 M 15 0 0.00 M M 8.9 14 200 M M 0 21 350
13 68 28 48 M 17 0 0.00 M M 8.9 18 170 M M 0 25 180
14 70 39 55 M 10 0 0.00 M M 13.9 25 190 M M 0 35 190
15 70 28 49 M 16 0 0.00 M M 5.9 12 190 M M 0 M M
16 63 39 51 M 14 0 0.00 M M 14.9 27 360 M M 3 32 360
17 52 23 38 M 27 0 0.00 M M 6.4 14 350 M M 1 22 350
18 64 27 46 M 19 0 0.00 M M 5.3 8 260 M M 0 M M
19 50 41 46 M 19 0 0.34 M M 12.9 22 120 M M 7 1 28 120
20 43 41 42 M 23 0 0.12 M M 14.0 20 90 M M 9 1 24 120
21 43 27 35 M 30 0 T M M 12.5 21 330 M M 2 1 29 330
22 61 25 43 M 22 0 0.00 M M 8.8 17 210 M M 0 22 220
23 39 25 32 M 33 0 0.00 M M 18.4 25 30 M M 0 30 30
24 25 19 22 M 43 0 0.00 M M 14.8 18 40 M M 6 24 30
25 25 21 23 M 42 0 M M M 3.7 9 320 M M 8 18 M M
26 37 19 28 M 37 0 0.00 M M 15.0 27 310 M M 4 33 320
27 41 14 28 M 37 0 0.00 M M 10.2 17 320 M M 0 21 310
28 48 18 33 M 32 0 0.00 M M 10.3 20 200 M M 0 25 200
29 57 21 39 M 26 0 0.00 M M 9.4 14 190 M M 0 M M
30 45 23 34 M 31 0 0.00 M M 13.9 23 10 M M 0 29 10
================================================================================
SM 1642 833 707 0 M M 307.0 M 57
================================================================================
AV 54.7 27.8 10.2 FASTST M M 2 MAX(MPH)
MISC ----> # 27 190 # M M
================================================================================
NOTES:
# LAST OF SEVERAL OCCURRENCES
COLUMN 17 PEAK WIND IN M.P.H.
PRELIMINARY LOCAL CLIMATOLOGICAL DATA (WS FORM: F-6) , PAGE 2
STATION: YORK NE
MONTH: NOVEMBER
YEAR: 2023
LATITUDE: 40 54 N
LONGITUDE: 97 37 W
[TEMPERATURE DATA] [PRECIPITATION DATA] SYMBOLS USED IN COLUMN 16
AVERAGE MONTHLY: 41.3 TOTAL FOR MONTH: M 1 = FOG OR MIST
DPTR FM NORMAL: M DPTR FM NORMAL: M 2 = FOG REDUCING VISIBILITY
HIGHEST: 72 ON 7 GRTST 24HR M ON M TO 1/4 MILE OR LESS
LOWEST: 14 ON 27 3 = THUNDER
SNOW, ICE PELLETS, HAIL 4 = ICE PELLETS
TOTAL MONTH: M 5 = HAIL
GRTST 24HR M ON M 6 = FREEZING RAIN OR DRIZZLE
GRTST DEPTH: M ON M 7 = DUSTSTORM OR SANDSTORM:
VSBY 1/2 MILE OR LESS
8 = SMOKE OR HAZE
[NO. OF DAYS WITH] [WEATHER - DAYS WITH] 9 = BLOWING SNOW
X = TORNADO
MAX 32 OR BELOW: 2 0.01 INCH OR MORE: M
MAX 90 OR ABOVE: 0 0.10 INCH OR MORE: M
MIN 32 OR BELOW: 21 0.50 INCH OR MORE: M
MIN 0 OR BELOW: 0 1.00 INCH OR MORE: M
[HDD (BASE 65) ]
TOTAL THIS MO. 707 CLEAR (SCALE 0-3) 22
DPTR FM NORMAL M PTCLDY (SCALE 4-7) 7
TOTAL FM JUL 1 1144 CLOUDY (SCALE 8-10) 1
DPTR FM NORMAL M
[CDD (BASE 65) ]
TOTAL THIS MO. 0
DPTR FM NORMAL M [PRESSURE DATA]
TOTAL FM JAN 1 1006 HIGHEST SLP M ON M
DPTR FM NORMAL M LOWEST SLP M ON M
[REMARKS]
#FINAL-11-23#