000
CXHW53 PHFO 011250
CF6KOA
PRELIMINARY LOCAL CLIMATOLOGICAL DATA (WS FORM: F-6)
STATION: KONA HI
MONTH: DECEMBER
YEAR: 2022
LATITUDE: 19 38 N
LONGITUDE: 156 0 W
TEMPERATURE IN F: :PCPN: SNOW: WIND :SUNSHINE: SKY :PK WND
================================================================================
1 2 3 4 5 6A 6B 7 8 9 10 11 12 13 14 15 16 17 18
12Z AVG MX 2MIN
DY MAX MIN AVG DEP HDD CDD WTR SNW DPTH SPD SPD DIR MIN PSBL S-S WX SPD DR
================================================================================
1 85 75 80 3 0 15 0.01 M M 7.5 16 140 M M 6 18 140
2 84 72 78 1 0 13 M M M 6.9 16 200 M M 7 1 19 200
3 83 74 79 2 0 14 T M M 6.8 13 270 M M 5 14 260
4 84 71 78 1 0 13 0.47 M M 7.7 15 90 M M 6 18 18 80
5 82 71 77 0 0 12 0.00 M M 6.0 13 260 M M 3 15 260
6 85 71 78 1 0 13 0.00 M M 5.1 10 290 M M 3 13 290
7 85 72 79 2 0 14 0.00 M M 6.3 16 180 M M 2 8 19 170
8 83 72 78 1 0 13 0.00 M M 5.8 10 200 M M 4 8 13 220
9 83 72 78 1 0 13 0.00 M M 6.2 20 20 M M 5 8 23 40
10 83 69 76 0 0 11 0.00 M M 6.1 15 20 M M 1 17 30
11 84 69 77 1 0 12 0.00 M M 6.4 16 100 M M 2 23 40
12 82 70 76 0 0 11 0.00 M M 7.1 14 200 M M 3 16 200
13 83 69 76 0 0 11 0.00 M M 6.0 21 20 M M 1 25 20
14 83 70 77 1 0 12 0.00 M M 6.2 10 230 M M 1 13 180
15 83 70 77 1 0 12 0.00 M M 5.8 10 240 M M 1 13 230
16 83 71 77 1 0 12 0.32 M M 8.7 21 150 M M 6 1 25 150
17 82 69 76 0 0 11 0.00 M M 4.7 9 280 M M 3 13 290
18 85 69 77 1 0 12 0.70 M M 13.6 28 240 M M 4 1 34 230
19 78 68 73 -3 0 8 1.87 M M 18.4 44 250 M M 9 18 56 250
20 84 67 76 0 0 11 0.07 M M 15.1 24 210 M M 6 1 39 140
21 81 69 75 -1 0 10 0.00 M M 6.2 12 120 M M 2 12 120
22 81 67 74 -2 0 9 0.00 M M 6.8 13 180 M M 1 16 170
23 82 68 75 -1 0 10 0.00 M M 4.6 8 130 M M 0 10 260
24 85 69 77 1 0 12 0.00 M M 7.4 15 10 M M 4 19 10
25 84 71 78 2 0 13 T M M 8.7 16 330 M M 2 19 320
26 83 72 78 2 0 13 0.01 M M 5.3 14 270 M M 5 16 260
27 84 71 78 2 0 13 0.00 M M 5.7 12 230 M M 4 15 220
28 83 71 77 1 0 12 0.00 M M 5.1 9 310 M M 3 12 290
29 83 70 77 2 0 12 0.00 M M 5.9 12 250 M M 1 14 240
30 82 68 75 0 0 10 0.00 M M 5.9 10 230 M M 2 13 250
31 83 70 77 2 0 12 0.00 M M 6.8 12 320 M M 2 17 320
================================================================================
SM 2575 2177 0 369 3.45 M 224.8 M 104
================================================================================
AV 83.1 70.2 7.3 FASTST M M 3 MAX(MPH)
MISC ----> 44 250 56 250
================================================================================
NOTES:
# LAST OF SEVERAL OCCURRENCES
COLUMN 17 PEAK WIND IN M.P.H.
PRELIMINARY LOCAL CLIMATOLOGICAL DATA (WS FORM: F-6) , PAGE 2
STATION: KONA HI
MONTH: DECEMBER
YEAR: 2022
LATITUDE: 19 38 N
LONGITUDE: 156 0 W
[TEMPERATURE DATA] [PRECIPITATION DATA] SYMBOLS USED IN COLUMN 16
AVERAGE MONTHLY: 76.6 TOTAL FOR MONTH: 3.45 1 = FOG OR MIST
DPTR FM NORMAL: 0.4 DPTR FM NORMAL: 2.39 2 = FOG REDUCING VISIBILITY
HIGHEST: 85 ON 24,18 GRTST 24HR 2.29 ON 18-19 TO 1/4 MILE OR LESS
LOWEST: 67 ON 22,20 3 = THUNDER
SNOW, ICE PELLETS, HAIL 4 = ICE PELLETS
TOTAL MONTH: M 5 = HAIL
GRTST 24HR M ON M 6 = FREEZING RAIN OR DRIZZLE
GRTST DEPTH: M ON M 7 = DUSTSTORM OR SANDSTORM:
VSBY 1/2 MILE OR LESS
8 = SMOKE OR HAZE
[NO. OF DAYS WITH] [WEATHER - DAYS WITH] 9 = BLOWING SNOW
X = TORNADO
MAX 32 OR BELOW: 0 0.01 INCH OR MORE: 7
MAX 90 OR ABOVE: 0 0.10 INCH OR MORE: 4
MIN 32 OR BELOW: 0 0.50 INCH OR MORE: 2
MIN 0 OR BELOW: 0 1.00 INCH OR MORE: 1
[HDD (BASE 65) ]
TOTAL THIS MO. 0 CLEAR (SCALE 0-3) 18
DPTR FM NORMAL 0 PTCLDY (SCALE 4-7) 12
TOTAL FM JUL 1 0 CLOUDY (SCALE 8-10) 1
DPTR FM NORMAL 0
[CDD (BASE 65) ]
TOTAL THIS MO. 369
DPTR FM NORMAL 23 [PRESSURE DATA]
TOTAL FM JAN 1 5082 HIGHEST SLP 30.13 ON 26
DPTR FM NORMAL 243 LOWEST SLP 29.49 ON 19
[REMARKS]
#FINAL-12-22#