000
CXHW53 PHFO 011250
CF6KOA
PRELIMINARY LOCAL CLIMATOLOGICAL DATA (WS FORM: F-6)
STATION: KONA HI
MONTH: JULY
YEAR: 2021
LATITUDE: 19 38 N
LONGITUDE: 156 0 W
TEMPERATURE IN F: :PCPN: SNOW: WIND :SUNSHINE: SKY :PK WND
================================================================================
1 2 3 4 5 6A 6B 7 8 9 10 11 12 13 14 15 16 17 18
12Z AVG MX 2MIN
DY MAX MIN AVG DEP HDD CDD WTR SNW DPTH SPD SPD DIR MIN PSBL S-S WX SPD DR
================================================================================
1 85 77 81 1 0 16 0.00 M M 6.7 14 140 M M 6 8 16 140
2 87 75 81 1 0 16 T M M 10.3 23 60 M M 5 28 60
3 86 73 80 0 0 15 T M M 9.2 23 20 M M 4 28 30
4 87 74 81 1 0 16 T M M 8.1 20 160 M M 4 23 150
5 88 74 81 1 0 16 0.00 M M 7.9 15 200 M M 5 19 190
6 87 77 82 2 0 17 0.00 M M 8.1 15 50 M M 6 20 50
7 86 74 80 0 0 15 0.01 M M 7.3 17 210 M M 5 20 200
8 86 73 80 0 0 15 0.38 M M 9.2 18 20 M M 7 21 200
9 86 71 79 -1 0 14 0.00 M M 8.7 21 10 M M 5 22 360
10 86 75 81 1 0 16 0.00 M M 8.5 20 60 M M 4 24 60
11 87 74 81 1 0 16 0.00 M M 8.7 17 160 M M 4 22 160
12 85 76 81 1 0 16 0.00 M M 5.7 14 180 M M 7 17 180
13 86 74 80 0 0 15 T M M 7.0 14 170 M M 4 17 180
14 89 75 82 2 0 17 0.02 M M 7.3 15 200 M M 5 18 200
15 86 76 81 1 0 16 T M M 6.1 13 230 M M 8 15 230
16 86 76 81 1 0 16 0.00 M M 7.2 14 210 M M 9 16 210
17 88 76 82 2 0 17 T M M 7.8 17 110 M M 6 20 140
18 87 77 82 1 0 17 0.00 M M 8.1 16 130 M M 7 19 140
19 85 76 81 0 0 16 0.03 M M 7.7 15 150 M M 6 1 18 160
20 84 75 80 -1 0 15 0.27 M M 7.7 15 100 M M 9 1 21 140
21 85 74 80 -1 0 15 T M M 6.6 13 10 M M 6 16 230
22 86 76 81 0 0 16 0.00 M M 8.1 15 200 M M 6 19 190
23 87 74 81 0 0 16 0.00 M M 7.9 16 200 M M 6 19 190
24 87 78 83 2 0 18 0.00 M M 6.7 14 220 M M 7 19 210
25 88 77 83 2 0 18 0.01 M M 8.4 24 40 M M 4 31 40
26 88 78 83 2 0 18 0.00 M M 7.7 17 360 M M 5 21 30
27 88 77 83 2 0 18 T M M 8.7 17 210 M M 6 20 190
28 86 76 81 0 0 16 0.23 M M 8.2 14 210 M M 7 1 17 190
29 86 76 81 0 0 16 0.13 M M 7.4 15 200 M M 5 1 18 210
30 85 75 80 -1 0 15 0.01 M M 7.4 13 180 M M 6 16 220
31 87 76 82 1 0 17 0.00 M M 7.6 14 130 M M 6 8 16 130
================================================================================
SM 2680 2335 0 500 1.09 M 242.0 M 180
================================================================================
AV 86.5 75.3 7.8 FASTST M M 6 MAX(MPH)
MISC ----> 24 40 31 40
================================================================================
NOTES:
# LAST OF SEVERAL OCCURRENCES
COLUMN 17 PEAK WIND IN M.P.H.
PRELIMINARY LOCAL CLIMATOLOGICAL DATA (WS FORM: F-6) , PAGE 2
STATION: KONA HI
MONTH: JULY
YEAR: 2021
LATITUDE: 19 38 N
LONGITUDE: 156 0 W
[TEMPERATURE DATA] [PRECIPITATION DATA] SYMBOLS USED IN COLUMN 16
AVERAGE MONTHLY: 80.9 TOTAL FOR MONTH: 1.09 1 = FOG OR MIST
DPTR FM NORMAL: 0.4 DPTR FM NORMAL: 0.60 2 = FOG REDUCING VISIBILITY
HIGHEST: 89 ON 14 GRTST 24HR 0.38 ON 8- 8 TO 1/4 MILE OR LESS
LOWEST: 71 ON 9 3 = THUNDER
SNOW, ICE PELLETS, HAIL 4 = ICE PELLETS
TOTAL MONTH: M 5 = HAIL
GRTST 24HR M ON M 6 = FREEZING RAIN OR DRIZZLE
GRTST DEPTH: M ON M 7 = DUSTSTORM OR SANDSTORM:
VSBY 1/2 MILE OR LESS
8 = SMOKE OR HAZE
[NO. OF DAYS WITH] [WEATHER - DAYS WITH] 9 = BLOWING SNOW
X = TORNADO
MAX 32 OR BELOW: 0 0.01 INCH OR MORE: 9
MAX 90 OR ABOVE: 0 0.10 INCH OR MORE: 4
MIN 32 OR BELOW: 0 0.50 INCH OR MORE: 0
MIN 0 OR BELOW: 0 1.00 INCH OR MORE: 0
[HDD (BASE 65) ]
TOTAL THIS MO. 0 CLEAR (SCALE 0-3) 0
DPTR FM NORMAL 0 PTCLDY (SCALE 4-7) 29
TOTAL FM JUL 1 0 CLOUDY (SCALE 8-10) 2
DPTR FM NORMAL 0
[CDD (BASE 65) ]
TOTAL THIS MO. 500
DPTR FM NORMAL 20 [PRESSURE DATA]
TOTAL FM JAN 1 2801 HIGHEST SLP 30.06 ON 20
DPTR FM NORMAL 178 LOWEST SLP 29.90 ON 19
[REMARKS]
#FINAL-07-21#