000
CXHW53 PHFO 011250
CF6KOA
PRELIMINARY LOCAL CLIMATOLOGICAL DATA (WS FORM: F-6)
STATION: KONA HI
MONTH: MAY
YEAR: 2020
LATITUDE: 19 38 N
LONGITUDE: 156 0 W
TEMPERATURE IN F: :PCPN: SNOW: WIND :SUNSHINE: SKY :PK WND
================================================================================
1 2 3 4 5 6A 6B 7 8 9 10 11 12 13 14 15 16 17 18
12Z AVG MX 2MIN
DY MAX MIN AVG DEP HDD CDD WTR SNW DPTH SPD SPD DIR MIN PSBL S-S WX SPD DR
================================================================================
1 85 72 79 2 0 14 0.02 0.0 M 8.1 23 40 M M M 30 40
2 84 72 78 1 0 13 0.00 0.0 M 8.1 16 20 M M M 20 20
3 85 74 80 3 0 15 T 0.0 M 7.4 14 160 M M M 17 230
4 85 74 80 3 0 15 0.00 0.0 M 8.7 16 40 M M M 21 30
5 82 73 78 1 0 13 0.08 0.0 M 6.7 14 90 M M M 16 170
6 84 71 78 1 0 13 0.00 0.0 M 6.8 16 160 M M M 19 150
7 88 72 80 3 0 15 0.00 0.0 M 7.4 18 340 M M M 24 310
8 85 72 79 2 0 14 T 0.0 M 8.2 20 120 M M M 23 120
9 84 73 79 2 0 14 T 0.0 M 6.9 15 120 M M M 18 120
10 85 73 79 2 0 14 0.00 0.0 M 8.9 20 40 M M M 22 50
11 85 73 79 2 0 14 0.10 0.0 M 7.7 21 60 M M M 25 70
12 83 72 78 1 0 13 0.02 0.0 M 6.6 13 60 M M M 16 210
13 85 71 78 1 0 13 0.08 0.0 M 8.1 17 180 M M M 21 190
14 85 73 79 2 0 14 0.00 0.0 M 10.7 22 330 M M M 26 330
15 86 72 79 2 0 14 0.00 0.0 M 10.4 18 20 M M M 22 350
16 86 76 81 3 0 16 T 0.0 M 9.6 18 40 M M M 23 40
17 86 74 80 2 0 15 0.25 0.0 M 9.5 20 50 M M M 27 330
18 84 72 78 0 0 13 0.00 0.0 M 8.1 15 120 M M M 20 130
19 85 73 79 1 0 14 0.00 0.0 M 8.1 15 140 M M M 17 140
20 85 75 80 2 0 15 0.00 0.0 M 8.3 14 110 M M M 16 180
21 85 75 80 2 0 15 T 0.0 M 7.5 15 140 M M M 20 120
22 85 73 79 1 0 14 0.27 0.0 M 9.2 17 220 M M M 1 21 180
23 84 73 79 1 0 14 M 0.0 M 6.2 13 240 M M M 18 240
24 83 71 77 -1 0 12 1.68 0.0 M 8.9 17 260 M M M 1 20 270
25 86 74 80 2 0 15 0.00 0.0 M 8.1 16 280 M M M 19 270
26 84 73 79 1 0 14 0.02 0.0 M 8.1 14 150 M M M 16 150
27 87 75 81 3 0 16 0.00 0.0 M 10.1 20 290 M M M 22 290
28 85 74 80 2 0 15 0.04 0.0 M 7.8 17 210 M M M 22 210
29 84 73 79 1 0 14 0.00 0.0 M 8.0 15 50 M M M 19 200
30 M M M M M M M M M M M M M M M M M
31 86 74 80 1 0 15 0.02 0.0 M 8.8 21 210 M M M 24 230
================================================================================
SM 2546 2192 0 425 2.58 0.0 247.0 M M
================================================================================
AV 84.9 73.1 8.2 FASTST M M 0 MAX(MPH)
MISC ----> # 23 40 # 30 40
================================================================================
NOTES:
# LAST OF SEVERAL OCCURRENCES
COLUMN 17 PEAK WIND IN M.P.H.
PRELIMINARY LOCAL CLIMATOLOGICAL DATA (WS FORM: F-6) , PAGE 2
STATION: KONA HI
MONTH: MAY
YEAR: 2020
LATITUDE: 19 38 N
LONGITUDE: 156 0 W
[TEMPERATURE DATA] [PRECIPITATION DATA] SYMBOLS USED IN COLUMN 16
AVERAGE MONTHLY: 79.0 TOTAL FOR MONTH: 2.58 1 = FOG OR MIST
DPTR FM NORMAL: 1.4 DPTR FM NORMAL: 0.58 2 = FOG REDUCING VISIBILITY
HIGHEST: 88 ON 7 GRTST 24HR 1.68 ON 24-24 TO 1/4 MILE OR LESS
LOWEST: 71 ON 24,13 3 = THUNDER
SNOW, ICE PELLETS, HAIL 4 = ICE PELLETS
TOTAL MONTH: 0.0 INCH 5 = HAIL
GRTST 24HR 0.0 6 = FREEZING RAIN OR DRIZZLE
GRTST DEPTH: M ON M 7 = DUSTSTORM OR SANDSTORM:
VSBY 1/2 MILE OR LESS
8 = SMOKE OR HAZE
[NO. OF DAYS WITH] [WEATHER - DAYS WITH] 9 = BLOWING SNOW
X = TORNADO
MAX 32 OR BELOW: 0 0.01 INCH OR MORE: 11
MAX 90 OR ABOVE: 0 0.10 INCH OR MORE: 4
MIN 32 OR BELOW: 0 0.50 INCH OR MORE: 1
MIN 0 OR BELOW: 0 1.00 INCH OR MORE: 1
[HDD (BASE 65) ]
TOTAL THIS MO. 0 CLEAR (SCALE 0-3) 0
DPTR FM NORMAL 0 PTCLDY (SCALE 4-7) 0
TOTAL FM JUL 1 0 CLOUDY (SCALE 8-10) 0
DPTR FM NORMAL 0
[CDD (BASE 65) ]
TOTAL THIS MO. 425
DPTR FM NORMAL 36 [PRESSURE DATA]
TOTAL FM JAN 1 1750 HIGHEST SLP 30.15 ON 2
DPTR FM NORMAL 87 LOWEST SLP 29.93 ON 22
[REMARKS]
#FINAL-05-20#