000
CXHW53 PHFO 011250
CF6KOA
PRELIMINARY LOCAL CLIMATOLOGICAL DATA (WS FORM: F-6)
STATION: KONA HI
MONTH: JULY
YEAR: 2023
LATITUDE: 19 38 N
LONGITUDE: 156 0 W
TEMPERATURE IN F: :PCPN: SNOW: WIND :SUNSHINE: SKY :PK WND
================================================================================
1 2 3 4 5 6A 6B 7 8 9 10 11 12 13 14 15 16 17 18
12Z AVG MX 2MIN
DY MAX MIN AVG DEP HDD CDD WTR SNW DPTH SPD SPD DIR MIN PSBL S-S WX SPD DR
================================================================================
1 87 73 80 0 0 15 0.00 M M 8.7 15 230 M M 3 17 240
2 86 74 80 0 0 15 0.00 M M 7.9 16 60 M M 4 20 60
3 86 76 81 1 0 16 0.00 M M 7.5 16 170 M M 7 19 170
4 89 77 83 3 0 18 0.00 M M 11.6 30 60 M M 3 38 60
5 86 75 81 1 0 16 T M M 7.3 14 60 M M 7 17 30
6 85 75 80 0 0 15 T M M 7.2 13 230 M M 6 17 220
7 84 73 79 -1 0 14 T M M 8.2 16 140 M M 6 19 360
8 85 73 79 -1 0 14 T M M 7.8 21 50 M M 5 27 40
9 85 74 80 0 0 15 T M M 7.5 15 240 M M 8 20 190
10 87 71 79 -1 0 14 0.00 M M 8.5 15 290 M M 3 18 290
11 87 75 81 1 0 16 T M M 8.0 15 230 M M 6 19 230
12 86 75 81 1 0 16 0.00 M M 8.4 16 200 M M 4 21 190
13 87 77 82 2 0 17 0.00 M M 7.8 18 200 M M 4 25 210
14 87 74 81 1 0 16 0.00 M M 7.0 14 210 M M 3 19 220
15 84 74 79 -1 0 14 0.00 M M 8.8 17 360 M M 4 21 360
16 86 74 80 0 0 15 0.00 M M 7.9 15 250 M M 6 17 250
17 87 76 82 2 0 17 0.00 M M 7.2 13 90 M M 5 18 200
18 88 75 82 1 0 17 0.00 M M 10.9 26 50 M M 4 32 50
19 90 80 85 4 0 20 0.00 M M 9.2 15 130 M M 8 19 180
20 86 76 81 0 0 16 0.03 M M 9.2 16 100 M M 7 1 18 110
21 87 77 82 1 0 17 0.00 M M 8.6 16 160 M M 7 18 180
22 87 79 83 2 0 18 0.00 M M 7.5 15 160 M M 6 18 180
23 87 76 82 1 0 17 0.00 M M 7.8 14 210 M M 4 19 200
24 88 77 83 2 0 18 0.00 M M 7.5 15 210 M M 4 19 180
25 86 75 81 0 0 16 T M M 6.2 13 40 M M 4 15 140
26 87 77 82 1 0 17 T M M 8.7 16 200 M M 5 20 200
27 87 76 82 1 0 17 0.00 M M 7.0 16 60 M M 4 19 80
28 87 77 82 1 0 17 0.00 M M 6.5 15 180 M M 6 19 180
29 87 76 82 1 0 17 0.00 M M 7.9 18 180 M M 4 22 180
30 88 78 83 2 0 18 0.00 M M 7.0 13 240 M M 6 18 190
31 87 75 81 0 0 16 0.00 M M 8.6 20 220 M M 5 22 230
================================================================================
SM 2686 2340 0 504 0.03 M 249.9 M 158
================================================================================
AV 86.6 75.5 8.1 FASTST M M 5 MAX(MPH)
MISC ----> 30 60 38 60
================================================================================
NOTES:
# LAST OF SEVERAL OCCURRENCES
COLUMN 17 PEAK WIND IN M.P.H.
PRELIMINARY LOCAL CLIMATOLOGICAL DATA (WS FORM: F-6) , PAGE 2
STATION: KONA HI
MONTH: JULY
YEAR: 2023
LATITUDE: 19 38 N
LONGITUDE: 156 0 W
[TEMPERATURE DATA] [PRECIPITATION DATA] SYMBOLS USED IN COLUMN 16
AVERAGE MONTHLY: 81.1 TOTAL FOR MONTH: 0.03 1 = FOG OR MIST
DPTR FM NORMAL: 0.6 DPTR FM NORMAL: -0.46 2 = FOG REDUCING VISIBILITY
HIGHEST: 90 ON 19 GRTST 24HR 0.03 ON 20-20 TO 1/4 MILE OR LESS
LOWEST: 71 ON 10 3 = THUNDER
SNOW, ICE PELLETS, HAIL 4 = ICE PELLETS
TOTAL MONTH: M 5 = HAIL
GRTST 24HR M ON M 6 = FREEZING RAIN OR DRIZZLE
GRTST DEPTH: M ON M 7 = DUSTSTORM OR SANDSTORM:
VSBY 1/2 MILE OR LESS
8 = SMOKE OR HAZE
[NO. OF DAYS WITH] [WEATHER - DAYS WITH] 9 = BLOWING SNOW
X = TORNADO
MAX 32 OR BELOW: 0 0.01 INCH OR MORE: 1
MAX 90 OR ABOVE: 1 0.10 INCH OR MORE: 0
MIN 32 OR BELOW: 0 0.50 INCH OR MORE: 0
MIN 0 OR BELOW: 0 1.00 INCH OR MORE: 0
[HDD (BASE 65) ]
TOTAL THIS MO. 0 CLEAR (SCALE 0-3) 2
DPTR FM NORMAL 0 PTCLDY (SCALE 4-7) 29
TOTAL FM JUL 1 0 CLOUDY (SCALE 8-10) 0
DPTR FM NORMAL 0
[CDD (BASE 65) ]
TOTAL THIS MO. 504
DPTR FM NORMAL 24 [PRESSURE DATA]
TOTAL FM JAN 1 2812 HIGHEST SLP 30.09 ON 25
DPTR FM NORMAL 189 LOWEST SLP 29.88 ON 19
[REMARKS]
#FINAL-07-23#