000
CXHW53 PHFO 171250
CF6KOA
PRELIMINARY LOCAL CLIMATOLOGICAL DATA (WS FORM: F-6)
STATION: KONA HI
MONTH: APRIL
YEAR: 2024
LATITUDE: 19 38 N
LONGITUDE: 156 0 W
TEMPERATURE IN F: :PCPN: SNOW: WIND :SUNSHINE: SKY :PK WND
================================================================================
1 2 3 4 5 6A 6B 7 8 9 10 11 12 13 14 15 16 17 18
12Z AVG MX 2MIN
DY MAX MIN AVG DEP HDD CDD WTR SNW DPTH SPD SPD DIR MIN PSBL S-S WX SPD DR
================================================================================
1 81 69 75 -2 0 10 0.00 M M 6.8 13 170 M M 6 16 180
2 84 71 78 1 0 13 0.00 M M 8.1 16 230 M M 5 25 230
3 85 72 79 2 0 14 0.02 M M 7.5 15 110 M M 6 22 190
4 83 71 77 0 0 12 0.04 M M 8.1 14 110 M M 5 18 110
5 83 69 76 -1 0 11 T M M 8.3 20 250 M M 6 23 250
6 83 71 77 0 0 12 T M M 9.0 16 180 M M 6 23 190
7 82 72 77 0 0 12 0.00 M M 8.0 14 110 M M 6 18 110
8 84 72 78 1 0 13 0.00 M M 7.6 14 240 M M 6 20 210
9 82 70 76 -1 0 11 0.02 M M 7.5 14 210 M M 2 20 200
10 84 70 77 0 0 12 0.00 M M 7.4 13 270 M M 4 18 260
11 82 75 79 2 0 14 T M M 5.7 14 330 M M 7 17 330
12 82 74 78 1 0 13 T M M 8.9 17 20 M M 7 26 20
13 82 73 78 1 0 13 0.00 M M 8.0 17 20 M M 5 22 220
14 82 75 79 2 0 14 T M M 9.8 20 170 M M 9 28 170
15 84 75 80 3 0 15 T M M 14.2 26 170 M M 8 34 170
16 83 72 78 1 0 13 0.00 M M 7.5 14 350 M M 2 18 250
================================================================================
SM 1326 1151 0 202 0.08 M 132.4 M 90
================================================================================
AV 82.9 71.9 8.3 FASTST M M 6 MAX(MPH)
MISC ----> 26 170 34 170
================================================================================
NOTES:
# LAST OF SEVERAL OCCURRENCES
COLUMN 17 PEAK WIND IN M.P.H.
PRELIMINARY LOCAL CLIMATOLOGICAL DATA (WS FORM: F-6) , PAGE 2
STATION: KONA HI
MONTH: APRIL
YEAR: 2024
LATITUDE: 19 38 N
LONGITUDE: 156 0 W
[TEMPERATURE DATA] [PRECIPITATION DATA] SYMBOLS USED IN COLUMN 16
AVERAGE MONTHLY: 77.4 TOTAL FOR MONTH: 0.08 1 = FOG OR MIST
DPTR FM NORMAL: 0.4 DPTR FM NORMAL: -0.26 2 = FOG REDUCING VISIBILITY
HIGHEST: 85 ON 3 GRTST 24HR 0.06 ON 3- 4 TO 1/4 MILE OR LESS
LOWEST: 69 ON 5, 1 3 = THUNDER
SNOW, ICE PELLETS, HAIL 4 = ICE PELLETS
TOTAL MONTH: M 5 = HAIL
GRTST 24HR M ON M 6 = FREEZING RAIN OR DRIZZLE
GRTST DEPTH: M ON M 7 = DUSTSTORM OR SANDSTORM:
VSBY 1/2 MILE OR LESS
8 = SMOKE OR HAZE
[NO. OF DAYS WITH] [WEATHER - DAYS WITH] 9 = BLOWING SNOW
X = TORNADO
MAX 32 OR BELOW: 0 0.01 INCH OR MORE: 3
MAX 90 OR ABOVE: 0 0.10 INCH OR MORE: 0
MIN 32 OR BELOW: 0 0.50 INCH OR MORE: 0
MIN 0 OR BELOW: 0 1.00 INCH OR MORE: 0
[HDD (BASE 65) ]
TOTAL THIS MO. 0 CLEAR (SCALE 0-3) 2
DPTR FM NORMAL 0 PTCLDY (SCALE 4-7) 13
TOTAL FM JUL 1 0 CLOUDY (SCALE 8-10) 1
DPTR FM NORMAL 0
[CDD (BASE 65) ]
TOTAL THIS MO. 202
DPTR FM NORMAL 10 [PRESSURE DATA]
TOTAL FM JAN 1 1232 HIGHEST SLP M ON M
DPTR FM NORMAL 111 LOWEST SLP 29.87 ON 15
[REMARKS]