000
CXUS55 KPUB 011310
CF6LAA
PRELIMINARY LOCAL CLIMATOLOGICAL DATA (WS FORM: F-6)
STATION: LAMAR CO
MONTH: JANUARY
YEAR: 2021
LATITUDE: 38 4 N
LONGITUDE: 102 41 W
TEMPERATURE IN F: :PCPN: SNOW: WIND :SUNSHINE: SKY :PK WND
================================================================================
1 2 3 4 5 6A 6B 7 8 9 10 11 12 13 14 15 16 17 18
12Z AVG MX 2MIN
DY MAX MIN AVG DEP HDD CDD WTR SNW DPTH SPD SPD DIR MIN PSBL S-S WX SPD DR
================================================================================
1 46 9 28 0 37 0 0.00 M M 7.8 20 10 M M 0 27 20
2 49 12 31 3 34 0 0.00 M M 3.9 12 250 M M 0 16 250
3 54 15 35 7 30 0 0.00 M M 6.6 13 130 M M 1 14 130
4 53 21 37 9 28 0 0.00 M M 7.6 18 190 M M 0 26 190
5 67 24 46 18 19 0 T M M 11.9 38 360 M M 3 8 49 10
6 50 14 32 4 33 0 0.00 M M 11.9 28 360 M M 2 35 360
7 43 8 26 -2 39 0 0.00 M M 5.5 16 120 M M 0 20 120
8 48 12 30 2 35 0 0.00 M M 3.8 12 280 M M 3 12 15 250
9 33 21 27 -1 38 0 0.03 M M 6.1 13 70 M M 6 1 16 80
10 38 19 29 1 36 0 0.01 M M 5.0 12 270 M M 7 1 20 240
11 39 14 27 -1 38 0 0.00 M M 9.1 16 270 M M 3 1 20 260
12 48 9 29 1 36 0 0.00 M M 8.8 17 270 M M 0 21 260
13 61 15 38 10 27 0 0.00 M M 9.6 17 230 M M 0 23 240
14 46 28 37 8 28 0 T M M 23.0 51 360 M M 3 8 67 360
15 46 22 34 5 31 0 0.00 M M 20.7 47 350 M M 5 8 67 350
16 54 23 39 10 26 0 0.00 M M 11.7 28 360 M M 4 37 10
17 47 20 34 5 31 0 0.00 M M 7.3 16 280 M M 3 23 280
18 49 18 34 5 31 0 0.00 M M 7.8 21 350 M M 5 26 350
19 43 18 31 2 34 0 0.00 M M 4.8 13 290 M M 2 17 360
20 63 16 40 11 25 0 0.00 M M 8.2 17 280 M M 0 21 270
21 61 16 39 10 26 0 0.00 M M 7.2 21 60 M M 0 29 90
22 51 11 31 1 34 0 0.00 M M 10.3 21 140 M M 0 8 27 150
23 64 25 45 15 20 0 0.00 0.0 0 M M M M M 3 M M
24 38 20 29 -1 36 0 T T T 8.4 22 340 M M 6 29 340
25 31 17 24 -6 41 0 0.08 M M 7.4 15 80 M M 9 18 80
26 26 7 17 -13 48 0 0.12 M M 7.5 14 80 M M 9 18 70
27 23 -11 6 -24 59 0 0.00 M M 6.1 14 260 M M 2 15 90
28 32 0 16 -14 49 0 0.00 M M 4.1 10 220 M M 0 12 220
29 43 16 30 0 35 0 0.00 M M 8.0 16 210 M M 0 8 20 210
30 55 24 40 10 25 0 0.00 M M 15.1 33 350 M M 1 43 350
31 53 23 38 7 27 0 0.00 M M 7.5 18 360 M M 1 26 360
================================================================================
SM 1454 486 1036 0 0.24 T 262.7 M 78
================================================================================
AV 46.9 15.7 8.8 FASTST M M 3 MAX(MPH)
MISC ----> 51 360 # 67 360
================================================================================
NOTES:
# LAST OF SEVERAL OCCURRENCES
COLUMN 17 PEAK WIND IN M.P.H.
PRELIMINARY LOCAL CLIMATOLOGICAL DATA (WS FORM: F-6) , PAGE 2
STATION: LAMAR CO
MONTH: JANUARY
YEAR: 2021
LATITUDE: 38 4 N
LONGITUDE: 102 41 W
[TEMPERATURE DATA] [PRECIPITATION DATA] SYMBOLS USED IN COLUMN 16
AVERAGE MONTHLY: 31.3 TOTAL FOR MONTH: 0.24 1 = FOG OR MIST
DPTR FM NORMAL: 2.4 DPTR FM NORMAL: -0.06 2 = FOG REDUCING VISIBILITY
HIGHEST: 67 ON 5 GRTST 24HR 0.12 ON 26-26 TO 1/4 MILE OR LESS
LOWEST: -11 ON 27 3 = THUNDER
SNOW, ICE PELLETS, HAIL 4 = ICE PELLETS
TOTAL MONTH: T 5 = HAIL
GRTST 24HR T ON 24-24 6 = FREEZING RAIN OR DRIZZLE
GRTST DEPTH: T 7 = DUSTSTORM OR SANDSTORM:
VSBY 1/2 MILE OR LESS
8 = SMOKE OR HAZE
[NO. OF DAYS WITH] [WEATHER - DAYS WITH] 9 = BLOWING SNOW
X = TORNADO
MAX 32 OR BELOW: 4 0.01 INCH OR MORE: 4
MAX 90 OR ABOVE: 0 0.10 INCH OR MORE: 1
MIN 32 OR BELOW: 31 0.50 INCH OR MORE: 0
MIN 0 OR BELOW: 2 1.00 INCH OR MORE: 0
[HDD (BASE 65) ]
TOTAL THIS MO. 1036 CLEAR (SCALE 0-3) 20
DPTR FM NORMAL -82 PTCLDY (SCALE 4-7) 9
TOTAL FM JUL 1 3113 CLOUDY (SCALE 8-10) 2
DPTR FM NORMAL -318
[CDD (BASE 65) ]
TOTAL THIS MO. 0
DPTR FM NORMAL 0 [PRESSURE DATA]
TOTAL FM JAN 1 0 HIGHEST SLP 30.56 ON 19
DPTR FM NORMAL 0 LOWEST SLP 29.46 ON 30
[REMARKS]
#FINAL-01-21#