000
CXUS53 KIND 010600
CF6LAF
PRELIMINARY LOCAL CLIMATOLOGICAL DATA (WS FORM: F-6)
STATION: LAFAYETTE IN
MONTH: MARCH
YEAR: 2023
LATITUDE: 40 25 N
LONGITUDE: 86 56 W
TEMPERATURE IN F: :PCPN: SNOW: WIND :SUNSHINE: SKY :PK WND
================================================================================
1 2 3 4 5 6A 6B 7 8 9 10 11 12 13 14 15 16 17 18
12Z AVG MX 2MIN
DY MAX MIN AVG DEP HDD CDD WTR SNW DPTH SPD SPD DIR MIN PSBL S-S WX SPD DR
================================================================================
1 64 34 49 15 16 0 0.00 M M 4.6 16 290 M M 0 18 23 120
2 47 32 40 5 25 0 0.00 M M 8.6 15 350 M M 1 21 360
3 40 33 37 2 28 0 1.84 M M 18.2 33 40 M M 7 1 50 350
4 52 26 39 3 26 0 T M M 5.7 14 300 M M 2 18 23 290
5 56 29 43 7 22 0 0.00 M M 5.9 17 120 M M 3 12 24 130
6 70 43 57 21 8 0 0.00 M M 9.7 21 340 M M 6 28 350
7 49 38 44 7 21 0 0.00 M M 13.0 21 80 M M 5 28 350
8 50 34 42 5 23 0 0.00 M M 14.6 23 100 M M 2 32 90
9 48 34 41 4 24 0 M M M 14.2 24 80 M M 9 1 31 90
10 40 35 38 0 27 0 T M M 10.6 23 290 M M 10 1 31 290
11 45 27 36 -2 29 0 0.03 M M 7.2 18 60 M M 6 12 26 60
12 38 31 35 -3 30 0 0.20 M M 7.8 20 300 M M 10 1 28 310
13 36 27 32 -7 33 0 T M M 12.7 21 290 M M 10 1 32 280
14 39 23 31 -8 34 0 0.00 M M 8.2 17 320 M M 3 23 310
15 50 20 35 -5 30 0 0.00 M M 5.1 14 220 M M 0 22 220
16 52 38 45 5 20 0 0.11 M M 9.6 21 200 M M 6 1 40 190
17 50 27 39 -1 26 0 0.05 M M 17.6 29 270 M M 7 1 41 260
18 28 14 21 -20 44 0 T M M 14.2 28 290 M M 8 1 37 280
19 37 14 26 -15 39 0 0.00 M M 8.7 17 280 M M 0 28 280
20 51 25 38 -3 27 0 0.00 M M 9.1 22 210 M M 0 34 200
21 52 33 43 1 22 0 0.01 M M 7.3 17 200 M M 5 1 30 230
22 54 39 47 5 18 0 T M M 7.4 16 190 M M 10 1 24 180
23 58 39 49 7 16 0 1.25 M M 8.0 23 10 M M 9 13 30 360
24 44 37 41 -2 24 0 0.11 M M 13.2 32 100 M M 8 18 43 90
25 50 32 41 -2 24 0 M M M 12.2 30 270 M M 7 1 44 250
26 64 29 47 3 18 0 T M M 6.1 16 300 M M 2 3 25 300
27 49 32 41 -3 24 0 T M M 9.6 17 350 M M 7 1 25 350
28 51 25 38 -6 27 0 0.00 M M 4.5 15 320 M M 1 22 30
29 52 32 42 -3 23 0 0.00 M M 9.0 25 290 M M 2 8 36 280
30 62 27 45 0 20 0 0.01 M M 9.5 14 150 M M 1 3 23 170
31 69 48 59 13 6 0 0.45 M M 13.2 31 260 M M 9 13 51 250
================================================================================
SM 1547 957 754 0 4.06 M 305.3 M 156
================================================================================
AV 49.9 30.9 9.8 FASTST M M 5 MAX(MPH)
MISC ----> 33 40 51 250
================================================================================
NOTES:
# LAST OF SEVERAL OCCURRENCES
COLUMN 17 PEAK WIND IN M.P.H.
PRELIMINARY LOCAL CLIMATOLOGICAL DATA (WS FORM: F-6) , PAGE 2
STATION: LAFAYETTE IN
MONTH: MARCH
YEAR: 2023
LATITUDE: 40 25 N
LONGITUDE: 86 56 W
[TEMPERATURE DATA] [PRECIPITATION DATA] SYMBOLS USED IN COLUMN 16
AVERAGE MONTHLY: 40.4 TOTAL FOR MONTH: 4.06 1 = FOG OR MIST
DPTR FM NORMAL: 0.4 DPTR FM NORMAL: 1.33 2 = FOG REDUCING VISIBILITY
HIGHEST: 70 ON 6 GRTST 24HR 1.84 ON 3- 3 TO 1/4 MILE OR LESS
LOWEST: 14 ON 19,18 3 = THUNDER
SNOW, ICE PELLETS, HAIL 4 = ICE PELLETS
TOTAL MONTH: M 5 = HAIL
GRTST 24HR M ON M 6 = FREEZING RAIN OR DRIZZLE
GRTST DEPTH: M ON M 7 = DUSTSTORM OR SANDSTORM:
VSBY 1/2 MILE OR LESS
8 = SMOKE OR HAZE
[NO. OF DAYS WITH] [WEATHER - DAYS WITH] 9 = BLOWING SNOW
X = TORNADO
MAX 32 OR BELOW: 1 0.01 INCH OR MORE: 10
MAX 90 OR ABOVE: 0 0.10 INCH OR MORE: 6
MIN 32 OR BELOW: 18 0.50 INCH OR MORE: 2
MIN 0 OR BELOW: 0 1.00 INCH OR MORE: 2
[HDD (BASE 65) ]
TOTAL THIS MO. 754 CLEAR (SCALE 0-3) 13
DPTR FM NORMAL -25 PTCLDY (SCALE 4-7) 10
TOTAL FM JUL 1 4610 CLOUDY (SCALE 8-10) 8
DPTR FM NORMAL -597
[CDD (BASE 65) ]
TOTAL THIS MO. 0
DPTR FM NORMAL -2 [PRESSURE DATA]
TOTAL FM JAN 1 0 HIGHEST SLP M ON M
DPTR FM NORMAL -2 LOWEST SLP 29.10 ON 3
[REMARKS]
#FINAL-03-23#