000
CXUS52 KTBW 250823
CF6LAL
PRELIMINARY LOCAL CLIMATOLOGICAL DATA (WS FORM: F-6)
STATION: LAKELAND LINDER
MONTH: SEPTEMBER
YEAR: 2023
LATITUDE: 28 0 N
LONGITUDE: 82 3 W
TEMPERATURE IN F: :PCPN: SNOW: WIND :SUNSHINE: SKY :PK WND
================================================================================
1 2 3 4 5 6A 6B 7 8 9 10 11 12 13 14 15 16 17 18
12Z AVG MX 2MIN
DY MAX MIN AVG DEP HDD CDD WTR SNW DPTH SPD SPD DIR MIN PSBL S-S WX SPD DR
================================================================================
1 90 77 84 1 0 19 0.04 0.0 0 2.6 12 80 M M 3 3 21 60
2 90 75 83 0 0 18 0.03 0.0 0 8.0 17 50 M M 3 18 40
3 90 72 81 -2 0 16 0.00 0.0 0 7.1 14 40 M M 1 8 18 80
4 89 71 80 -3 0 15 0.00 0.0 0 5.8 15 90 M M 2 8 18 90
5 92 72 82 -1 0 17 0.00 0.0 0 3.9 9 120 M M 2 18 M M
6 92 74 83 0 0 18 0.00 0.0 0 1.9 6 80 M M 2 M M
7 93 74 84 1 0 19 0.00 0.0 0 1.8 13 310 M M 3 3 17 190
8 93 76 85 2 0 20 0.05 0.0 0 4.0 17 130 M M 3 3 22 130
9 92 70 81 -2 0 16 0.00 0.0 0 1.7 12 310 M M 1 21 240
10 94 74 84 1 0 19 0.00 0.0 0 2.4 10 100 M M 3 16 100
11 95 76 86 3 0 21 0.00 0.0 0 3.1 18 50 M M 3 3 28 50
12 95 72 84 2 0 19 0.43 0.0 0 3.2 10 160 M M 2 3 23 320
13 94 77 86 4 0 21 0.00 0.0 0 2.7 10 360 M M 3 3 M M
14 94 77 86 4 0 21 0.00 0.0 0 3.0 14 310 M M 3 17 50
15 94 76 85 3 0 20 0.00 0.0 0 2.2 13 290 M M 4 3 17 40
16 93 76 85 3 0 20 0.00 0.0 0 6.1 15 60 M M 3 18 80
17 95 77 86 4 0 21 0.00 0.0 0 4.2 10 310 M M 3 16 310
18 94 77 86 4 0 21 0.00 0.0 0 4.6 12 70 M M 3 16 360
19 91 78 85 3 0 20 0.00 0.0 0 9.5 15 80 M M 5 18 70
20 93 76 85 3 0 20 0.00 0.0 0 9.0 17 120 M M 4 27 120
21 93 71 82 1 0 17 0.39 0.0 0 4.9 15 50 M M 4 13 20 50
22 93 70 82 1 0 17 0.00 0.0 0 6.8 15 40 M M 2 22 20
23 87 67 77 -4 0 12 0.00 0.0 0 2.0 8 10 M M 0 M M
24 89 69 79 -2 0 14 0.00 0.0 0 4.5 12 80 M M 1 M M
25 92 72 82 1 0 17 0.10 0.0 0 5.0 20 160 M M 3 3 25 160
26 91 76 84 4 0 19 0.15 0.0 0 5.2 10 90 M M 5 14 260
27 89 75 82 2 0 17 0.01 0.0 0 5.2 12 80 M M 6 16 210
28 89 73 81 1 0 16 0.00 0.0 0 7.1 18 20 M M 8 21 20
29 88 75 82 2 0 17 0.00 0.0 0 7.5 14 110 M M 8 18 110
30 90 77 84 4 0 19 0.39 0.0 0 8.2 16 150 M M 9 18 150
================================================================================
SM 2754 2222 0 546 1.59 0.0 143.2 M 102
================================================================================
AV 91.8 74.1 4.8 FASTST M M 3 MAX(MPH)
MISC ----> 20 160 28 50
================================================================================
NOTES:
# LAST OF SEVERAL OCCURRENCES
COLUMN 17 PEAK WIND IN M.P.H.
PRELIMINARY LOCAL CLIMATOLOGICAL DATA (WS FORM: F-6) , PAGE 2
STATION: LAKELAND LINDER
MONTH: SEPTEMBER
YEAR: 2023
LATITUDE: 28 0 N
LONGITUDE: 82 3 W
[TEMPERATURE DATA] [PRECIPITATION DATA] SYMBOLS USED IN COLUMN 16
AVERAGE MONTHLY: 82.9 TOTAL FOR MONTH: 1.59 1 = FOG OR MIST
DPTR FM NORMAL: 1.2 DPTR FM NORMAL: -6.03 2 = FOG REDUCING VISIBILITY
HIGHEST: 95 ON 17,12 GRTST 24HR 0.43 ON 12-12 TO 1/4 MILE OR LESS
LOWEST: 67 ON 23 3 = THUNDER
SNOW, ICE PELLETS, HAIL 4 = ICE PELLETS
TOTAL MONTH: 0.0 INCH 5 = HAIL
GRTST 24HR 0.0 6 = FREEZING RAIN OR DRIZZLE
GRTST DEPTH: 0 7 = DUSTSTORM OR SANDSTORM:
VSBY 1/2 MILE OR LESS
8 = SMOKE OR HAZE
[NO. OF DAYS WITH] [WEATHER - DAYS WITH] 9 = BLOWING SNOW
X = TORNADO
MAX 32 OR BELOW: 0 0.01 INCH OR MORE: 9
MAX 90 OR ABOVE: 24 0.10 INCH OR MORE: 5
MIN 32 OR BELOW: 0 0.50 INCH OR MORE: 0
MIN 0 OR BELOW: 0 1.00 INCH OR MORE: 0
[HDD (BASE 65) ]
TOTAL THIS MO. 0 CLEAR (SCALE 0-3) 15
DPTR FM NORMAL 0 PTCLDY (SCALE 4-7) 13
TOTAL FM JUL 1 0 CLOUDY (SCALE 8-10) 2
DPTR FM NORMAL 0
[CDD (BASE 65) ]
TOTAL THIS MO. 546
DPTR FM NORMAL 39 [PRESSURE DATA]
TOTAL FM JAN 1 3721 HIGHEST SLP M ON M
DPTR FM NORMAL 600 LOWEST SLP M ON M
[REMARKS]
#FINAL-09-23#