000
CXUS55 KCYS 101120
CF6LAR
PRELIMINARY LOCAL CLIMATOLOGICAL DATA (WS FORM: F-6) ...CORRECTED...
STATION: LARAMIE WYOMING AIRPORT
MONTH: MAY
YEAR: 2021
LATITUDE: 41 18 N
LONGITUDE: 105 40 W
TEMPERATURE IN F: :PCPN: SNOW: WIND :SUNSHINE: SKY :PK WND
================================================================================
1 2 3 4 5 6A 6B 7 8 9 10 11 12 13 14 15 16 17 18
12Z AVG MX 2MIN
DY MAX MIN AVG DEP HDD CDD WTR SNW DPTH SPD SPD DIR MIN PSBL S-S WX SPD DR
================================================================================
1 74 40 57 15 8 0 T M M 10.7 33 310 M M 3 45 240
2 59 35 47 5 18 0 0.45 M M 10.6 30 330 M M 7 13 43 340
3 37 30 34 -8 31 0 0.07 M M 11.2 18 50 M M 10 1 27 30
4 46 28 37 -6 28 0 0.10 M M 11.4 25 340 M M 6 1 37 290
5 53 29 41 -2 24 0 0.03 M M 9.5 24 320 M M 6 1 35 310
6 66 29 48 4 17 0 0.00 M M 8.1 21 160 M M 0 24 160
7 75 36 56 12 9 0 0.00 M M 11.0 30 240 M M 0 41 230
8 60 31 46 2 19 0 T M M 16.3 35 290 M M 1 1 51 300
9 50 23 37 -8 28 0 0.00 M M 7.1 16 130 M M 4 27 330
10 36 30 33 -12 32 0 0.18 M M 11.8 25 110 M M 10 12 32 110
11 43 29 36 -10 29 0 T M M 17.6 28 150 M M 8 1 39 150
12 56 26 41 -5 24 0 0.00 M M 10.1 23 300 M M 5 30 300
13 66 30 48 2 17 0 0.00 M M 13.3 36 270 M M 4 49 280
14 63 34 49 2 16 0 0.02 M M 10.3 25 50 M M 4 3 35 230
15 61 39 50 3 15 0 0.01 M M 15.0 28 200 M M 3 3 34 200
16 59 40 50 2 15 0 T M M 9.4 24 160 M M 6 29 170
17 62 38 50 2 15 0 0.00 M M 15.0 28 120 M M 6 3 36 120
18 67 34 51 3 14 0 0.00 M M 10.5 21 150 M M 1 3 26 130
19 69 36 53 4 12 0 0.06 M M 9.5 24 310 M M 3 3 32 320
20 74 42 58 9 7 0 T M M 14.3 36 160 M M 1 3 45 150
21 68 39 54 4 11 0 0.00 M M 13.4 39 150 M M 5 49 150
22 68 32 50 0 15 0 T M M 16.0 39 140 M M 3 12 52 130
23 60 33 47 -3 18 0 0.11 M M 12.7 38 140 M M 5 1 46 140
24 62 31 47 -4 18 0 0.00 M M 14.9 29 230 M M 1 40 220
25 66 32 49 -2 16 0 0.00 M M 11.2 30 270 M M 3 38 270
26 74 39 57 6 8 0 0.00 M M 17.4 43 260 M M 2 58 250
27 67 28 48 -4 17 0 0.00 M M 9.6 23 300 M M 0 31 270
28 75 34 55 3 10 0 0.00 M M 8.9 25 290 M M 2 34 240
29 69 38 54 2 11 0 T M M 11.7 24 140 M M 5 3 32 160
30 51 40 46 -7 19 0 0.63 M M 12.5 29 90 M M 7 13 38 90
31 62 34 48 -5 17 0 0.00 M M 12.0 21 150 M M 3 1 29 140
================================================================================
SM 1898 1039 538 0 1.66 M 373.0 M 124
================================================================================
AV 61.2 33.5 12.0 FASTST M M 4 MAX(MPH)
MISC ----> 43 260 58 250
================================================================================
NOTES:
# LAST OF SEVERAL OCCURRENCES
COLUMN 17 PEAK WIND IN M.P.H.
PRELIMINARY LOCAL CLIMATOLOGICAL DATA (WS FORM: F-6) , PAGE 2
STATION: LARAMIE WYOMING AIRPORT
MONTH: MAY
YEAR: 2021
LATITUDE: 41 18 N
LONGITUDE: 105 40 W
[TEMPERATURE DATA] [PRECIPITATION DATA] SYMBOLS USED IN COLUMN 16
AVERAGE MONTHLY: 47.4 TOTAL FOR MONTH: 1.66 1 = FOG OR MIST
DPTR FM NORMAL: -0.1 DPTR FM NORMAL: -0.09 2 = FOG REDUCING VISIBILITY
HIGHEST: 75 ON 28, 7 GRTST 24HR 0.63 ON 29-30 TO 1/4 MILE OR LESS
LOWEST: 23 ON 9 3 = THUNDER
SNOW, ICE PELLETS, HAIL 4 = ICE PELLETS
TOTAL MONTH: M 5 = HAIL
GRTST 24HR M ON M 6 = FREEZING RAIN OR DRIZZLE
GRTST DEPTH: M ON M 7 = DUSTSTORM OR SANDSTORM:
VSBY 1/2 MILE OR LESS
8 = SMOKE OR HAZE
[NO. OF DAYS WITH] [WEATHER - DAYS WITH] 9 = BLOWING SNOW
X = TORNADO
MAX 32 OR BELOW: 0 0.01 INCH OR MORE: 10
MAX 90 OR ABOVE: 0 0.10 INCH OR MORE: 5
MIN 32 OR BELOW: 14 0.50 INCH OR MORE: 1
MIN 0 OR BELOW: 0 1.00 INCH OR MORE: 0
[HDD (BASE 65) ]
TOTAL THIS MO. 538 CLEAR (SCALE 0-3) 14
DPTR FM NORMAL -6 PTCLDY (SCALE 4-7) 15
TOTAL FM JUL 1 8468 CLOUDY (SCALE 8-10) 2
DPTR FM NORMAL 11
[CDD (BASE 65) ]
TOTAL THIS MO. 0
DPTR FM NORMAL 0 [PRESSURE DATA]
TOTAL FM JAN 1 0 HIGHEST SLP 30.32 ON 5
DPTR FM NORMAL 0 LOWEST SLP 29.46 ON 2
[REMARKS]
MAY 7TH...TIED RECORD HIGH 75 DEGREES PREVIOUSLY SET IN 2004
MAY 30TH...RECORD PRECIPITATION 0.63" (PREVIOUS 0.49" IN 2001)
#FINAL-05-21#