653
CXUS55 KVEF 032313
CLALAS
CLIMATE REPORT
NATIONAL WEATHER SERVICE LAS VEGAS, NV
311 PM PST FRI JAN 3 2020
...................................
...THE LAS VEGAS NV CLIMATE SUMMARY FOR THE YEAR OF 2019...
CLIMATE NORMAL PERIOD 1981 TO 2010
CLIMATE RECORD PERIOD 1937 TO 2020
WEATHER OBSERVED NORMAL DEPART LAST YEAR`S
VALUE DATE(S) VALUE FROM VALUE DATE(S)
NORMAL
................................................................
TEMPERATURE (F)
RECORD
HIGH 117 06/20/2017
06/30/2013
07/19/2005
LOW 8 01/13/1963
01/25/1937
HIGHEST 113 08/05 113 0 115 07/25
LOWEST 28 01/02 27 1 31 02/24
AVG. MAXIMUM 79.7 80.1 -0.4 82.6
AVG. MINIMUM 59.3 58.7 0.6 61.7
MEAN 69.5 69.4 0.1 72.1
DAYS MAX >= 90 126 131.3 -5.3 150
DAYS MAX <= 32 0 0.0 0.0 0
DAYS MIN <= 32 6 7.5 -1.5 1
DAYS MIN <= 0 0 0.0 0.0 0
PRECIPITATION (INCHES)
RECORD
MAXIMUM 10.72 1941
MINIMUM 0.56 1953
TOTALS 6.87 4.19 2.68 3.39
DAILY AVG. T 0.01 -0.01 0.01
DAYS >= .01 36 26.5 9.5 20
DAYS >= .10 19 11.2 7.8 8
DAYS >= .50 2 2.5 -0.5 2
DAYS >= 1.00 1 0.2 0.8 1
GREATEST 24 HR. TOTAL 1.11 02/14 TO 02/14 1.33
01/09 TO 01/09
STORM TOTAL MM 1.47
(MM/DD(HH)) MM 01/08(01) TO 01/09(22)
SNOWFALL (INCHES)
RECORDS
TOTAL 16.7 1949
24 HR TOTAL 9.0 01/04/1974 TO 01/05/1974
SNOW DEPTH 8 01/05/1974
TOTALS 0.8 0.3 0.5 0.0
LIQUID EQUIV 0.08 0.00 0.08 0.00
SINCE 7/1 0.0 0.2 -0.2 0.0
LIQUID 7/1 0.00 0.00 0.00 0.00
SNOWDEPTH AVG. 0 MM MM 0
DAYS >= TRACE 5 0.2 4.8 0
DAYS >= 1.0 0 0.1 -0.1 0
GREATEST
SNOW DEPTH 0 MM
24 HR TOTAL 0.8 02/20 TO 02/21
DEGREE_DAYS
HEATING TOTAL 1875 1951 -76 1527
SINCE 7/1 767 847 -80 688
COOLING TOTAL 3648 3568 80 4255
SINCE 1/1 3648 3568 80 4255
FREEZE DATES
RECORD
EARLIEST 10/21/1949
LATEST 04/12/1967
EARLIEST 11/25
LATEST 02/19
.................................................................
WIND (MPH)
AVERAGE WIND SPEED 7.0
RESULTANT WIND SPEED/DIRECTION 2/204
HIGHEST WIND SPEED/DIRECTION 39/010 DATE 10/10
HIGHEST GUST SPEED/DIRECTION 52/020 DATE 10/10
SKY COVER
POSSIBLE SUNSHINE (PERCENT) MM
AVERAGE SKY COVER 0.40
NUMBER OF DAYS FAIR 171
NUMBER OF DAYS PC 158
NUMBER OF DAYS CLOUDY 36
AVERAGE RH (PERCENT) 30
WEATHER CONDITIONS. NUMBER OF DAYS WITH
THUNDERSTORM 13 MIXED PRECIP 0
HEAVY RAIN 3 RAIN 13
LIGHT RAIN 57 FREEZING RAIN 0
LT FREEZING RAIN 0 HAIL 0
HEAVY SNOW 0 SNOW 3
LIGHT SNOW 4 SLEET 0
FOG 21 FOG W/VIS <= 1/4 MILE 0
HAZE 10
- INDICATES NEGATIVE NUMBERS.
R INDICATES RECORD WAS SET OR TIED.
MM INDICATES DATA IS MISSING.