000
CXUS54 KOUN 011206
CF6LAW
PRELIMINARY LOCAL CLIMATOLOGICAL DATA (WS FORM: F-6)
STATION: LAWTON
MONTH: AUGUST
YEAR: 2023
LATITUDE: 34 34 N
LONGITUDE: 98 25 W
TEMPERATURE IN F: :PCPN: SNOW: WIND :SUNSHINE: SKY :PK WND
================================================================================
1 2 3 4 5 6A 6B 7 8 9 10 11 12 13 14 15 16 17 18
12Z AVG MX 2MIN
DY MAX MIN AVG DEP HDD CDD WTR SNW DPTH SPD SPD DIR MIN PSBL S-S WX SPD DR
================================================================================
1 108 71 90 5 0 25 0.00 0.0 0 7.7 17 160 M M 0 25 190
2 107 73 90 5 0 25 0.00 0.0 0 7.8 18 170 M M 0 26 200
3 108 74 91 6 0 26 0.00 0.0 0 8.1 16 180 M M 0 27 210
4 108 73 91 6 0 26 0.00 0.0 0 6.9 15 170 M M 0 21 160
5 101 74 88 3 0 23 0.00 0.0 0 11.6 29 60 M M 0 8 35 60
6 106 74 90 5 0 25 0.00 0.0 0 11.9 24 90 M M 0 34 330
7 99 76 88 3 0 23 0.00 0.0 0 12.3 25 40 M M 0 3 34 40
8 98 72 85 0 0 20 0.00 0.0 0 14.7 31 30 M M 0 41 40
9 106 76 91 6 0 26 0.02 0.0 0 12.6 22 360 M M 1 3 31 230
10 102 72 87 2 0 22 0.00 0.0 0 7.0 16 30 M M 0 19 30
11 111 73 92 7 0 27 0.23 0.0 0 9.1 29 90 M M 1 38 39 280
12 109 74 92 7 0 27 0.27 0.0 0 12.9 38 20 M M 2 3 47 20
13 108 75 92 8 0 27 0.00 0.0 0 9.9 33 10 M M 1 41 10
14 90 67 79 -5 0 14 0.00 0.0 0 12.7 25 20 M M 1 32 10
15 93 62 78 -6 0 13 0.00 0.0 0 5.4 15 20 M M 0 21 40
16 100 61 81 -3 0 16 0.00 0.0 0 6.9 16 130 M M 0 24 130
17 111 67 89 5 0 24 0.00 0.0 0 9.0 22 20 M M 0 26 10
18 109 73 91 7 0 26 0.00 0.0 0 6.1 16 40 M M 0 18 30
19 110 68 89 6 0 24 0.00 0.0 0 5.9 14 140 M M 0 20 220
20 110 70 90 7 0 25 0.00 0.0 0 4.9 15 90 M M 0 20 60
21 109 74 92 9 0 27 0.00 0.0 0 7.3 22 100 M M 0 26 90
22 107 75 91 8 0 26 0.00 0.0 0 7.3 18 110 M M 0 24 80
23 104 74 89 7 0 24 0.00 0.0 0 4.6 16 130 M M 0 21 120
24 106 72 89 7 0 24 0.00 0.0 0 4.0 14 220 M M 1 25 240
25 109 77 93 11 0 28 0.00 0.0 0 3.5 12 110 M M 2 15 120
26 107 72 90 8 0 25 0.00 0.0 0 8.8 21 10 M M 0 24 20
27 95 76 86 5 0 21 0.00 0.0 0 11.3 21 10 M M 1 24 10
28 95 68 82 1 0 17 0.00 0.0 0 9.2 21 20 M M 0 25 40
29 97 63 80 -1 0 15 0.00 0.0 0 6.6 18 20 M M 0 24 20
30 98 65 82 1 0 17 0.00 0.0 0 5.7 17 20 M M 0 23 20
31 100 63 82 2 0 17 0.00 0.0 0 3.9 13 80 M M 0 15 50
================================================================================
SM 3221 2204 0 705 0.52 0.0 255.6 M 10
================================================================================
AV103.9 71.1 8.2 FASTST M M 0 MAX(MPH)
MISC ----> 38 20 47 20
================================================================================
NOTES:
# LAST OF SEVERAL OCCURRENCES
COLUMN 17 PEAK WIND IN M.P.H.
PRELIMINARY LOCAL CLIMATOLOGICAL DATA (WS FORM: F-6) , PAGE 2
STATION: LAWTON
MONTH: AUGUST
YEAR: 2023
LATITUDE: 34 34 N
LONGITUDE: 98 25 W
[TEMPERATURE DATA] [PRECIPITATION DATA] SYMBOLS USED IN COLUMN 16
AVERAGE MONTHLY: 87.5 TOTAL FOR MONTH: 0.52 1 = FOG OR MIST
DPTR FM NORMAL: 3.9 DPTR FM NORMAL: -2.69 2 = FOG REDUCING VISIBILITY
HIGHEST: 111 ON 17,11 GRTST 24HR 0.50 ON 11-12 TO 1/4 MILE OR LESS
LOWEST: 61 ON 16 3 = THUNDER
SNOW, ICE PELLETS, HAIL 4 = ICE PELLETS
TOTAL MONTH: 0.0 INCH 5 = HAIL
GRTST 24HR 0.0 6 = FREEZING RAIN OR DRIZZLE
GRTST DEPTH: 0 7 = DUSTSTORM OR SANDSTORM:
VSBY 1/2 MILE OR LESS
8 = SMOKE OR HAZE
[NO. OF DAYS WITH] [WEATHER - DAYS WITH] 9 = BLOWING SNOW
X = TORNADO
MAX 32 OR BELOW: 0 0.01 INCH OR MORE: 3
MAX 90 OR ABOVE: 31 0.10 INCH OR MORE: 2
MIN 32 OR BELOW: 0 0.50 INCH OR MORE: 0
MIN 0 OR BELOW: 0 1.00 INCH OR MORE: 0
[HDD (BASE 65) ]
TOTAL THIS MO. 0 CLEAR (SCALE 0-3) 31
DPTR FM NORMAL 0 PTCLDY (SCALE 4-7) 0
TOTAL FM JUL 1 0 CLOUDY (SCALE 8-10) 0
DPTR FM NORMAL 0
[CDD (BASE 65) ]
TOTAL THIS MO. 705
DPTR FM NORMAL 130 [PRESSURE DATA]
TOTAL FM JAN 1 2034 HIGHEST SLP 30.20 ON 15
DPTR FM NORMAL 118 LOWEST SLP 29.63 ON 9
[REMARKS]
#FINAL-08-23#