000
CXUS56 KLOX 011630
CLMLAX
CLIMATE REPORT
NATIONAL WEATHER SERVICE LOS ANGELES/OXNARD
930 AM PDT THU JUN 01 2023
...................................
...THE LOS ANGELES INTL AIRPORT CA CLIMATE SUMMARY FOR THE MONTH OF MAY 2023...
CLIMATE NORMAL PERIOD: 1991 TO 2020
CLIMATE RECORD PERIOD: 1944 TO 2023
WEATHER OBSERVED NORMAL DEPART LAST YEAR`S
VALUE DATE(S) VALUE FROM VALUE
NORMAL
..............................................................
TEMPERATURE (F)
HIGHEST 70 05/14
05/18
LOWEST 49 05/03
AVG. MAXIMUM 65.9 69.5 -3.6
AVG. MINIMUM 56.5 57.6 -1.1
MEAN 61.2 63.6 -2.4
DAYS MAX >= 90 0
DAYS MAX <= 32 0
DAYS MIN <= 32 0
DAYS MIN <= 0 0
PRECIPITATION (INCHES)
TOTALS 0.28 0.28 0.00
DAILY AVG. 0.01 0.01 0.00
DAYS >= .01 5
DAYS >= .10 1
DAYS >= .50 0
DAYS >= 1.00 0
GREATEST
24 HR. TOTAL 0.13 05/04 TO 05/04
DEGREE DAYS
HEATING TOTAL 111 70 41 48
SINCE 7/1 1551 1199 352 MM
COOLING TOTAL 0 24 -24 16
SINCE 1/1 8 62 -54 MM
..............................................................
WIND (MPH)
AVERAGE WIND SPEED 8.3
HIGHEST WIND SPEED/DIRECTION 31/260 DATE 05/09
HIGHEST GUST SPEED/DIRECTION 36/260 DATE 05/09
SKY COVER
POSSIBLE SUNSHINE (PERCENT) MM
AVERAGE SKY COVER 0.74
NUMBER OF DAYS FAIR 3
NUMBER OF DAYS PC 10
NUMBER OF DAYS CLOUDY 18
AVERAGE RH (PERCENT) 78
WEATHER CONDITIONS. NUMBER OF DAYS WITH
THUNDERSTORM 1 MIXED PRECIP 0
HEAVY RAIN 0 RAIN 0
LIGHT RAIN 9 FREEZING RAIN 0
LT FREEZING RAIN 0 HAIL 0
HEAVY SNOW 0 SNOW 0
LIGHT SNOW 0 SLEET 0
FOG 16 FOG W/VIS <= 1/4 MILE 0
HAZE 7
- INDICATES NEGATIVE NUMBERS.
R INDICATES RECORD WAS SET OR TIED.
MM INDICATES DATA IS MISSING.
T INDICATES TRACE AMOUNT.
$$