000
CXUS52 KILM 011000
CF6LBT
PRELIMINARY LOCAL CLIMATOLOGICAL DATA (WS FORM: F-6)
STATION: LUMBERTON NORTH CAROLINA
MONTH: OCTOBER
YEAR: 2021
LATITUDE: 34 35 N
LONGITUDE: 79 4 W
TEMPERATURE IN F: :PCPN: SNOW: WIND :SUNSHINE: SKY :PK WND
================================================================================
1 2 3 4 5 6A 6B 7 8 9 10 11 12 13 14 15 16 17 18
12Z AVG MX 2MIN
DY MAX MIN AVG DEP HDD CDD WTR SNW DPTH SPD SPD DIR MIN PSBL S-S WX SPD DR
================================================================================
1 82 58 70 0 0 5 0.00 M M M M M M M M M M
2 85 56 71 2 0 6 0.00 M M M M M M M M M M
3 85 58 72 3 0 7 0.00 M M M M M M M M M M
4 89 63 76 7 0 11 0.01 M M M M M M M M M M
5 87 66 77 9 0 12 0.03 M M M M M M M M M M
6 84 70 77 9 0 12 0.00 M M M M M M M M M M
7 78 68 73 5 0 8 0.00 M M M M M M M M M M
8 73 68 71 4 0 6 0.01 M M M M M M M M M M
9 73 65 69 2 0 4 0.16 M M M M M M M M M M
10 76 66 71 5 0 6 0.00 M M M M M M M M M M
11 73 68 71 5 0 6 0.00 M M M M M M M M M M
12 77 67 72 6 0 7 0.00 M M M M M M M M M M
13 86 58 72 7 0 7 0.00 M M M M M M M M M M
14 88 61 75 10 0 10 0.00 M M M M M M M M M M
15 88 58 73 9 0 8 0.00 M M M M M M M M M M
16 89 60 75 11 0 10 0.00 M M M M M M M M M M
17 69 45 57 -7 8 0 0.00 M M M M M M M M M M
18 74 42 58 -5 7 0 0.00 M M M M M M M M M M
19 79 42 61 -2 4 0 0.00 M M M M M M M M M M
20 83 46 65 2 0 0 0.00 M M M M M M M M M M
21 81 53 67 5 0 2 0.00 M M M M M M M M M M
22 83 58 71 9 0 6 0.00 M M M M M M M M M M
23 78 50 64 2 1 0 0.00 M M M M M M M M M M
24 81 47 64 3 1 0 0.00 M M M M M M M M M M
25 80 60 70 9 0 5 0.70 M M M M M M M M M M
26 74 50 62 2 3 0 0.00 M M M M M M M M M M
27 71 44 58 -2 7 0 0.00 M M M M M M M M M M
28 71 46 59 -1 6 0 0.37 M M M M M M M M M M
29 69 50 60 1 5 0 0.07 M M M M M M M M M M
30 63 51 57 -2 8 0 0.00 M M M M M M M M M M
31 73 50 62 3 3 0 0.00 M M M M M M M M M M
================================================================================
SM 2442 1744 53 138 1.35 M M M M
================================================================================
AV 78.8 56.3 M FASTST M M M MAX(MPH)
MISC ----> M M M M
================================================================================
NOTES:
# LAST OF SEVERAL OCCURRENCES
COLUMN 17 PEAK WIND IN M.P.H.
PRELIMINARY LOCAL CLIMATOLOGICAL DATA (WS FORM: F-6) , PAGE 2
STATION: LUMBERTON NORTH CAROLINA
MONTH: OCTOBER
YEAR: 2021
LATITUDE: 34 35 N
LONGITUDE: 79 4 W
[TEMPERATURE DATA] [PRECIPITATION DATA] SYMBOLS USED IN COLUMN 16
AVERAGE MONTHLY: 67.5 TOTAL FOR MONTH: 1.35 1 = FOG OR MIST
DPTR FM NORMAL: 3.3 DPTR FM NORMAL: -0.94 2 = FOG REDUCING VISIBILITY
HIGHEST: 89 ON 16, 4 GRTST 24HR 0.70 ON 25-25 TO 1/4 MILE OR LESS
LOWEST: 42 ON 19,18 3 = THUNDER
SNOW, ICE PELLETS, HAIL 4 = ICE PELLETS
TOTAL MONTH: M 5 = HAIL
GRTST 24HR M ON M 6 = FREEZING RAIN OR DRIZZLE
GRTST DEPTH: M ON M 7 = DUSTSTORM OR SANDSTORM:
VSBY 1/2 MILE OR LESS
8 = SMOKE OR HAZE
[NO. OF DAYS WITH] [WEATHER - DAYS WITH] 9 = BLOWING SNOW
X = TORNADO
MAX 32 OR BELOW: 0 0.01 INCH OR MORE: 7
MAX 90 OR ABOVE: 0 0.10 INCH OR MORE: 3
MIN 32 OR BELOW: 0 0.50 INCH OR MORE: 1
MIN 0 OR BELOW: 0 1.00 INCH OR MORE: 0
[HDD (BASE 65) ]
TOTAL THIS MO. 53 CLEAR (SCALE 0-3) 0
DPTR FM NORMAL -57 PTCLDY (SCALE 4-7) 0
TOTAL FM JUL 1 53 CLOUDY (SCALE 8-10) 31
DPTR FM NORMAL -63
[CDD (BASE 65) ]
TOTAL THIS MO. 138
DPTR FM NORMAL 53 [PRESSURE DATA]
TOTAL FM JAN 1 2107 HIGHEST SLP M ON M
DPTR FM NORMAL 37 LOWEST SLP M ON M
[REMARKS]
#FINAL-10-21#