653
CXUS52 KILM 012021
CF6LBT
PRELIMINARY LOCAL CLIMATOLOGICAL DATA (WS FORM: F-6)
STATION: LUMBERTON NORTH CAROLINA
MONTH: OCTOBER
YEAR: 2020
LATITUDE: 34 35 N
LONGITUDE: 79 4 W
TEMPERATURE IN F: :PCPN: SNOW: WIND :SUNSHINE: SKY :PK WND
================================================================================
1 2 3 4 5 6A 6B 7 8 9 10 11 12 13 14 15 16 17 18
12Z AVG MX 2MIN
DY MAX MIN AVG DEP HDD CDD WTR SNW DPTH SPD SPD DIR MIN PSBL S-S WX SPD DR
================================================================================
1 79 54 67 -1 0 2 0.00 M M M M M M M M M M
2 72 56 64 -4 1 0 0.00 M M M M M M M M M M
3 71 51 61 -7 4 0 0.00 M M M M M M M M M M
4 66 54 60 -7 5 0 0.00 M M M M M M M M M M
5 74 49 62 -5 3 0 0.00 M M M M M M M M M M
6 80 52 66 -1 0 1 0.00 M M M M M M M M M M
7 83 58 71 5 0 6 0.00 M M M M M M M M M M
8 86 56 71 5 0 6 0.00 M M M M M M M M M M
9 76 64 70 4 0 5 0.00 M M M M M M M M M M
10 81 66 74 9 0 9 0.03 M M M M M M M M M M
11 81 69 75 10 0 10 3.95 M M M M M M M M M M
12 82 69 76 11 0 11 0.00 M M M M M M M M M M
13 85 66 76 12 0 11 0.00 M M M M M M M M M M
14 79 56 68 4 0 3 0.00 M M M M M M M M M M
15 81 53 67 3 0 2 0.00 M M M M M M M M M M
16 76 55 66 3 0 1 0.00 M M M M M M M M M M
17 67 48 58 -5 7 0 0.00 M M M M M M M M M M
18 76 46 61 -2 4 0 0.00 M M M M M M M M M M
19 81 54 68 6 0 3 0.00 M M M M M M M M M M
20 81 60 71 9 0 6 0.00 M M M M M M M M M M
21 84 63 74 12 0 9 0.00 M M M M M M M M M M
22 83 63 73 12 0 8 0.00 M M M M M M M M M M
23 84 62 73 12 0 8 0.00 M M M M M M M M M M
24 85 59 72 11 0 7 0.00 M M M M M M M M M M
25 72 57 65 5 0 0 0.20 M M M M M M M M M M
26 75 54 65 5 0 0 0.00 M M M M M M M M M M
27 81 54 68 8 0 3 0.00 M M M M M M M M M M
28 82 58 70 10 0 5 0.00 M M M M M M M M M M
29 82 68 75 16 0 10 0.00 M M M M M M M M M M
30 76 51 64 5 1 0 0.02 M M M M M M M M M M
31 65 48 57 -2 8 0 0.00 M M M M M M M M M M
================================================================================
SM 2426 1773 33 126 4.20 M M M M
================================================================================
AV 78.3 57.2 M FASTST M M M MAX(MPH)
MISC ----> M M M M
================================================================================
NOTES:
# LAST OF SEVERAL OCCURRENCES
COLUMN 17 PEAK WIND IN M.P.H.
PRELIMINARY LOCAL CLIMATOLOGICAL DATA (WS FORM: F-6) , PAGE 2
STATION: LUMBERTON NORTH CAROLINA
MONTH: OCTOBER
YEAR: 2020
LATITUDE: 34 35 N
LONGITUDE: 79 4 W
[TEMPERATURE DATA] [PRECIPITATION DATA] SYMBOLS USED IN COLUMN 16
AVERAGE MONTHLY: 67.7 TOTAL FOR MONTH: 4.20 1 = FOG OR MIST
DPTR FM NORMAL: 4.3 DPTR FM NORMAL: 1.63 2 = FOG REDUCING VISIBILITY
HIGHEST: 86 ON 8 GRTST 24HR 3.95 ON 11-11 TO 1/4 MILE OR LESS
LOWEST: 46 ON 18 3 = THUNDER
SNOW, ICE PELLETS, HAIL 4 = ICE PELLETS
TOTAL MONTH: M 5 = HAIL
GRTST 24HR M ON M 6 = FREEZING RAIN OR DRIZZLE
GRTST DEPTH: M ON M 7 = DUSTSTORM OR SANDSTORM:
VSBY 1/2 MILE OR LESS
8 = SMOKE OR HAZE
[NO. OF DAYS WITH] [WEATHER - DAYS WITH] 9 = BLOWING SNOW
X = TORNADO
MAX 32 OR BELOW: 0 0.01 INCH OR MORE: 4
MAX 90 OR ABOVE: 0 0.10 INCH OR MORE: 2
MIN 32 OR BELOW: 0 0.50 INCH OR MORE: 1
MIN 0 OR BELOW: 0 1.00 INCH OR MORE: 1
[HDD (BASE 65) ]
TOTAL THIS MO. 33 CLEAR (SCALE 0-3) 0
DPTR FM NORMAL -90 PTCLDY (SCALE 4-7) 0
TOTAL FM JUL 1 49 CLOUDY (SCALE 8-10) 31
DPTR FM NORMAL -81
[CDD (BASE 65) ]
TOTAL THIS MO. 126
DPTR FM NORMAL 53 [PRESSURE DATA]
TOTAL FM JAN 1 2035 HIGHEST SLP M ON M
DPTR FM NORMAL 141 LOWEST SLP M ON M
[REMARKS]
#FINAL-10-20#