653
CXUS54 KHGX 010719
CF6LBX
PRELIMINARY LOCAL CLIMATOLOGICAL DATA (WS FORM: F-6)
STATION: ANGLETON/LAKE_JACKS
MONTH: MARCH
YEAR: 2020
LATITUDE: 29 6 N
LONGITUDE: 95 28 W
TEMPERATURE IN F: :PCPN: SNOW: WIND :SUNSHINE: SKY :PK WND
================================================================================
1 2 3 4 5 6A 6B 7 8 9 10 11 12 13 14 15 16 17 18
12Z AVG MX 2MIN
DY MAX MIN AVG DEP HDD CDD WTR SNW DPTH SPD SPD DIR MIN PSBL S-S WX SPD DR
================================================================================
1 73 63 68 9 0 3 0.00 0.0 0 17.9 30 170 M M 8 37 170
2 79 67 73 14 0 8 0.00 0.0 0 12.3 24 170 M M 9 1 28 170
3 76 68 72 12 0 7 0.00 0.0 0 7.7 16 120 M M 9 1 23 110
4 79 59 69 9 0 4 0.01 0.0 0 9.7 21 10 M M 10 18 26 300
5 74 50 62 2 3 0 0.00 0.0 0 9.8 21 10 M M 6 27 350
6 73 44 59 -1 6 0 0.00 0.0 0 6.6 21 50 M M 0 25 40
7 63 40 52 -8 13 0 0.00 0.0 0 6.0 15 100 M M 1 1 20 80
8 73 49 61 1 4 0 0.00 0.0 0 11.1 21 130 M M 2 27 130
9 75 63 69 8 0 4 0.01 0.0 0 8.6 21 180 M M 7 25 190
10 80 62 71 10 0 6 0.00 0.0 0 5.2 17 160 M M 7 12 21 160
11 81 61 71 10 0 6 0.00 0.0 0 10.2 20 190 M M 8 12 25 180
12 81 68 75 14 0 10 0.00 0.0 0 13.5 23 180 M M 9 8 28 180
13 79 70 75 14 0 10 0.00 0.0 0 12.0 21 160 M M 10 1 27 170
14 81 70 76 14 0 11 0.00 0.0 0 11.7 22 160 M M 9 1 27 150
15 81 66 74 12 0 9 T 0.0 0 6.9 15 130 M M 9 1 20 140
16 72 63 68 6 0 3 0.08 0.0 0 5.5 20 130 M M 7 1 25 120
17 81 69 75 13 0 10 0.00 0.0 0 10.1 20 180 M M 8 1 25 180
18 82 71 77 15 0 12 0.00 0.0 0 14.6 23 170 M M 10 31 170
19 84 73 79 17 0 14 0.00 0.0 0 17.3 29 180 M M 9 8 36 190
20 83 66 75 12 0 10 T 0.0 0 9.5 22 10 M M 9 13 29 10
21 67 58 63 0 2 0 0.28 0.0 0 10.4 21 10 M M 10 13 24 10
22 80 63 72 9 0 7 0.03 0.0 0 10.7 23 180 M M 9 1 28 170
23 83 72 78 15 0 13 0.00 0.0 0 12.2 22 190 M M 9 18 26 170
24 85 68 77 13 0 12 0.00 0.0 0 12.5 22 190 M M 9 18 29 190
25 85 68 77 13 0 12 0.00 0.0 0 5.3 15 170 M M 7 18 19 160
26 84 66 75 11 0 10 0.00 0.0 0 11.1 22 160 M M 5 128 27 160
27 85 73 79 15 0 14 0.00 0.0 0 17.3 29 170 M M 6 1 36 170
28 83 65 74 10 0 9 T 0.0 0 10.2 23 190 M M 8 29 190
29 80 57 69 4 0 4 T 0.0 0 8.4 20 90 M M 6 25 70
30 84 69 77 12 0 12 0.01 0.0 0 11.3 26 150 M M 6 1 32 170
31 78 55 67 2 0 2 0.00 0.0 0 8.9 21 350 M M 3 1 27 350
================================================================================
SM 2444 1956 28 222 0.42 0.0 324.5 M 225
================================================================================
AV 78.8 63.1 10.5 FASTST M M 7 MAX(MPH)
MISC ----> # 30 170 # 37 170
================================================================================
NOTES:
# LAST OF SEVERAL OCCURRENCES
COLUMN 17 PEAK WIND IN M.P.H.
PRELIMINARY LOCAL CLIMATOLOGICAL DATA (WS FORM: F-6) , PAGE 2
STATION: ANGLETON/LAKE_JACKS
MONTH: MARCH
YEAR: 2020
LATITUDE: 29 6 N
LONGITUDE: 95 28 W
[TEMPERATURE DATA] [PRECIPITATION DATA] SYMBOLS USED IN COLUMN 16
AVERAGE MONTHLY: 71.0 TOTAL FOR MONTH: 0.42 1 = FOG OR MIST
DPTR FM NORMAL: 9.0 DPTR FM NORMAL: -3.05 2 = FOG REDUCING VISIBILITY
HIGHEST: 85 ON 27,25 GRTST 24HR 0.28 ON 21-21 TO 1/4 MILE OR LESS
LOWEST: 40 ON 7 3 = THUNDER
SNOW, ICE PELLETS, HAIL 4 = ICE PELLETS
TOTAL MONTH: 0.0 INCH 5 = HAIL
GRTST 24HR 0.0 6 = FREEZING RAIN OR DRIZZLE
GRTST DEPTH: 0 7 = DUSTSTORM OR SANDSTORM:
VSBY 1/2 MILE OR LESS
8 = SMOKE OR HAZE
[NO. OF DAYS WITH] [WEATHER - DAYS WITH] 9 = BLOWING SNOW
X = TORNADO
MAX 32 OR BELOW: 0 0.01 INCH OR MORE: 6
MAX 90 OR ABOVE: 0 0.10 INCH OR MORE: 1
MIN 32 OR BELOW: 0 0.50 INCH OR MORE: 0
MIN 0 OR BELOW: 0 1.00 INCH OR MORE: 0
[HDD (BASE 65) ]
TOTAL THIS MO. 28 CLEAR (SCALE 0-3) 3
DPTR FM NORMAL -121 PTCLDY (SCALE 4-7) 11
TOTAL FM JUL 1 936 CLOUDY (SCALE 8-10) 17
DPTR FM NORMAL -337
[CDD (BASE 65) ]
TOTAL THIS MO. 222
DPTR FM NORMAL 166 [PRESSURE DATA]
TOTAL FM JAN 1 289 HIGHEST SLP 30.50 ON 6
DPTR FM NORMAL 197 LOWEST SLP 29.63 ON 4
[REMARKS]
#FINAL-03-20#