000
CXUS54 KLCH 010930
CF6LCH
PRELIMINARY LOCAL CLIMATOLOGICAL DATA (WS FORM: F-6)
STATION: LAKE CHARLES
MONTH: DECEMBER
YEAR: 2021
LATITUDE: 30 7 N
LONGITUDE: 93 13 W
TEMPERATURE IN F: :PCPN: SNOW: WIND :SUNSHINE: SKY :PK WND
================================================================================
1 2 3 4 5 6A 6B 7 8 9 10 11 12 13 14 15 16 17 18
12Z AVG MX 2MIN
DY MAX MIN AVG DEP HDD CDD WTR SNW DPTH SPD SPD DIR MIN PSBL S-S WX SPD DR
================================================================================
1 74 47 61 3 4 0 0.00 0.0 M 4.2 12 140 M M 2 12 15 210
2 76 51 64 6 1 0 0.00 0.0 M 2.5 10 200 M M 5 12 16 210
3 76 52 64 7 1 0 0.00 0.0 M 4.0 12 170 M M 5 128 16 190
4 79 58 69 12 0 4 0.00 0.0 M 3.8 12 200 M M 7 12 17 220
5 76 57 67 10 0 2 0.00 0.0 M 7.1 16 160 M M 9 12 21 150
6 79 53 66 9 0 1 0.36 0.0 M 13.1 25 30 M M 7 123 32 20
7 55 48 52 -5 13 0 0.00 0.0 M 9.4 18 50 M M 10 1 24 40
8 63 52 58 2 7 0 0.01 0.0 M 7.4 15 50 M M 9 1 25 70
9 78 55 67 11 0 2 0.00 0.0 M 10.4 21 210 M M 9 1 30 210
10 80 72 76 20 0 11 0.00 0.0 M 13.9 26 200 M M 10 18 38 190
11 73 49 61 5 4 0 0.09 M M 13.2 24 10 M M 8 18 35 360
12 62 41 52 -4 13 0 0.00 0.0 M 9.8 18 60 M M 0 24 30
13 75 47 61 5 4 0 0.00 0.0 M 7.0 13 120 M M 7 17 110
14 80 62 71 15 0 6 0.00 0.0 M 9.6 18 160 M M 5 1 24 160
15 79 64 72 17 0 7 0.00 0.0 M 11.8 22 160 M M 8 128 28 160
16 80 63 72 17 0 7 0.07 0.0 M 9.0 17 210 M M 7 128 24 200
17 81 67 74 19 0 9 0.00 0.0 M 9.2 17 140 M M 7 12 24 200
18 79 57 68 13 0 3 1.63 0.0 M 8.7 25 350 M M 9 1238 35 360
19 58 45 52 -3 13 0 0.00 0.0 M 14.5 23 20 M M 4 1 31 20
20 51 42 47 -8 18 0 0.04 M M 9.4 16 360 M M 7 1 20 20
21 60 40 50 -4 15 0 0.00 0.0 M 6.2 13 20 M M 3 19 330
22 67 37 52 -2 13 0 0.00 0.0 M 3.6 10 220 M M 0 14 250
23 71 43 57 3 8 0 0.00 0.0 M 8.9 17 180 M M 2 1 27 180
24 76 52 64 10 1 0 0.00 0.0 M 9.9 22 190 M M 2 1 33 190
25 77 59 68 14 0 3 0.00 0.0 M 9.1 17 200 M M 8 12 26 210
26 78 67 73 19 0 8 0.00 0.0 M 10.1 21 210 M M 7 28 190
27 78 61 70 16 0 5 0.00 0.0 M 9.6 21 200 M M 7 29 210
28 79 62 71 17 0 6 0.01 0.0 M 11.2 22 200 M M 7 1 31 190
29 80 71 76 22 0 11 T 0.0 M 11.5 20 190 M M 9 1 28 190
30 81 66 74 21 0 9 0.00 0.0 M 5.4 13 140 M M 7 128 18 200
31 80 73 77 24 0 12 0.00 0.0 M 12.4 22 200 M M 9 18 29 200
================================================================================
SM 2281 1713 115 106 2.21 0.0 275.9 M 196
================================================================================
AV 73.6 55.3 8.9 FASTST M M 6 MAX(MPH)
MISC ----> 26 200 38 190
================================================================================
NOTES:
# LAST OF SEVERAL OCCURRENCES
COLUMN 17 PEAK WIND IN M.P.H.
PRELIMINARY LOCAL CLIMATOLOGICAL DATA (WS FORM: F-6) , PAGE 2
STATION: LAKE CHARLES
MONTH: DECEMBER
YEAR: 2021
LATITUDE: 30 7 N
LONGITUDE: 93 13 W
[TEMPERATURE DATA] [PRECIPITATION DATA] SYMBOLS USED IN COLUMN 16
AVERAGE MONTHLY: 64.4 TOTAL FOR MONTH: 2.21 1 = FOG OR MIST
DPTR FM NORMAL: 9.1 DPTR FM NORMAL: -2.35 2 = FOG REDUCING VISIBILITY
HIGHEST: 81 ON 30,17 GRTST 24HR 1.63 ON 18-18 TO 1/4 MILE OR LESS
LOWEST: 37 ON 22 3 = THUNDER
SNOW, ICE PELLETS, HAIL 4 = ICE PELLETS
TOTAL MONTH: 0.0 INCH 5 = HAIL
GRTST 24HR 0.0 6 = FREEZING RAIN OR DRIZZLE
GRTST DEPTH: M ON M 7 = DUSTSTORM OR SANDSTORM:
VSBY 1/2 MILE OR LESS
8 = SMOKE OR HAZE
[NO. OF DAYS WITH] [WEATHER - DAYS WITH] 9 = BLOWING SNOW
X = TORNADO
MAX 32 OR BELOW: 0 0.01 INCH OR MORE: 7
MAX 90 OR ABOVE: 0 0.10 INCH OR MORE: 2
MIN 32 OR BELOW: 0 0.50 INCH OR MORE: 1
MIN 0 OR BELOW: 0 1.00 INCH OR MORE: 1
[HDD (BASE 65) ]
TOTAL THIS MO. 115 CLEAR (SCALE 0-3) 6
DPTR FM NORMAL -210 PTCLDY (SCALE 4-7) 16
TOTAL FM JUL 1 317 CLOUDY (SCALE 8-10) 9
DPTR FM NORMAL -202
[CDD (BASE 65) ]
TOTAL THIS MO. 106
DPTR FM NORMAL 82 [PRESSURE DATA]
TOTAL FM JAN 1 3139 HIGHEST SLP 30.36 ON 12
DPTR FM NORMAL 75 LOWEST SLP 29.74 ON 28
[REMARKS]
#FINAL-12-21#