000
CXUS54 KLCH 010830
CF6LCH
PRELIMINARY LOCAL CLIMATOLOGICAL DATA (WS FORM: F-6)
STATION: LAKE CHARLES
MONTH: APRIL
YEAR: 2021
LATITUDE: 30 7 N
LONGITUDE: 93 13 W
TEMPERATURE IN F: :PCPN: SNOW: WIND :SUNSHINE: SKY :PK WND
================================================================================
1 2 3 4 5 6A 6B 7 8 9 10 11 12 13 14 15 16 17 18
12Z AVG MX 2MIN
DY MAX MIN AVG DEP HDD CDD WTR SNW DPTH SPD SPD DIR MIN PSBL S-S WX SPD DR
================================================================================
1 70 48 59 -6 6 0 0.00 0.0 M 13.5 26 40 M M 2 37 10
2 66 42 54 -11 11 0 0.00 0.0 M 7.1 17 80 M M 0 25 70
3 68 45 57 -8 8 0 0.00 0.0 M 4.3 15 130 M M 2 19 120
4 77 56 67 2 0 2 0.00 0.0 M 6.5 14 150 M M 5 23 160
5 79 56 68 2 0 3 0.00 0.0 M 6.5 14 150 M M 0 1 19 150
6 81 61 71 5 0 6 0.00 0.0 M 9.7 18 200 M M 5 1 29 190
7 81 64 73 7 0 8 0.42 0.0 M 12.1 21 180 M M 8 13 33 180
8 86 56 71 5 0 6 0.04 0.0 M 5.1 14 150 M M 2 1 20 120
9 84 71 78 12 0 13 T 0.0 M 10.6 20 170 M M 8 18 29 190
10 83 64 74 7 0 9 1.74 0.0 M 5.3 28 20 M M 7 13 37 20
11 87 59 73 6 0 8 0.00 0.0 M 6.4 13 120 M M 0 19 20
12 84 57 71 4 0 6 0.00 0.0 M 6.5 17 130 M M 0 1 22 150
13 73 68 71 4 0 6 0.04 0.0 M 10.7 25 120 M M 9 1 32 120
14 78 67 73 5 0 8 1.46 0.0 M 10.0 25 190 M M 10 138 39 180
15 73 63 68 0 0 3 0.01 0.0 M 12.4 23 20 M M 7 13 30 20
16 71 63 67 -1 0 2 0.10 0.0 M 11.7 26 10 M M 9 13 33 10
17 66 57 62 -6 3 0 0.20 0.0 M 11.5 21 360 M M 9 1 29 360
18 72 53 63 -6 2 0 T 0.0 M 9.1 16 340 M M 2 22 360
19 75 49 62 -7 3 0 0.02 0.0 M 5.6 14 60 M M 2 19 80
20 78 58 68 -1 0 3 0.01 0.0 M 5.0 14 210 M M 2 20 200
21 70 51 61 -8 4 0 0.00 0.0 M 11.5 21 20 M M 0 28 10
22 74 51 63 -7 2 0 0.00 0.0 M 9.9 16 130 M M 2 22 120
23 78 64 71 1 0 6 0.82 0.0 M 15.6 31 140 M M 10 13 51 220
24 89 68 79 9 0 14 T 0.0 M 10.0 25 250 M M 4 138 40 230
25 81 60 71 1 0 6 0.00 0.0 M 6.9 16 60 M M 0 8 23 80
26 82 59 71 0 0 6 0.00 0.0 M 7.9 17 140 M M 0 1 24 160
27 84 73 79 8 0 14 0.00 0.0 M 12.4 31 140 M M 8 1 38 140
28 87 76 82 11 0 17 0.00 0.0 M 18.1 29 160 M M 5 43 160
29 85 75 80 9 0 15 0.06 0.0 M 9.2 21 150 M M 8 18 29 140
30 79 69 74 2 0 9 0.05 0.0 M 7.5 21 50 M M 6 13 26 40
================================================================================
SM 2341 1803 39 170 4.97 0.0 278.6 M 132
================================================================================
AV 78.0 60.1 9.3 FASTST M M 4 MAX(MPH)
MISC ----> # 31 140 51 220
================================================================================
NOTES:
# LAST OF SEVERAL OCCURRENCES
COLUMN 17 PEAK WIND IN M.P.H.
PRELIMINARY LOCAL CLIMATOLOGICAL DATA (WS FORM: F-6) , PAGE 2
STATION: LAKE CHARLES
MONTH: APRIL
YEAR: 2021
LATITUDE: 30 7 N
LONGITUDE: 93 13 W
[TEMPERATURE DATA] [PRECIPITATION DATA] SYMBOLS USED IN COLUMN 16
AVERAGE MONTHLY: 69.1 TOTAL FOR MONTH: 4.97 1 = FOG OR MIST
DPTR FM NORMAL: 1.0 DPTR FM NORMAL: 1.64 2 = FOG REDUCING VISIBILITY
HIGHEST: 89 ON 24 GRTST 24HR 1.74 ON 9-10 TO 1/4 MILE OR LESS
LOWEST: 42 ON 2 3 = THUNDER
SNOW, ICE PELLETS, HAIL 4 = ICE PELLETS
TOTAL MONTH: 0.0 INCH 5 = HAIL
GRTST 24HR 0.0 6 = FREEZING RAIN OR DRIZZLE
GRTST DEPTH: M ON M 7 = DUSTSTORM OR SANDSTORM:
VSBY 1/2 MILE OR LESS
8 = SMOKE OR HAZE
[NO. OF DAYS WITH] [WEATHER - DAYS WITH] 9 = BLOWING SNOW
X = TORNADO
MAX 32 OR BELOW: 0 0.01 INCH OR MORE: 13
MAX 90 OR ABOVE: 0 0.10 INCH OR MORE: 6
MIN 32 OR BELOW: 0 0.50 INCH OR MORE: 3
MIN 0 OR BELOW: 0 1.00 INCH OR MORE: 2
[HDD (BASE 65) ]
TOTAL THIS MO. 39 CLEAR (SCALE 0-3) 14
DPTR FM NORMAL -6 PTCLDY (SCALE 4-7) 9
TOTAL FM JUL 1 1404 CLOUDY (SCALE 8-10) 7
DPTR FM NORMAL -84
[CDD (BASE 65) ]
TOTAL THIS MO. 170
DPTR FM NORMAL 34 [PRESSURE DATA]
TOTAL FM JAN 1 323 HIGHEST SLP 30.52 ON 2
DPTR FM NORMAL 115 LOWEST SLP 29.64 ON 24
[REMARKS]
#FINAL-04-21#