000
CXUS54 KLCH 010830
CF6LCH
PRELIMINARY LOCAL CLIMATOLOGICAL DATA (WS FORM: F-6)
STATION: LAKE CHARLES
MONTH: AUGUST
YEAR: 2023
LATITUDE: 30 7 N
LONGITUDE: 93 13 W
TEMPERATURE IN F: :PCPN: SNOW: WIND :SUNSHINE: SKY :PK WND
================================================================================
1 2 3 4 5 6A 6B 7 8 9 10 11 12 13 14 15 16 17 18
12Z AVG MX 2MIN
DY MAX MIN AVG DEP HDD CDD WTR SNW DPTH SPD SPD DIR MIN PSBL S-S WX SPD DR
================================================================================
1 102 75 89 5 0 24 0.00 0.0 M 4.1 13 50 M M 1 18 190
2 101 79 90 6 0 25 0.00 0.0 M 4.6 15 210 M M 1 1 21 210
3 98 80 89 5 0 24 0.00 0.0 M 5.1 14 210 M M 1 8 22 180
4 98 80 89 5 0 24 0.00 0.0 M 7.3 16 200 M M 1 22 220
5 99 79 89 5 0 24 0.00 0.0 M 7.5 17 190 M M 0 23 210
6 97 82 90 6 0 25 0.00 0.0 M 8.3 16 210 M M 1 23 190
7 97 83 90 6 0 25 0.00 0.0 M 9.4 18 190 M M 1 26 190
8 100 83 92 8 0 27 0.00 0.0 M 9.2 17 200 M M 1 25 200
9 96 83 90 6 0 25 0.00 0.0 M 11.4 21 200 M M 1 30 210
10 97 84 91 7 0 26 0.00 0.0 M 12.2 21 210 M M 1 29 240
11 97 83 90 6 0 25 0.00 0.0 M 9.7 18 200 M M 1 8 27 190
12 99 82 91 7 0 26 0.00 0.0 M 9.2 16 210 M M 1 24 230
13 97 78 88 4 0 23 0.00 0.0 0 7.3 16 200 M M 1 18 23 190
14 97 80 89 5 0 24 0.00 0.0 0 8.4 16 200 M M 0 1 24 200
15 104 81 93 9 0 28 0.00 0.0 0 7.8 18 60 M M 2 23 50
16 98 75 87 3 0 22 0.00 0.0 M 5.9 16 70 M M 2 8 22 60
17 98 74 86 2 0 21 0.00 0.0 0 5.6 16 200 M M 1 18 23 190
18 100 74 87 3 0 22 0.00 0.0 M 6.3 16 200 M M 0 1 22 210
19 101 79 90 6 0 25 0.00 0.0 M 7.1 15 210 M M 0 21 220
20 105 79 92 8 0 27 0.00 0.0 M 7.2 17 210 M M 0 8 24 220
21 102 79 91 7 0 26 0.00 0.0 M 10.8 22 130 M M 1 3 32 60
22 100 78 89 5 0 24 0.00 0.0 M 9.7 22 130 M M 0 30 120
23 102 78 90 6 0 25 0.00 0.0 M 4.7 13 220 M M 0 8 17 210
24 106 80 93 9 0 28 0.00 0.0 M 5.6 18 170 M M 0 38 24 330
25 102 79 91 7 0 26 0.00 0.0 M 6.1 16 180 M M 1 18 24 180
26 102 76 89 6 0 24 0.00 0.0 M 4.3 17 140 M M 0 138 23 160
27 109 78 94 11 0 29 0.94 0.0 M 9.2 45 60 M M 1 138 70 90
28 92 77 85 2 0 20 0.17 0.0 M 8.6 21 350 M M 6 138 30 10
29 96 76 86 3 0 21 0.00 0.0 M 11.1 21 30 M M 1 28 20
30 99 74 87 4 0 22 0.00 0.0 M 10.3 17 20 M M 1 23 30
31 98 71 85 2 0 20 0.00 0.0 M 7.3 18 40 M M 0 24 50
================================================================================
SM 3089 2439 0 757 1.11 0.0 241.3 M 28
================================================================================
AV 99.6 78.7 7.8 FASTST M M 1 MAX(MPH)
MISC ----> 45 60 70 90
================================================================================
NOTES:
# LAST OF SEVERAL OCCURRENCES
COLUMN 17 PEAK WIND IN M.P.H.
PRELIMINARY LOCAL CLIMATOLOGICAL DATA (WS FORM: F-6) , PAGE 2
STATION: LAKE CHARLES
MONTH: AUGUST
YEAR: 2023
LATITUDE: 30 7 N
LONGITUDE: 93 13 W
[TEMPERATURE DATA] [PRECIPITATION DATA] SYMBOLS USED IN COLUMN 16
AVERAGE MONTHLY: 89.2 TOTAL FOR MONTH: 1.11 1 = FOG OR MIST
DPTR FM NORMAL: 5.2 DPTR FM NORMAL: -5.08 2 = FOG REDUCING VISIBILITY
HIGHEST: 109 ON 27 GRTST 24HR 1.11 ON 27-28 TO 1/4 MILE OR LESS
LOWEST: 71 ON 31 3 = THUNDER
SNOW, ICE PELLETS, HAIL 4 = ICE PELLETS
TOTAL MONTH: 0.0 INCH 5 = HAIL
GRTST 24HR 0.0 6 = FREEZING RAIN OR DRIZZLE
GRTST DEPTH: 0 7 = DUSTSTORM OR SANDSTORM:
VSBY 1/2 MILE OR LESS
8 = SMOKE OR HAZE
[NO. OF DAYS WITH] [WEATHER - DAYS WITH] 9 = BLOWING SNOW
X = TORNADO
MAX 32 OR BELOW: 0 0.01 INCH OR MORE: 2
MAX 90 OR ABOVE: 31 0.10 INCH OR MORE: 2
MIN 32 OR BELOW: 0 0.50 INCH OR MORE: 1
MIN 0 OR BELOW: 0 1.00 INCH OR MORE: 0
[HDD (BASE 65) ]
TOTAL THIS MO. 0 CLEAR (SCALE 0-3) 30
DPTR FM NORMAL 0 PTCLDY (SCALE 4-7) 1
TOTAL FM JUL 1 0 CLOUDY (SCALE 8-10) 0
DPTR FM NORMAL 0
[CDD (BASE 65) ]
TOTAL THIS MO. 757
DPTR FM NORMAL 170 [PRESSURE DATA]
TOTAL FM JAN 1 2569 HIGHEST SLP 30.10 ON 7
DPTR FM NORMAL 261 LOWEST SLP 29.69 ON 27
[REMARKS]
#FINAL-08-23#