000
CXUS54 KSHV 011300
CF6LFK
PRELIMINARY LOCAL CLIMATOLOGICAL DATA (WS FORM: F-6)
STATION: LUFKIN
MONTH: JUNE
YEAR: 2022
LATITUDE: 31 14 N
LONGITUDE: 94 45 W
TEMPERATURE IN F: :PCPN: SNOW: WIND :SUNSHINE: SKY :PK WND
================================================================================
1 2 3 4 5 6A 6B 7 8 9 10 11 12 13 14 15 16 17 18
12Z AVG MX 2MIN
DY MAX MIN AVG DEP HDD CDD WTR SNW DPTH SPD SPD DIR MIN PSBL S-S WX SPD DR
================================================================================
1 90 74 82 4 0 17 0.04 0.0 0 3.8 15 160 M M 5 3 20 170
2 87 71 79 1 0 14 0.00 0.0 0 5.7 16 320 M M 1 21 310
3 88 70 79 1 0 14 T 0.0 0 5.7 12 70 M M 4 17 50
4 90 71 81 3 0 16 0.07 0.0 0 3.6 9 70 M M 4 1 12 360
5 93 69 81 3 0 16 0.00 0.0 0 5.7 13 110 M M 2 1 17 110
6 94 74 84 5 0 19 0.00 0.0 0 10.5 21 140 M M 1 27 200
7 95 73 84 5 0 19 0.00 0.0 0 8.7 18 160 M M 2 23 160
8 95 74 85 6 0 20 0.00 0.0 0 5.9 16 200 M M 4 23 200
9 96 76 86 7 0 21 0.00 0.0 0 3.2 9 180 M M 2 1 13 190
10 97 74 86 7 0 21 0.00 0.0 0 4.8 15 220 M M 0 20 210
11 94 76 85 6 0 20 0.00 0.0 0 5.9 13 250 M M 0 17 200
12 99 77 88 8 0 23 0.00 0.0 0 7.8 18 210 M M 1 26 220
13 99 77 88 8 0 23 0.00 0.0 0 9.2 17 170 M M 1 1 23 170
14 97 76 87 7 0 22 0.00 0.0 0 9.8 20 170 M M 3 1 27 160
15 99 74 87 7 0 22 0.00 0.0 0 8.2 15 180 M M 1 13 23 210
16 101 73 87 7 0 22 0.00 0.0 0 3.7 13 120 M M 0 1 16 120
17 95 74 85 5 0 20 T 0.0 0 3.2 23 120 M M 1 3 28 110
18 98 72 85 5 0 20 0.00 0.0 0 1.6 9 120 M M 1 3 12 110
19 99 75 87 7 0 22 T 0.0 0 3.8 16 60 M M 2 3 21 70
20 100 72 86 6 0 21 0.00 0.0 0 4.6 13 80 M M 1 22 50
21 100 73 87 6 0 22 0.00 0.0 0 4.7 18 140 M M 1 1 22 140
22 97 73 85 4 0 20 0.51 0.0 0 2.0 36 110 M M 1 3 45 120
23 99 75 87 6 0 22 0.00 0.0 0 3.7 18 190 M M 0 3 24 180
24 101 74 88 7 0 23 0.00 0.0 0 4.4 15 140 M M 1 19 140
25 101 75 88 7 0 23 0.00 0.0 0 4.0 10 200 M M 0 15 220
26 102 73 88 7 0 23 0.00 0.0 0 4.5 23 80 M M 2 31 90
27 95 78 87 6 0 22 0.00 0.0 0 6.2 15 70 M M 1 21 80
28 96 73 85 4 0 20 0.00 0.0 0 6.1 15 360 M M 1 22 10
29 99 72 86 5 0 21 T 0.0 0 5.9 18 150 M M 1 23 150
30 91 73 82 0 0 17 T 0.0 0 5.8 17 150 M M 1 22 160
================================================================================
SM 2887 2211 0 605 0.62 0.0 162.7 M 45
================================================================================
AV 96.2 73.7 5.4 FASTST M M 2 MAX(MPH)
MISC ----> 36 110 45 120
================================================================================
NOTES:
# LAST OF SEVERAL OCCURRENCES
COLUMN 17 PEAK WIND IN M.P.H.
PRELIMINARY LOCAL CLIMATOLOGICAL DATA (WS FORM: F-6) , PAGE 2
STATION: LUFKIN
MONTH: JUNE
YEAR: 2022
LATITUDE: 31 14 N
LONGITUDE: 94 45 W
[TEMPERATURE DATA] [PRECIPITATION DATA] SYMBOLS USED IN COLUMN 16
AVERAGE MONTHLY: 85.0 TOTAL FOR MONTH: 0.62 1 = FOG OR MIST
DPTR FM NORMAL: 5.1 DPTR FM NORMAL: -3.60 2 = FOG REDUCING VISIBILITY
HIGHEST: 102 ON 26 GRTST 24HR 0.51 ON 22-22 TO 1/4 MILE OR LESS
LOWEST: 69 ON 5 3 = THUNDER
SNOW, ICE PELLETS, HAIL 4 = ICE PELLETS
TOTAL MONTH: 0.0 INCH 5 = HAIL
GRTST 24HR 0.0 6 = FREEZING RAIN OR DRIZZLE
GRTST DEPTH: 0 7 = DUSTSTORM OR SANDSTORM:
VSBY 1/2 MILE OR LESS
8 = SMOKE OR HAZE
[NO. OF DAYS WITH] [WEATHER - DAYS WITH] 9 = BLOWING SNOW
X = TORNADO
MAX 32 OR BELOW: 0 0.01 INCH OR MORE: 3
MAX 90 OR ABOVE: 28 0.10 INCH OR MORE: 1
MIN 32 OR BELOW: 0 0.50 INCH OR MORE: 1
MIN 0 OR BELOW: 0 1.00 INCH OR MORE: 0
[HDD (BASE 65) ]
TOTAL THIS MO. 0 CLEAR (SCALE 0-3) 26
DPTR FM NORMAL 0 PTCLDY (SCALE 4-7) 4
TOTAL FM JUL 1 1593 CLOUDY (SCALE 8-10) 0
DPTR FM NORMAL -379
[CDD (BASE 65) ]
TOTAL THIS MO. 605
DPTR FM NORMAL 159 [PRESSURE DATA]
TOTAL FM JAN 1 1269 HIGHEST SLP 30.15 ON 21
DPTR FM NORMAL 381 LOWEST SLP 29.70 ON 6
[REMARKS]
#FINAL-06-22#