000
CXUS54 KSHV 011400
CF6LFK
PRELIMINARY LOCAL CLIMATOLOGICAL DATA (WS FORM: F-6)
STATION: LUFKIN
MONTH: JANUARY
YEAR: 2022
LATITUDE: 31 14 N
LONGITUDE: 94 45 W
TEMPERATURE IN F: :PCPN: SNOW: WIND :SUNSHINE: SKY :PK WND
================================================================================
1 2 3 4 5 6A 6B 7 8 9 10 11 12 13 14 15 16 17 18
12Z AVG MX 2MIN
DY MAX MIN AVG DEP HDD CDD WTR SNW DPTH SPD SPD DIR MIN PSBL S-S WX SPD DR
================================================================================
1 83 51 67 19 0 2 0.00 0.0 0 10.5 23 200 M M 6 30 190
2 51 27 39 -9 26 0 0.07 T 0 11.3 23 320 M M 6 16 34 330
3 52 23 38 -10 27 0 0.00 0.0 0 1.7 8 360 M M 0 11 330
4 63 29 46 -2 19 0 0.00 0.0 0 6.9 18 210 M M 0 25 190
5 74 44 59 11 6 0 0.00 0.0 0 4.3 14 190 M M 4 12 19 180
6 64 38 51 3 14 0 0.00 0.0 0 6.2 15 360 M M 2 20 360
7 53 32 43 -5 22 0 0.00 0.0 0 7.8 16 130 M M 3 23 120
8 70 48 59 11 6 0 0.54 0.0 0 11.1 21 140 M M 10 13 26 140
9 76 53 65 17 0 0 0.71 0.0 0 8.7 21 170 M M 8 13 29 150
10 57 34 46 -2 19 0 0.00 0.0 0 7.9 18 20 M M 1 27 20
11 58 29 44 -4 21 0 T 0.0 0 2.0 10 80 M M 2 14 90
12 64 42 53 5 12 0 0.00 0.0 0 1.5 10 260 M M 5 13 210
13 73 38 56 8 9 0 0.00 0.0 0 2.1 12 270 M M 0 15 290
14 74 38 56 8 9 0 0.00 0.0 0 4.8 14 170 M M 0 19 170
15 59 31 45 -3 20 0 T 0.0 0 13.8 23 310 M M 7 38 320
16 55 29 42 -6 23 0 0.00 0.0 0 6.7 15 280 M M 2 18 22 290
17 65 29 47 -1 18 0 0.00 0.0 0 2.0 7 140 M M 0 1 14 90
18 72 36 54 6 11 0 0.00 0.0 0 9.0 21 160 M M 1 30 150
19 79 48 64 15 1 0 1.38 0.0 0 8.0 20 200 M M 7 13 27 340
20 48 38 43 -6 22 0 T 0.0 0 10.7 20 20 M M 9 29 30
21 48 29 39 -10 26 0 0.00 0.0 0 7.3 15 20 M M 2 23 360
22 52 25 39 -10 26 0 0.00 0.0 0 3.7 13 350 M M 0 18 360
23 63 25 44 -5 21 0 0.00 0.0 0 2.1 9 290 M M 0 18 12 300
24 51 37 44 -5 21 0 0.53 0.0 0 2.9 9 120 M M 8 1 12 210
25 56 40 48 -1 17 0 0.12 0.0 0 5.4 12 30 M M 7 1 16 20
26 53 32 43 -6 22 0 0.00 0.0 0 6.1 14 60 M M 0 19 30
27 60 36 48 -1 17 0 0.00 0.0 0 3.4 12 80 M M 4 15 20
28 57 33 45 -5 20 0 0.00 0.0 0 7.0 18 320 M M 1 27 310
29 62 28 45 -5 20 0 0.00 0.0 0 4.7 14 250 M M 0 19 240
30 69 33 51 1 14 0 0.00 0.0 0 6.0 17 250 M M 0 22 250
31 63 42 53 3 12 0 0.05 0.0 0 5.5 13 150 M M 5 1 16 150
================================================================================
SM 1924 1097 501 2 3.40 T 191.1 M 100
================================================================================
AV 62.1 35.4 6.2 FASTST M M 3 MAX(MPH)
MISC ----> # 23 200 38 320
================================================================================
NOTES:
# LAST OF SEVERAL OCCURRENCES
COLUMN 17 PEAK WIND IN M.P.H.
PRELIMINARY LOCAL CLIMATOLOGICAL DATA (WS FORM: F-6) , PAGE 2
STATION: LUFKIN
MONTH: JANUARY
YEAR: 2022
LATITUDE: 31 14 N
LONGITUDE: 94 45 W
[TEMPERATURE DATA] [PRECIPITATION DATA] SYMBOLS USED IN COLUMN 16
AVERAGE MONTHLY: 48.7 TOTAL FOR MONTH: 3.40 1 = FOG OR MIST
DPTR FM NORMAL: 0.1 DPTR FM NORMAL: -1.26 2 = FOG REDUCING VISIBILITY
HIGHEST: 83 ON 1 GRTST 24HR 1.38 ON 19-19 TO 1/4 MILE OR LESS
LOWEST: 23 ON 3 3 = THUNDER
SNOW, ICE PELLETS, HAIL 4 = ICE PELLETS
TOTAL MONTH: T 5 = HAIL
GRTST 24HR T ON 2- 2 6 = FREEZING RAIN OR DRIZZLE
GRTST DEPTH: 0 7 = DUSTSTORM OR SANDSTORM:
VSBY 1/2 MILE OR LESS
8 = SMOKE OR HAZE
[NO. OF DAYS WITH] [WEATHER - DAYS WITH] 9 = BLOWING SNOW
X = TORNADO
MAX 32 OR BELOW: 0 0.01 INCH OR MORE: 7
MAX 90 OR ABOVE: 0 0.10 INCH OR MORE: 5
MIN 32 OR BELOW: 13 0.50 INCH OR MORE: 4
MIN 0 OR BELOW: 0 1.00 INCH OR MORE: 1
[HDD (BASE 65) ]
TOTAL THIS MO. 501 CLEAR (SCALE 0-3) 17
DPTR FM NORMAL -11 PTCLDY (SCALE 4-7) 10
TOTAL FM JUL 1 897 CLOUDY (SCALE 8-10) 4
DPTR FM NORMAL -424
[CDD (BASE 65) ]
TOTAL THIS MO. 2
DPTR FM NORMAL -4 [PRESSURE DATA]
TOTAL FM JAN 1 2 HIGHEST SLP 30.63 ON 10
DPTR FM NORMAL -4 LOWEST SLP 29.62 ON 1
[REMARKS]
#FINAL-01-22#