000
CSUS54 KSHV 011500
CF6LFK
PRELIMINARY LOCAL CLIMATOLOGICAL DATA (WS FORM: F-6)
STATION: LUFKIN
MONTH: JULY
YEAR: 2020
LATITUDE: 31 14 N
LONGITUDE: 94 45 W
TEMPERATURE IN F: :PCPN: SNOW: WIND :SUNSHINE: SKY :PK WND
================================================================================
1 2 3 4 5 6A 6B 7 8 9 10 11 12 13 14 15 16 17 18
12Z AVG MX 2MIN
DY MAX MIN AVG DEP HDD CDD WTR SNW DPTH SPD SPD DIR MIN PSBL S-S WX SPD DR
================================================================================
1 94 79 87 5 0 22 0.00 0.0 0 8.5 18 200 M M 4 23 220
2 94 78 86 4 0 21 0.00 0.0 0 5.8 14 200 M M 4 18 200
3 96 71 84 2 0 19 0.54 0.0 0 5.3 32 70 M M 2 13 46 80
4 95 69 82 0 0 17 0.00 0.0 0 2.6 9 240 M M 1 12 320
5 93 77 85 3 0 20 0.01 0.0 0 5.4 15 130 M M 2 1 19 140
6 88 73 81 -1 0 16 0.66 0.0 0 5.5 12 70 M M 5 13 14 190
7 85 74 80 -2 0 15 0.95 0.0 0 4.9 21 220 M M 5 138 30 270
8 93 76 85 3 0 20 0.00 0.0 0 6.3 13 160 M M 4 1 17 200
9 95 77 86 4 0 21 0.00 0.0 0 7.2 16 210 M M 3 1 22 220
10 96 74 85 2 0 20 0.00 0.0 0 3.1 13 210 M M 2 1 17 200
11 96 77 87 4 0 22 0.00 0.0 0 3.5 12 220 M M 2 1 14 250
12 99 77 88 5 0 23 0.00 0.0 0 3.7 14 220 M M 0 13 21 210
13 97 78 88 5 0 23 0.00 0.0 0 5.4 13 170 M M 0 20 160
14 96 75 86 3 0 21 0.00 0.0 0 7.6 15 130 M M 1 20 180
15 94 77 86 3 0 21 0.00 0.0 0 6.5 13 180 M M 1 20 170
16 97 77 87 4 0 22 0.00 0.0 0 4.2 12 110 M M 1 15 270
17 95 75 85 2 0 20 0.00 0.0 0 5.8 16 150 M M 1 22 150
18 94 73 84 1 0 19 0.01 0.0 0 3.2 17 180 M M 2 3 22 170
19 96 73 85 2 0 20 0.23 0.0 0 3.4 21 120 M M 2 13 26 120
20 91 74 83 0 0 18 0.01 0.0 0 5.7 18 110 M M 2 13 23 110
21 88 75 82 -1 0 17 0.07 0.0 0 6.8 20 160 M M 3 13 24 160
22 92 75 84 1 0 19 0.53 0.0 0 4.1 22 130 M M 3 13 25 140
23 95 74 85 2 0 20 0.00 0.0 0 5.4 15 70 M M 1 1 21 70
24 94 77 86 3 0 21 0.04 0.0 0 8.1 24 120 M M 3 13 35 120
25 91 75 83 0 0 18 0.15 0.0 0 7.8 26 170 M M 5 13 35 180
26 92 74 83 0 0 18 0.20 0.0 0 5.9 16 140 M M 5 13 22 10
27 92 73 83 0 0 18 0.00 0.0 0 3.9 10 120 M M 6 1 13 90
28 94 75 85 2 0 20 0.81 0.0 0 3.2 21 140 M M 5 138 24 140
29 92 73 83 0 0 18 0.02 0.0 0 6.7 22 190 M M 3 29 190
30 95 76 86 3 0 21 0.00 0.0 0 7.9 16 200 M M 4 1 21 200
31 94 73 84 1 0 19 0.88 0.0 0 7.8 25 290 M M 5 138 32 300
================================================================================
SM 2903 2324 0 609 5.11 0.0 171.2 M 87
================================================================================
AV 93.7 75.0 5.5 FASTST M M 3 MAX(MPH)
MISC ----> # 32 70 # 46 80
================================================================================
NOTES:
# LAST OF SEVERAL OCCURRENCES
COLUMN 17 PEAK WIND IN M.P.H.
PRELIMINARY LOCAL CLIMATOLOGICAL DATA (WS FORM: F-6) , PAGE 2
STATION: LUFKIN
MONTH: JULY
YEAR: 2020
LATITUDE: 31 14 N
LONGITUDE: 94 45 W
[TEMPERATURE DATA] [PRECIPITATION DATA] SYMBOLS USED IN COLUMN 16
AVERAGE MONTHLY: 84.3 TOTAL FOR MONTH: 5.11 1 = FOG OR MIST
DPTR FM NORMAL: 1.5 DPTR FM NORMAL: 2.06 2 = FOG REDUCING VISIBILITY
HIGHEST: 99 ON 12 GRTST 24HR 0.95 ON 7- 7 TO 1/4 MILE OR LESS
LOWEST: 69 ON 4 3 = THUNDER
SNOW, ICE PELLETS, HAIL 4 = ICE PELLETS
TOTAL MONTH: 0.0 INCH 5 = HAIL
GRTST 24HR 0.0 6 = FREEZING RAIN OR DRIZZLE
GRTST DEPTH: 0 7 = DUSTSTORM OR SANDSTORM:
VSBY 1/2 MILE OR LESS
8 = SMOKE OR HAZE
[NO. OF DAYS WITH] [WEATHER - DAYS WITH] 9 = BLOWING SNOW
X = TORNADO
MAX 32 OR BELOW: 0 0.01 INCH OR MORE: 15
MAX 90 OR ABOVE: 28 0.10 INCH OR MORE: 9
MIN 32 OR BELOW: 0 0.50 INCH OR MORE: 6
MIN 0 OR BELOW: 0 1.00 INCH OR MORE: 0
[HDD (BASE 65) ]
TOTAL THIS MO. 0 CLEAR (SCALE 0-3) 18
DPTR FM NORMAL 0 PTCLDY (SCALE 4-7) 13
TOTAL FM JUL 1 0 CLOUDY (SCALE 8-10) 0
DPTR FM NORMAL 0
[CDD (BASE 65) ]
TOTAL THIS MO. 609
DPTR FM NORMAL 59 [PRESSURE DATA]
TOTAL FM JAN 1 1669 HIGHEST SLP 30.09 ON 17
DPTR FM NORMAL 198 LOWEST SLP 29.78 ON 5
[REMARKS]
#FINAL-07-20#