000
CXUS54 KLCH 010842
CF6LFT
PRELIMINARY LOCAL CLIMATOLOGICAL DATA (WS FORM: F-6)
STATION: LAFAYETTE
MONTH: MAY
YEAR: 2020
LATITUDE: 30 12 N
LONGITUDE: 92 0 W
TEMPERATURE IN F: :PCPN: SNOW: WIND :SUNSHINE: SKY :PK WND
================================================================================
1 2 3 4 5 6A 6B 7 8 9 10 11 12 13 14 15 16 17 18
12Z AVG MX 2MIN
DY MAX MIN AVG DEP HDD CDD WTR SNW DPTH SPD SPD DIR MIN PSBL S-S WX SPD DR
================================================================================
1 81 56 69 -4 0 4 0.00 0.0 0 4.9 13 200 M M 1 12 22 200
2 82 58 70 -3 0 5 0.00 0.0 0 4.9 13 190 M M 1 20 210
3 83 63 73 -1 0 8 0.00 0.0 0 5.9 16 190 M M 3 1 24 200
4 84 67 76 2 0 11 0.00 0.0 0 5.7 17 200 M M 5 12 24 200
5 89 67 78 4 0 13 1.52 0.0 0 6.5 24 310 M M 4 13 34 310
6 83 61 72 -2 0 7 0.01 0.0 0 7.1 18 10 M M 1 25 30
7 80 58 69 -6 0 4 0.00 0.0 0 5.3 14 180 M M 0 19 170
8 85 62 74 -1 0 9 1.05 0.0 0 10.6 25 330 M M 5 13 33 330
9 66 58 62 -13 3 0 0.00 0.0 0 8.8 18 50 M M 7 27 40
10 78 57 68 -7 0 3 0.00 0.0 0 6.7 16 30 M M 3 26 20
11 81 54 68 -8 0 3 0.00 0.0 0 4.1 12 30 M M 0 20 30
12 81 58 70 -6 0 5 0.00 0.0 0 4.4 15 180 M M 1 22 200
13 83 66 75 -1 0 10 T 0.0 0 6.1 17 190 M M 6 1 27 160
14 80 68 74 -2 0 9 4.29 0.0 0 4.5 28 200 M M 8 138 39 210
15 80 67 74 -2 0 9 0.00 0.0 0 4.4 14 180 M M 7 24 160
16 80 71 76 -1 0 11 0.09 0.0 0 7.0 20 220 M M 6 1 27 170
17 80 70 75 -2 0 10 0.58 0.0 0 7.9 22 300 M M 7 13 29 280
18 85 65 75 -2 0 10 0.00 0.0 0 8.2 16 300 M M 0 24 320
19 89 70 80 3 0 15 0.00 0.0 0 8.8 21 210 M M 1 1 28 210
20 83 71 77 -1 0 12 0.05 0.0 0 5.8 16 20 M M 6 18 22 20
21 88 70 79 1 0 14 0.00 0.0 0 4.1 14 190 M M 4 12 19 190
22 88 72 80 2 0 15 0.00 0.0 0 6.9 18 200 M M 4 1 26 210
23 89 73 81 3 0 16 0.00 0.0 0 5.2 16 50 M M 5 3 23 70
24 88 70 79 1 0 14 0.01 0.0 0 3.6 15 190 M M 2 3 23 180
25 85 73 79 0 0 14 0.43 0.0 0 5.6 18 190 M M 4 18 30 190
26 81 69 75 -4 0 10 0.12 0.0 0 4.1 21 290 M M 7 13 30 310
27 87 65 76 -3 0 11 T 0.0 0 5.8 22 260 M M 3 3 36 250
28 88 65 77 -2 0 12 0.02 0.0 0 1.7 15 190 M M 2 3 20 190
29 87 68 78 -1 0 13 0.00 0.0 0 5.1 12 20 M M 2 1 18 10
30 89 69 79 -1 0 14 0.00 0.0 0 3.9 9 50 M M 6 14 50
31 85 73 79 -1 0 14 0.00 0.0 0 5.8 15 30 M M 6 20 40
================================================================================
SM 2588 2034 3 305 8.17 0.0 179.4 M 117
================================================================================
AV 83.5 65.6 5.8 FASTST M M 4 MAX(MPH)
MISC ----> # 28 200 # 39 210
================================================================================
NOTES:
# LAST OF SEVERAL OCCURRENCES
COLUMN 17 PEAK WIND IN M.P.H.
PRELIMINARY LOCAL CLIMATOLOGICAL DATA (WS FORM: F-6) , PAGE 2
STATION: LAFAYETTE
MONTH: MAY
YEAR: 2020
LATITUDE: 30 12 N
LONGITUDE: 92 0 W
[TEMPERATURE DATA] [PRECIPITATION DATA] SYMBOLS USED IN COLUMN 16
AVERAGE MONTHLY: 74.6 TOTAL FOR MONTH: 8.17 1 = FOG OR MIST
DPTR FM NORMAL: -2.1 DPTR FM NORMAL: 3.39 2 = FOG REDUCING VISIBILITY
HIGHEST: 89 ON 30,23 GRTST 24HR 4.29 ON 14-14 TO 1/4 MILE OR LESS
LOWEST: 54 ON 11 3 = THUNDER
SNOW, ICE PELLETS, HAIL 4 = ICE PELLETS
TOTAL MONTH: 0.0 INCH 5 = HAIL
GRTST 24HR 0.0 6 = FREEZING RAIN OR DRIZZLE
GRTST DEPTH: 0 7 = DUSTSTORM OR SANDSTORM:
VSBY 1/2 MILE OR LESS
8 = SMOKE OR HAZE
[NO. OF DAYS WITH] [WEATHER - DAYS WITH] 9 = BLOWING SNOW
X = TORNADO
MAX 32 OR BELOW: 0 0.01 INCH OR MORE: 11
MAX 90 OR ABOVE: 0 0.10 INCH OR MORE: 6
MIN 32 OR BELOW: 0 0.50 INCH OR MORE: 4
MIN 0 OR BELOW: 0 1.00 INCH OR MORE: 3
[HDD (BASE 65) ]
TOTAL THIS MO. 3 CLEAR (SCALE 0-3) 13
DPTR FM NORMAL 2 PTCLDY (SCALE 4-7) 18
TOTAL FM JUL 1 1134 CLOUDY (SCALE 8-10) 0
DPTR FM NORMAL -286
[CDD (BASE 65) ]
TOTAL THIS MO. 305
DPTR FM NORMAL -55 [PRESSURE DATA]
TOTAL FM JAN 1 709 HIGHEST SLP 30.24 ON 11
DPTR FM NORMAL 95 LOWEST SLP 29.74 ON 16
[REMARKS]
#FINAL-05-20#