000
CXUS55 KPUB 011210
CF6LHX
PRELIMINARY LOCAL CLIMATOLOGICAL DATA (WS FORM: F-6)
STATION: LA JUNTA CO
MONTH: MARCH
YEAR: 2022
LATITUDE: 38 2 N
LONGITUDE: 103 31 W
TEMPERATURE IN F: :PCPN: SNOW: WIND :SUNSHINE: SKY :PK WND
================================================================================
1 2 3 4 5 6A 6B 7 8 9 10 11 12 13 14 15 16 17 18
12Z AVG MX 2MIN
DY MAX MIN AVG DEP HDD CDD WTR SNW DPTH SPD SPD DIR MIN PSBL S-S WX SPD DR
================================================================================
1 74 23 49 9 16 0 0.00 M M 8.0 17 280 M M 0 23 270
2 79 29 54 14 11 0 0.00 M M 8.6 20 230 M M 0 25 230
3 81 28 55 14 10 0 0.00 M M 9.7 22 180 M M 0 29 180
4 75 35 55 14 10 0 T M M 10.0 35 260 M M 2 56 170
5 57 29 43 1 22 0 0.00 M M 13.7 24 30 M M 2 33 350
6 29 16 23 -19 42 0 T M M 8.6 16 20 M M 10 128 20 40
7 32 9 21 -21 44 0 0.03 M M 5.5 12 280 M M 3 1 14 270
8 45 20 33 -10 32 0 0.00 M M 5.6 16 30 M M 2 21 30
9 33 15 24 -19 41 0 T M M 13.1 22 50 M M 5 18 30 50
10 18 8 13 -31 52 0 0.01 M M 6.6 16 30 M M 10 18 20 30
11 36 3 20 -24 45 0 0.00 M M 4.9 12 280 M M 1 15 170
12 66 17 42 -2 23 0 0.00 M M 8.9 17 220 M M 0 24 240
13 73 29 51 6 14 0 0.00 M M 9.6 33 360 M M 0 50 10
14 62 36 49 4 16 0 0.00 M M 18.8 40 340 M M 2 50 340
15 75 24 50 5 15 0 0.00 M M 8.1 20 250 M M 0 24 250
16 65 41 53 7 12 0 0.01 M M 8.1 18 270 M M 2 22 70
17 49 31 40 -6 25 0 0.38 M M 18.8 38 20 M M 9 1 53 20
18 56 27 42 -4 23 0 0.00 M M 9.1 16 260 M M 0 8 23 320
19 64 29 47 0 18 0 0.00 M M 9.5 17 210 M M 0 24 200
20 77 36 57 10 8 0 0.00 M M 11.0 29 200 M M 0 39 180
21 58 31 45 -2 20 0 M M M 18.5 39 10 M M 8 128 52 20
22 44 22 33 -15 32 0 0.00 M M 18.2 36 340 M M 3 45 350
23 55 29 42 -6 23 0 0.00 M M 18.6 41 350 M M 1 53 360
24 74 28 51 3 14 0 0.00 M M 11.1 28 350 M M 0 37 340
25 59 34 47 -1 18 0 0.00 M M 8.2 21 50 M M 0 26 50
26 86 34 60 11 5 0 0.00 M M 9.0 20 270 M M 0 28 250
27 67 34 51 2 14 0 0.00 M M 9.6 21 100 M M 0 26 110
28 85 33 59 10 6 0 0.00 M M 8.4 16 210 M M 0 27 270
29 71 39 55 5 10 0 0.12 M M 15.9 31 360 M M 5 3 46 360
30 51 33 42 -8 23 0 0.02 M M 13.8 32 330 M M 8 41 330
31 66 27 47 -3 18 0 0.00 M M 7.7 16 270 M M 0 19 270
================================================================================
SM 1862 829 662 0 0.57 M 335.2 M 73
================================================================================
AV 60.1 26.7 10.8 FASTST M M 2 MAX(MPH)
MISC ----> 41 350 56 170
================================================================================
NOTES:
# LAST OF SEVERAL OCCURRENCES
COLUMN 17 PEAK WIND IN M.P.H.
PRELIMINARY LOCAL CLIMATOLOGICAL DATA (WS FORM: F-6) , PAGE 2
STATION: LA JUNTA CO
MONTH: MARCH
YEAR: 2022
LATITUDE: 38 2 N
LONGITUDE: 103 31 W
[TEMPERATURE DATA] [PRECIPITATION DATA] SYMBOLS USED IN COLUMN 16
AVERAGE MONTHLY: 43.4 TOTAL FOR MONTH: 0.57 1 = FOG OR MIST
DPTR FM NORMAL: -2.1 DPTR FM NORMAL: -0.14 2 = FOG REDUCING VISIBILITY
HIGHEST: 86 ON 26 GRTST 24HR 0.39 ON 16-17 TO 1/4 MILE OR LESS
LOWEST: 3 ON 11 3 = THUNDER
SNOW, ICE PELLETS, HAIL 4 = ICE PELLETS
TOTAL MONTH: M 5 = HAIL
GRTST 24HR M ON M 6 = FREEZING RAIN OR DRIZZLE
GRTST DEPTH: M ON M 7 = DUSTSTORM OR SANDSTORM:
VSBY 1/2 MILE OR LESS
8 = SMOKE OR HAZE
[NO. OF DAYS WITH] [WEATHER - DAYS WITH] 9 = BLOWING SNOW
X = TORNADO
MAX 32 OR BELOW: 3 0.01 INCH OR MORE: 6
MAX 90 OR ABOVE: 0 0.10 INCH OR MORE: 2
MIN 32 OR BELOW: 21 0.50 INCH OR MORE: 0
MIN 0 OR BELOW: 0 1.00 INCH OR MORE: 0
[HDD (BASE 65) ]
TOTAL THIS MO. 662 CLEAR (SCALE 0-3) 23
DPTR FM NORMAL 55 PTCLDY (SCALE 4-7) 4
TOTAL FM JUL 1 3983 CLOUDY (SCALE 8-10) 4
DPTR FM NORMAL -555
[CDD (BASE 65) ]
TOTAL THIS MO. 0
DPTR FM NORMAL -1 [PRESSURE DATA]
TOTAL FM JAN 1 0 HIGHEST SLP 30.46 ON 7
DPTR FM NORMAL -1 LOWEST SLP 29.28 ON 29
[REMARKS]
#FINAL-03-22#