000
CXUS55 KPUB 221210
CF6LHX
PRELIMINARY LOCAL CLIMATOLOGICAL DATA (WS FORM: F-6)
STATION: LA JUNTA CO
MONTH: APRIL
YEAR: 2024
LATITUDE: 38 2 N
LONGITUDE: 103 31 W
TEMPERATURE IN F: :PCPN: SNOW: WIND :SUNSHINE: SKY :PK WND
================================================================================
1 2 3 4 5 6A 6B 7 8 9 10 11 12 13 14 15 16 17 18
12Z AVG MX 2MIN
DY MAX MIN AVG DEP HDD CDD WTR SNW DPTH SPD SPD DIR MIN PSBL S-S WX SPD DR
================================================================================
1 56 35 46 -4 19 0 T M M 10.4 23 50 M M 4 8 32 40
2 64 31 48 -2 17 0 0.00 M M 13.9 32 340 M M 1 43 340
3 75 34 55 4 10 0 0.00 M M 11.4 26 340 M M 1 38 330
4 78 33 56 5 9 0 0.00 M M 8.8 23 80 M M 0 30 90
5 82 38 60 9 5 0 0.00 M M M M M M M 0 M M
6 62 M M M M M 0.00 M M M M M M M 0 M M
7 M M M M M M 0.00 M M M M M M M 0 M M
8 M M M M M M 0.00 M M M M M M M 0 M M
9 64 M M M M M 0.00 M M 9.0 15 130 M M 0 21 170
10 66 34 50 -2 15 0 0.00 M M 10.6 28 360 M M 6 46 330
11 67 30 49 -3 16 0 0.00 M M 8.1 17 70 M M 1 25 70
12 80 32 56 4 9 0 0.00 M M 8.6 23 220 M M 0 31 210
13 85 46 66 14 0 1 0.00 M M 11.0 22 290 M M 0 31 280
14 85 41 63 10 2 0 0.00 M M 9.1 22 170 M M 0 28 180
15 83 36 60 7 5 0 0.00 M M 15.3 41 260 M M 0 54 280
16 76 45 61 8 4 0 T M M 14.9 38 320 M M 4 49 330
17 81 39 60 7 5 0 0.00 M M 11.3 40 360 M M 0 56 10
18 50 37 44 -10 21 0 0.00 M M 13.2 37 10 M M 10 8 50 360
19 63 37 50 -4 15 0 0.00 M M 16.6 29 70 M M 8 36 70
20 60 34 47 -7 18 0 0.02 M M 17.9 32 80 M M 8 1 42 70
21 64 33 49 -5 16 0 T M M 6.0 16 110 M M 4 1 20 110
================================================================================
SM 1341 615 186 1 0.02 M 196.1 M 47
================================================================================
AV 70.6 36.2 11.5 FASTST M M 2 MAX(MPH)
MISC ----> 41 260 56 10
================================================================================
NOTES:
# LAST OF SEVERAL OCCURRENCES
COLUMN 17 PEAK WIND IN M.P.H.
PRELIMINARY LOCAL CLIMATOLOGICAL DATA (WS FORM: F-6) , PAGE 2
STATION: LA JUNTA CO
MONTH: APRIL
YEAR: 2024
LATITUDE: 38 2 N
LONGITUDE: 103 31 W
[TEMPERATURE DATA] [PRECIPITATION DATA] SYMBOLS USED IN COLUMN 16
AVERAGE MONTHLY: 53.4 TOTAL FOR MONTH: 0.02 1 = FOG OR MIST
DPTR FM NORMAL: 1.2 DPTR FM NORMAL: -0.76 2 = FOG REDUCING VISIBILITY
HIGHEST: 85 ON 14,13 GRTST 24HR 0.02 ON 20-20 TO 1/4 MILE OR LESS
LOWEST: 30 ON 11 3 = THUNDER
SNOW, ICE PELLETS, HAIL 4 = ICE PELLETS
TOTAL MONTH: M 5 = HAIL
GRTST 24HR M ON M 6 = FREEZING RAIN OR DRIZZLE
GRTST DEPTH: M ON M 7 = DUSTSTORM OR SANDSTORM:
VSBY 1/2 MILE OR LESS
8 = SMOKE OR HAZE
[NO. OF DAYS WITH] [WEATHER - DAYS WITH] 9 = BLOWING SNOW
X = TORNADO
MAX 32 OR BELOW: 0 0.01 INCH OR MORE: 1
MAX 90 OR ABOVE: 0 0.10 INCH OR MORE: 0
MIN 32 OR BELOW: 3 0.50 INCH OR MORE: 0
MIN 0 OR BELOW: 0 1.00 INCH OR MORE: 0
[HDD (BASE 65) ]
TOTAL THIS MO. 186 CLEAR (SCALE 0-3) 14
DPTR FM NORMAL -86 PTCLDY (SCALE 4-7) 5
TOTAL FM JUL 1 4443 CLOUDY (SCALE 8-10) 2
DPTR FM NORMAL -366
[CDD (BASE 65) ]
TOTAL THIS MO. 1
DPTR FM NORMAL 1 [PRESSURE DATA]
TOTAL FM JAN 1 1 HIGHEST SLP M ON M
DPTR FM NORMAL 0 LOWEST SLP 29.32 ON 15
[REMARKS]