000
CXUS54 KLZK 060312 AAC
CLSLIT
CLIMATE REPORT...UPDATED WITH SUPPLEMENTAL DATA
NATIONAL WEATHER SERVICE LITTLE ROCK AR
1010 PM CDT TUE SEP 05 2023
...................................
...THE LITTLE ROCK ADAMS FIELD CLIMATE SUMMARY FOR THE SEASON, FROM
6/1/2023 TO 8/31/2023...
CLIMATE NORMAL PERIOD 1991 TO 2020
CLIMATE RECORD PERIOD 1874 TO 2023
WEATHER OBSERVED NORMAL DEPART LAST YEAR`S
VALUE DATE(S) VALUE FROM VALUE DATE(S)
NORMAL
................................................................
TEMPERATURE (F)
RECORD
HIGH 114 08/03/2011
LOW 23 08/11/2021
HIGHEST 107 08/26 MM MM 104 08/15
LOWEST 65 08/17 MM MM 61 06/03
AVG. MAXIMUM 93.4 90.5 2.9 93.1
AVG. MINIMUM 73.3 69.7 3.6 73.3
MEAN 83.3 80.1 3.2 83.2
DAYS MAX >= 90 71 61.3 9.7 MM
DAYS MAX <= 32 0 0.0 0.0 MM
DAYS MIN <= 32 0 0.0 0.0 0
DAYS MIN <= 0 0 0.0 0.0 0
PRECIPITATION (INCHES)
TOTALS 10.01 10.04 -0.03 8.84
DAILY AVG. 0.11 0.11 0.00 0.10
DAYS >= .01 25 23.9 1.1 20
DAYS >= .10 17 15.7 1.3 12
DAYS >= .50 9 6.9 2.1 8
DAYS >= 1.00 2 2.8 -0.8 3
GREATEST
24 HR. TOTAL 2.08 06/09 TO 06/10 1.55 06/10 TO 06/10
STORM TOTAL 1.45 1.50
(MM/DD(HH)) MM
SNOWFALL (INCHES)
RECORDS
TOTAL MM MM
24 HR TOTAL MM
SNOW DEPTH MM MM
TOTALS 0.0 0.0 0.0 0.0
LIQUID EQUIV 0.00 0.00 0.00 0.00
SINCE 7/1 0.0 0.0 0.0 MM
LIQUID 7/1 0.00 0.00 0.00 MM
SNOWDEPTH AVG. 0 0
DAYS >= TRACE 0 0.0 0.0 0
DAYS >= 1.0 0 0.0 0.0 0
GREATEST
SNOW DEPTH 0 0 MM
24 HR TOTAL MM MM 0.0
STORM TOTAL 0.0 0.0
(MM/DD(HH)) MM
DEGREE DAYS
HEATING TOTAL 0 0 0 0
SINCE 7/1 0 0 0 MM
COOLING TOTAL 1712 1388 324 1701
SINCE 1/1 2090 1632 458 MM
FREEZE DATES
RECORD
EARLIEST 10/20/1989
LATEST 04/19/1983
EARLIEST MM
LATEST 03/20
................................................................
WIND (MPH)
AVERAGE WIND SPEED 6.1
HIGHEST WIND SPEED/DIRECTION 48/360 DATE 06/25
HIGHEST GUST SPEED/DIRECTION 69/360 DATE 06/25
SKY COVER
AVERAGE SKY COVER 0.47
NUMBER OF DAYS FAIR 30
NUMBER OF DAYS PC 49
NUMBER OF DAYS CLOUDY 13
WEATHER CONDITIONS. NUMBER OF DAYS WITH
THUNDERSTORM 35 MIXED PRECIP 0
HEAVY RAIN 15 RAIN 15
LIGHT RAIN 31 FREEZING RAIN 0
LT FREEZING RAIN 0 HAIL 0
HEAVY SNOW 0 SLEET 0
FOG 29 FOG W/VIS <= 1/4 MILE 1
HAZE 17
- INDICATES NEGATIVE NUMBERS.
R INDICATES RECORD WAS SET OR TIED.
MM INDICATES DATA IS MISSING.
T INDICATES TRACE AMOUNT.
&&
.SEASONAL TEMPERATURES...
THE AVERAGE HIGH TEMPERATURE OF 93.4 (+2.9) WAS TIED FOR THE 14TH
HOTTEST SEASON AND WARMEST SINCE 2012.
THE AVERAGE LOW TEMPERATURE OF 73.3 (+3.6) WAS TIED FOR THE 6TH
HOTTEST SEASON AND WARMEST SINCE 2022.
THE AVERAGE TEMPERATURE OF 83.3 (+3.2) THE 10TH HOTTEST SEASON AND
WARMEST SINCE 2016.
THE HOTTEST TEMPERATURE OF 107 DEGREES OCCURRED ON AUG 26TH, WHICH
WAS THE HOTTEST READING SINCE 2012 AND TIED FOR 9TH HOTTEST
TEMPERATURE FOR THE SEASON.
THERE WERE 14 DAYS WITH HIGH TEMPERATURES OF 100-DEGREES OR GREATER.
THE COLDEST TEMPERATURE OF 65 DEGREES OCCURRED ON AUG 17TH, WHICH
WAS THE HOTTEST READING SINCE 2016 AND TIED FOR THE 3RD HOTTEST
TEMPERATURE FOR THE SEASON.
.SEASONAL RAINFALL...
THE SEASONAL RAINFALL TOTAL OF 10.01 (-0.03) WAS THE 75TH DRIEST AND
WETTEST ON RECORD.
.SEASONAL SNOWFALL...
THERE WAS NO MEASURABLE SEASONAL SNOWFALL.
$$
70