000
CXUS55 KPIH 031645
CF6LLJ
PRELIMINARY LOCAL CLIMATOLOGICAL DATA (WS FORM: F-6)
STATION: CHALLIS
MONTH: JUNE
YEAR: 2023
LATITUDE: 44 31 N
LONGITUDE: 114 13 W
TEMPERATURE IN F: :PCPN: SNOW: WIND :SUNSHINE: SKY :PK WND
================================================================================
1 2 3 4 5 6A 6B 7 8 9 10 11 12 13 14 15 16 17 18
12Z AVG MX 2MIN
DY MAX MIN AVG DEP HDD CDD WTR SNW DPTH SPD SPD DIR MIN PSBL S-S WX SPD DR
================================================================================
1 70 47 59 1 6 0 0.20 M M 2.4 16 230 M M 6 13 22 250
2 70 44 57 -1 8 0 0.11 M M 4.0 21 240 M M 5 3 29 240
3 68 52 60 2 5 0 0.23 M M 4.5 14 140 M M 9 1 20 140
4 77 50 64 6 1 0 0.16 M M 4.6 15 270 M M 6 1 19 270
5 72 51 62 4 3 0 0.10 M M 3.9 18 300 M M 7 1 24 310
6 75 49 62 4 3 0 0.02 M M 2.7 29 280 M M 1 3 39 260
7 79 48 64 5 1 0 T M M 4.6 23 280 M M 2 30 270
8 66 52 59 0 6 0 0.15 M M 6.1 26 150 M M 8 3 41 150
9 74 50 62 3 3 0 T M M 2.5 31 190 M M 3 3 41 190
10 77 43 60 1 5 0 0.05 M M 2.8 16 130 M M 3 20 130
11 75 51 63 3 2 0 0.00 M M 4.6 20 20 M M 4 3 29 30
12 75 48 62 2 3 0 0.04 M M 4.0 20 270 M M 6 3 27 20
13 75 52 64 4 1 0 M M M 3.4 20 240 M M 6 3 38 230
14 73 49 61 1 4 0 0.00 M M 7.5 20 280 M M 2 31 280
15 66 42 54 -6 11 0 0.00 M M 7.8 16 30 M M 5 22 30
16 75 40 58 -3 7 0 0.00 M M 3.3 10 330 M M 0 13 330
17 68 49 59 -2 6 0 T M M 5.2 16 310 M M 7 3 22 310
18 66 43 55 -6 10 0 0.02 M M 8.6 25 220 M M 6 40 220
19 66 41 54 -8 11 0 0.00 M M 9.4 36 250 M M 4 51 260
20 61 33 47 -15 18 0 T M M 5.0 24 240 M M 3 3 32 240
21 63 34 49 -13 16 0 0.00 M M 4.0 22 360 M M 1 30 20
22 75 33 54 -8 11 0 0.00 M M 2.8 14 300 M M 1 19 300
23 67 42 55 -8 10 0 T M M 4.6 25 150 M M 3 3 37 150
24 76 41 59 -4 6 0 T M M 3.3 24 260 M M 2 3 34 260
25 74 42 58 -6 7 0 T M M 4.3 17 310 M M 3 3 25 290
26 76 49 63 -1 2 0 0.11 M M 4.2 22 230 M M 4 3 28 230
27 73 44 59 -5 6 0 0.00 M M 3.9 24 190 M M 3 3 37 190
28 72 46 59 -5 6 0 T M M 5.2 18 240 M M 4 3 26 230
29 81 45 63 -2 2 0 0.00 M M 2.2 13 340 M M 0 17 350
30 88 50 69 4 0 4 0.00 M M 3.3 9 300 M M 0 12 160
================================================================================
SM 2173 1360 180 4 1.19 M 134.7 M 114
================================================================================
AV 72.4 45.3 4.5 FASTST M M 4 MAX(MPH)
MISC ----> 36 250 51 260
================================================================================
NOTES:
# LAST OF SEVERAL OCCURRENCES
COLUMN 17 PEAK WIND IN M.P.H.
PRELIMINARY LOCAL CLIMATOLOGICAL DATA (WS FORM: F-6) , PAGE 2
STATION: CHALLIS
MONTH: JUNE
YEAR: 2023
LATITUDE: 44 31 N
LONGITUDE: 114 13 W
[TEMPERATURE DATA] [PRECIPITATION DATA] SYMBOLS USED IN COLUMN 16
AVERAGE MONTHLY: 58.9 TOTAL FOR MONTH: 1.19 1 = FOG OR MIST
DPTR FM NORMAL: -2.0 DPTR FM NORMAL: 0.26 2 = FOG REDUCING VISIBILITY
HIGHEST: 88 ON 30 GRTST 24HR 0.36 ON 31- 1 TO 1/4 MILE OR LESS
LOWEST: 33 ON 22,20 3 = THUNDER
SNOW, ICE PELLETS, HAIL 4 = ICE PELLETS
TOTAL MONTH: M 5 = HAIL
GRTST 24HR M ON M 6 = FREEZING RAIN OR DRIZZLE
GRTST DEPTH: M ON M 7 = DUSTSTORM OR SANDSTORM:
VSBY 1/2 MILE OR LESS
8 = SMOKE OR HAZE
[NO. OF DAYS WITH] [WEATHER - DAYS WITH] 9 = BLOWING SNOW
X = TORNADO
MAX 32 OR BELOW: 0 0.01 INCH OR MORE: 11
MAX 90 OR ABOVE: 0 0.10 INCH OR MORE: 7
MIN 32 OR BELOW: 0 0.50 INCH OR MORE: 0
MIN 0 OR BELOW: 0 1.00 INCH OR MORE: 0
[HDD (BASE 65) ]
TOTAL THIS MO. 180 CLEAR (SCALE 0-3) 12
DPTR FM NORMAL 26 PTCLDY (SCALE 4-7) 17
TOTAL FM JUL 1 8677 CLOUDY (SCALE 8-10) 1
DPTR FM NORMAL 883
[CDD (BASE 65) ]
TOTAL THIS MO. 4
DPTR FM NORMAL -28 [PRESSURE DATA]
TOTAL FM JAN 1 5 HIGHEST SLP 30.21 ON 21
DPTR FM NORMAL -31 LOWEST SLP 29.51 ON 18
[REMARKS]
22ND: RECORD LOW TEMPERATURE OF 33 BREAKS THE OLD RECORD OF 34 SET IN 1956.
#FINAL-06-23#