000
CXUS54 KLZK 011130
CF6LLQ
PRELIMINARY LOCAL CLIMATOLOGICAL DATA (WS FORM: F-6)
STATION: MONTICELLO
MONTH: JULY
YEAR: 2021
LATITUDE: 33 37 N
LONGITUDE: 91 45 W
TEMPERATURE IN F: :PCPN: SNOW: WIND :SUNSHINE: SKY :PK WND
================================================================================
1 2 3 4 5 6A 6B 7 8 9 10 11 12 13 14 15 16 17 18
12Z AVG MX 2MIN
DY MAX MIN AVG DEP HDD CDD WTR SNW DPTH SPD SPD DIR MIN PSBL S-S WX SPD DR
================================================================================
1 92 74 83 1 0 18 0.00 0.0 0 2.6 10 330 M M 1 15 350
2 87 67 77 -5 0 12 T 0.0 0 3.6 12 30 M M 5 1 19 10
3 86 59 73 -9 0 8 0.00 0.0 0 3.9 16 50 M M 0 21 50
4 87 61 74 -8 0 9 0.00 0.0 0 2.7 12 90 M M 0 14 40
5 90 64 77 -5 0 12 0.00 0.0 0 2.5 9 70 M M 1 13 50
6 92 70 81 -1 0 16 0.00 0.0 0 3.3 13 140 M M 2 16 110
7 92 71 82 0 0 17 0.00 0.0 0 4.0 14 90 M M 1 13 17 190
8 94 71 83 1 0 18 0.00 0.0 0 5.8 12 170 M M 2 15 190
9 94 74 84 2 0 19 T 0.0 0 7.6 17 210 M M 1 23 210
10 90 75 83 1 0 18 0.04 0.0 0 7.2 14 220 M M 5 19 210
11 85 69 77 -5 0 12 0.30 0.0 0 8.0 28 260 M M 5 13 42 250
12 86 71 79 -3 0 14 0.00 0.0 0 5.8 10 280 M M 5 M M
13 92 72 82 -1 0 17 0.00 0.0 0 4.6 13 230 M M 1 17 290
14 94 74 84 1 0 19 0.00 0.0 0 5.2 10 170 M M 1 M M
15 93 73 83 0 0 18 0.00 0.0 0 6.2 22 220 M M 1 29 210
16 92 73 83 0 0 18 0.11 0.0 0 7.3 15 210 M M 4 13 22 210
17 87 72 80 -3 0 15 1.07 0.0 0 5.0 17 60 M M 5 13 23 80
18 90 74 82 -1 0 17 0.06 0.0 0 4.2 17 330 M M 3 13 27 310
19 86 72 79 -4 0 14 0.34 0.0 0 2.5 9 270 M M 6 13 12 270
20 88 71 80 -3 0 15 0.03 0.0 0 5.0 14 50 M M 6 3 17 50
21 87 72 80 -3 0 15 0.32 0.0 0 2.7 20 60 M M 5 1 25 50
22 91 73 82 -1 0 17 0.06 0.0 0 2.3 17 210 M M 2 13 23 130
23 93 73 83 0 0 18 0.00 0.0 0 3.0 10 260 M M 1 1 13 220
24 95 77 86 3 0 21 0.00 0.0 0 4.2 10 210 M M 1 15 210
25 94 76 85 2 0 20 0.00 0.0 0 1.7 7 150 M M 2 1 12 130
26 96 76 86 3 0 21 0.00 0.0 M 2.1 9 170 M M 0 1 12 160
27 96 77 87 4 0 22 0.00 0.0 0 3.3 12 50 M M 1 3 15 50
28 96 77 87 4 0 22 0.00 0.0 0 3.6 13 50 M M 0 1 16 40
29 97 75 86 3 0 21 0.00 0.0 0 1.6 8 40 M M 1 11 310
30 98 76 87 4 0 22 0.00 0.0 0 1.5 9 320 M M 0 1 14 310
31 99 76 88 5 0 23 0.00 0.0 0 4.1 10 280 M M 1 15 270
================================================================================
SM 2839 2235 0 528 2.33 0.0 127.1 M 69
================================================================================
AV 91.6 72.1 4.1 FASTST M M 2 MAX(MPH)
MISC ----> 28 260 42 250
================================================================================
NOTES:
# LAST OF SEVERAL OCCURRENCES
COLUMN 17 PEAK WIND IN M.P.H.
PRELIMINARY LOCAL CLIMATOLOGICAL DATA (WS FORM: F-6) , PAGE 2
STATION: MONTICELLO
MONTH: JULY
YEAR: 2021
LATITUDE: 33 37 N
LONGITUDE: 91 45 W
[TEMPERATURE DATA] [PRECIPITATION DATA] SYMBOLS USED IN COLUMN 16
AVERAGE MONTHLY: 81.8 TOTAL FOR MONTH: 2.33 1 = FOG OR MIST
DPTR FM NORMAL: -0.8 DPTR FM NORMAL: -0.86 2 = FOG REDUCING VISIBILITY
HIGHEST: 99 ON 31 GRTST 24HR 1.11 ON 16-17 TO 1/4 MILE OR LESS
LOWEST: 59 ON 3 3 = THUNDER
SNOW, ICE PELLETS, HAIL 4 = ICE PELLETS
TOTAL MONTH: 0.0 INCH 5 = HAIL
GRTST 24HR 0.0 6 = FREEZING RAIN OR DRIZZLE
GRTST DEPTH: 0 7 = DUSTSTORM OR SANDSTORM:
VSBY 1/2 MILE OR LESS
8 = SMOKE OR HAZE
[NO. OF DAYS WITH] [WEATHER - DAYS WITH] 9 = BLOWING SNOW
X = TORNADO
MAX 32 OR BELOW: 0 0.01 INCH OR MORE: 9
MAX 90 OR ABOVE: 22 0.10 INCH OR MORE: 5
MIN 32 OR BELOW: 0 0.50 INCH OR MORE: 1
MIN 0 OR BELOW: 0 1.00 INCH OR MORE: 1
[HDD (BASE 65) ]
TOTAL THIS MO. 0 CLEAR (SCALE 0-3) 22
DPTR FM NORMAL 0 PTCLDY (SCALE 4-7) 9
TOTAL FM JUL 1 0 CLOUDY (SCALE 8-10) 0
DPTR FM NORMAL 0
[CDD (BASE 65) ]
TOTAL THIS MO. 528
DPTR FM NORMAL -16 [PRESSURE DATA]
TOTAL FM JAN 1 1224 HIGHEST SLP 30.23 ON 14
DPTR FM NORMAL -102 LOWEST SLP 29.87 ON 25
[REMARKS]
#FINAL-07-21#