000
CXUS56 KMFR 011030
CF6LMT
PRELIMINARY LOCAL CLIMATOLOGICAL DATA (WS FORM: F-6)
STATION: KLAMATH FALLS OR
MONTH: FEBRUARY
YEAR: 2024
LATITUDE: 42 9 N
LONGITUDE: 121 44 W
TEMPERATURE IN F: :PCPN: SNOW: WIND :SUNSHINE: SKY :PK WND
================================================================================
1 2 3 4 5 6A 6B 7 8 9 10 11 12 13 14 15 16 17 18
12Z AVG MX 2MIN
DY MAX MIN AVG DEP HDD CDD WTR SNW DPTH SPD SPD DIR MIN PSBL S-S WX SPD DR
================================================================================
1 47 35 41 8 24 0 0.01 M M 7.9 18 150 M M 8 27 140
2 38 28 33 0 32 0 0.02 M M 4.8 18 260 M M 7 18 22 260
3 40 20 30 -3 35 0 0.00 M M 4.3 12 70 M M 5 12 14 120
4 41 23 32 -1 33 0 0.04 M M 12.5 33 130 M M 7 1 45 150
5 45 36 41 8 24 0 T M M 17.0 29 140 M M 8 40 140
6 41 29 35 1 30 0 0.00 M M 4.6 13 270 M M 9 16 260
7 40 25 33 -1 32 0 0.02 M M 3.2 10 300 M M 7 1 13 280
8 40 21 31 -3 34 0 T M M 3.9 12 270 M M 6 1 15 260
9 36 27 32 -2 33 0 0.01 M M 2.2 10 280 M M 9 1 13 290
10 45 23 34 0 31 0 0.00 M M 2.1 8 80 M M 2 11 220
11 51 23 37 3 28 0 0.00 M M 4.6 13 330 M M 1 15 330
12 49 24 37 3 28 0 0.00 M M 1.6 9 160 M M 0 11 130
13 47 24 36 2 29 0 0.00 M M 1.7 10 160 M M 3 13 160
14 41 29 35 0 30 0 0.28 M M 8.1 28 180 M M 9 1 36 180
15 45 32 39 4 26 0 0.13 M M 6.3 20 240 M M 9 1 27 240
16 48 34 41 6 24 0 0.00 M M 4.6 15 80 M M 6 20 140
17 49 36 43 8 22 0 0.02 M M 13.0 25 140 M M 10 33 130
18 48 34 41 6 24 0 0.22 M M 10.4 26 160 M M 9 1 33 160
19 46 33 40 4 25 0 0.77 M M 9.7 23 180 M M 9 1 31 180
20 48 33 41 5 24 0 0.15 M M 13.1 30 170 M M 8 1 37 170
21 49 31 40 4 25 0 T M M 6.0 15 280 M M 7 19 280
22 50 28 39 3 26 0 0.00 M M 4.4 15 160 M M 3 20 140
23 56 24 40 4 25 0 0.00 M M 3.5 8 350 M M 2 12 11 350
24 58 24 41 4 24 0 0.00 M M 2.9 10 270 M M 0 15 170
25 56 23 40 3 25 0 0.00 M M 7.4 23 260 M M 1 35 250
26 45 24 35 -2 30 0 0.07 M M 16.4 32 300 M M 8 18 42 300
27 40 23 32 -5 33 0 0.00 M M 5.6 13 260 M M 4 18 260
28 49 21 35 -2 30 0 0.00 M M 7.9 32 170 M M 4 42 170
29 43 31 37 0 28 0 0.10 M M 21.1 38 180 M M 8 19 51 180
================================================================================
SM 1331 798 814 0 1.84 M 210.8 M 169
================================================================================
AV 45.9 27.5 7.3 FASTST M M 6 MAX(MPH)
MISC ----> 38 180 51 180
================================================================================
NOTES:
# LAST OF SEVERAL OCCURRENCES
COLUMN 17 PEAK WIND IN M.P.H.
PRELIMINARY LOCAL CLIMATOLOGICAL DATA (WS FORM: F-6) , PAGE 2
STATION: KLAMATH FALLS OR
MONTH: FEBRUARY
YEAR: 2024
LATITUDE: 42 9 N
LONGITUDE: 121 44 W
[TEMPERATURE DATA] [PRECIPITATION DATA] SYMBOLS USED IN COLUMN 16
AVERAGE MONTHLY: 36.7 TOTAL FOR MONTH: 1.84 1 = FOG OR MIST
DPTR FM NORMAL: 1.8 DPTR FM NORMAL: 0.72 2 = FOG REDUCING VISIBILITY
HIGHEST: 58 ON 24 GRTST 24HR 0.85 ON 18-19 TO 1/4 MILE OR LESS
LOWEST: 20 ON 3 3 = THUNDER
SNOW, ICE PELLETS, HAIL 4 = ICE PELLETS
TOTAL MONTH: M 5 = HAIL
GRTST 24HR M ON M 6 = FREEZING RAIN OR DRIZZLE
GRTST DEPTH: M ON M 7 = DUSTSTORM OR SANDSTORM:
VSBY 1/2 MILE OR LESS
8 = SMOKE OR HAZE
[NO. OF DAYS WITH] [WEATHER - DAYS WITH] 9 = BLOWING SNOW
X = TORNADO
MAX 32 OR BELOW: 0 0.01 INCH OR MORE: 13
MAX 90 OR ABOVE: 0 0.10 INCH OR MORE: 6
MIN 32 OR BELOW: 22 0.50 INCH OR MORE: 1
MIN 0 OR BELOW: 0 1.00 INCH OR MORE: 0
[HDD (BASE 65) ]
TOTAL THIS MO. 814 CLEAR (SCALE 0-3) 7
DPTR FM NORMAL -29 PTCLDY (SCALE 4-7) 13
TOTAL FM JUL 1 4209 CLOUDY (SCALE 8-10) 9
DPTR FM NORMAL -494
[CDD (BASE 65) ]
TOTAL THIS MO. 0
DPTR FM NORMAL 0 [PRESSURE DATA]
TOTAL FM JAN 1 0 HIGHEST SLP 30.35 ON 23
DPTR FM NORMAL 0 LOWEST SLP 29.35 ON 4
[REMARKS]
#FINAL-02-24#