000
CXUS56 KMFR 010930
CF6LMT
PRELIMINARY LOCAL CLIMATOLOGICAL DATA (WS FORM: F-6)
STATION: KLAMATH FALLS OR
MONTH: OCTOBER
YEAR: 2023
LATITUDE: 42 9 N
LONGITUDE: 121 44 W
TEMPERATURE IN F: :PCPN: SNOW: WIND :SUNSHINE: SKY :PK WND
================================================================================
1 2 3 4 5 6A 6B 7 8 9 10 11 12 13 14 15 16 17 18
12Z AVG MX 2MIN
DY MAX MIN AVG DEP HDD CDD WTR SNW DPTH SPD SPD DIR MIN PSBL S-S WX SPD DR
================================================================================
1 61 37 49 -4 16 0 0.00 M M 9.5 21 320 M M 1 26 330
2 65 30 48 -5 17 0 0.01 M M 4.5 17 330 M M 4 M M
3 67 43 55 3 10 0 0.00 M M 5.7 15 320 M M 4 20 290
4 76 34 55 3 10 0 0.00 M M 4.3 13 50 M M 0 1 19 40
5 81 45 63 11 2 0 0.00 M M 6.5 15 60 M M 0 20 70
6 82 43 63 12 2 0 0.00 M M 4.3 12 150 M M 0 17 160
7 81 39 60 9 5 0 0.00 M M 3.7 13 180 M M 0 17 190
8 80 35 58 8 7 0 0.00 M M 6.8 21 180 M M 0 30 160
9 65 45 55 5 10 0 0.00 M M 12.3 30 190 M M 5 8 38 190
10 58 41 50 0 15 0 0.08 M M 10.0 25 270 M M 9 33 270
11 52 32 42 -7 23 0 0.05 M M 10.1 21 300 M M 8 18 28 290
12 60 26 43 -6 22 0 0.00 M M 3.5 15 160 M M 1 128 20 160
13 61 31 46 -2 19 0 0.03 M M 5.2 30 170 M M 4 1 39 180
14 64 35 50 2 15 0 0.00 M M 6.3 18 160 M M 4 1 25 160
15 75 40 58 10 7 0 0.00 M M 8.0 23 180 M M 0 8 30 180
16 65 43 54 7 11 0 T M M 7.6 22 160 M M 5 28 150
17 68 34 51 4 14 0 0.00 M M 1.5 8 330 M M 4 12 9 340
18 77 32 55 8 10 0 0.00 M M 2.0 9 340 M M 0 11 330
19 81 32 57 11 8 0 0.00 M M 1.5 9 170 M M 0 10 180
20 79 33 56 10 9 0 0.00 M M 1.7 7 40 M M 0 18 9 170
21 74 34 54 8 11 0 0.00 M M 6.8 23 180 M M 1 8 31 180
22 61 32 47 2 18 0 0.01 M M 3.4 14 270 M M 4 12 18 280
23 63 30 47 2 18 0 0.00 M M 3.8 15 260 M M 3 12 19 250
24 55 25 40 -4 25 0 0.00 M M 6.3 21 260 M M 5 12 29 270
25 46 30 38 -6 27 0 0.02 M M 10.4 25 320 M M 7 1 31 320
26 47 17 32 -12 33 0 0.00 M M 3.2 12 180 M M 2 1 17 190
27 50 14 32 -12 33 0 0.00 M M 4.7 14 320 M M 0 18 340
28 46 21 34 -9 31 0 0.00 M M 5.9 16 30 M M 0 23 30
29 54 15 35 -8 30 0 0.00 M M 1.5 8 50 M M 0 8 9 170
30 60 13 37 -5 28 0 0.00 M M 2.3 8 330 M M 0 11 330
31 62 19 41 -1 24 0 0.00 M M 1.2 7 20 M M 0 8 20
================================================================================
SM 2016 980 510 0 0.20 M 164.5 M 71
================================================================================
AV 65.0 31.6 5.3 FASTST M M 2 MAX(MPH)
MISC ----> # 30 190 39 180
================================================================================
NOTES:
# LAST OF SEVERAL OCCURRENCES
COLUMN 17 PEAK WIND IN M.P.H.
PRELIMINARY LOCAL CLIMATOLOGICAL DATA (WS FORM: F-6) , PAGE 2
STATION: KLAMATH FALLS OR
MONTH: OCTOBER
YEAR: 2023
LATITUDE: 42 9 N
LONGITUDE: 121 44 W
[TEMPERATURE DATA] [PRECIPITATION DATA] SYMBOLS USED IN COLUMN 16
AVERAGE MONTHLY: 48.3 TOTAL FOR MONTH: 0.20 1 = FOG OR MIST
DPTR FM NORMAL: 0.9 DPTR FM NORMAL: -0.54 2 = FOG REDUCING VISIBILITY
HIGHEST: 82 ON 6 GRTST 24HR 0.08 ON 10-10 TO 1/4 MILE OR LESS
LOWEST: 13 ON 30 3 = THUNDER
SNOW, ICE PELLETS, HAIL 4 = ICE PELLETS
TOTAL MONTH: M 5 = HAIL
GRTST 24HR M ON M 6 = FREEZING RAIN OR DRIZZLE
GRTST DEPTH: M ON M 7 = DUSTSTORM OR SANDSTORM:
VSBY 1/2 MILE OR LESS
8 = SMOKE OR HAZE
[NO. OF DAYS WITH] [WEATHER - DAYS WITH] 9 = BLOWING SNOW
X = TORNADO
MAX 32 OR BELOW: 0 0.01 INCH OR MORE: 6
MAX 90 OR ABOVE: 0 0.10 INCH OR MORE: 0
MIN 32 OR BELOW: 16 0.50 INCH OR MORE: 0
MIN 0 OR BELOW: 0 1.00 INCH OR MORE: 0
[HDD (BASE 65) ]
TOTAL THIS MO. 510 CLEAR (SCALE 0-3) 18
DPTR FM NORMAL -34 PTCLDY (SCALE 4-7) 12
TOTAL FM JUL 1 820 CLOUDY (SCALE 8-10) 1
DPTR FM NORMAL -34
[CDD (BASE 65) ]
TOTAL THIS MO. 0
DPTR FM NORMAL 0 [PRESSURE DATA]
TOTAL FM JAN 1 264 HIGHEST SLP M ON M
DPTR FM NORMAL 48 LOWEST SLP 29.59 ON 10
[REMARKS]
#FINAL-10-23#