000
CXUS55 KRIW 020019
CF6LND
PRELIMINARY LOCAL CLIMATOLOGICAL DATA (WS FORM: F-6)
STATION: LANDER WY
MONTH: JULY
YEAR: 2022
LATITUDE: 42 49 N
LONGITUDE: 108 44 W
TEMPERATURE IN F: :PCPN: SNOW: WIND :SUNSHINE: SKY :PK WND
================================================================================
1 2 3 4 5 6A 6B 7 8 9 10 11 12 13 14 15 16 17 18
12Z AVG MX 2MIN
DY MAX MIN AVG DEP HDD CDD WTR SNW DPTH SPD SPD DIR MIN PSBL S-S WX SPD DR
================================================================================
1 79 55 67 -1 0 2 0.17 0.0 0 8.5 39 270 M M 1 3 56 270
2 82 51 67 -1 0 2 T 0.0 0 5.8 23 360 M M 0 31 350
3 92 53 73 4 0 8 0.00 0.0 0 12.9 33 170 M M 0 8 42 180
4 90 56 73 4 0 8 0.00 0.0 0 11.4 29 220 M M 0 38 210
5 93 60 77 8 0 12 0.00 0.0 0 9.5 29 210 M M 0 43 210
6 89 59 74 4 0 9 T 0.0 0 7.3 22 200 M M 1 27 200
7 92 54 73 3 0 8 T 0.0 0 7.3 24 20 M M 0 31 30
8 96 58 77 7 0 12 0.00 0.0 0 8.1 21 230 M M 0 27 230
9 97 63 80 10 0 15 0.00 0.0 0 11.2 31 220 M M 0 46 210
10 95 58 77 6 0 12 0.00 0.0 0 7.7 22 300 M M 0 33 290
11 86 54 70 -1 0 5 0.00 0.0 0 8.1 13 260 M M 0 18 70
12 93 58 76 5 0 11 0.00 0.0 0 6.3 15 240 M M 0 18 240
13 95 59 77 5 0 12 T 0.0 0 6.8 28 280 M M 1 3 37 280
14 94 60 77 5 0 12 T 0.0 0 7.6 26 170 M M 2 36 160
15 88 62 75 3 0 10 0.00 0.0 0 7.6 24 260 M M 1 3 36 260
16 91 60 76 4 0 11 T 0.0 0 7.5 26 340 M M 0 3 37 350
17 100 58 79 7 0 14 0.00 0.0 0 5.7 25 190 M M 0 34 190
18 94 71 83 11 0 18 0.00 0.0 0 10.9 29 290 M M 0 45 260
19 95 65 80 8 0 15 0.00 0.0 0 5.7 16 340 M M 0 25 340
20 94 58 76 3 0 11 0.00 0.0 0 6.3 18 350 M M 0 26 340
21 94 58 76 3 0 11 0.00 0.0 0 7.9 25 350 M M 0 37 350
22 91 57 74 1 0 9 T 0.0 0 11.2 39 200 M M 0 3 57 320
23 90 65 78 5 0 13 0.00 0.0 0 8.4 22 310 M M 0 31 300
24 86 61 74 1 0 9 T 0.0 0 13.2 46 300 M M 2 3 74 310
25 91 55 73 0 0 8 0.00 0.0 0 7.8 16 240 M M 0 21 60
26 90 55 73 0 0 8 0.00 0.0 0 6.2 15 240 M M 0 18 40
27 91 59 75 2 0 10 0.21 0.0 0 7.3 31 310 M M 1 3 46 300
28 78 59 69 -4 0 4 T 0.0 0 6.8 16 240 M M 1 22 220
29 87 59 73 0 0 8 0.00 0.0 0 6.1 21 210 M M 0 25 220
30 92 57 75 2 0 10 0.00 0.0 0 6.8 32 320 M M 0 50 320
31 95 64 80 7 0 15 0.00 0.0 0 6.9 17 230 M M 0 24 230
================================================================================
SM 2820 1821 0 312 0.38 0.0 250.8 M 10
================================================================================
AV 91.0 58.7 8.1 FASTST M M 0 MAX(MPH)
MISC ----> 46 300 74 310
================================================================================
NOTES:
# LAST OF SEVERAL OCCURRENCES
COLUMN 17 PEAK WIND IN M.P.H.
PRELIMINARY LOCAL CLIMATOLOGICAL DATA (WS FORM: F-6) , PAGE 2
STATION: LANDER WY
MONTH: JULY
YEAR: 2022
LATITUDE: 42 49 N
LONGITUDE: 108 44 W
[TEMPERATURE DATA] [PRECIPITATION DATA] SYMBOLS USED IN COLUMN 16
AVERAGE MONTHLY: 74.9 TOTAL FOR MONTH: 0.38 1 = FOG OR MIST
DPTR FM NORMAL: 3.4 DPTR FM NORMAL: -0.21 2 = FOG REDUCING VISIBILITY
HIGHEST: 100 ON 17 GRTST 24HR 0.21 ON 27-27 TO 1/4 MILE OR LESS
LOWEST: 51 ON 2 3 = THUNDER
SNOW, ICE PELLETS, HAIL 4 = ICE PELLETS
TOTAL MONTH: 0.0 INCH 5 = HAIL
GRTST 24HR 0.0 6 = FREEZING RAIN OR DRIZZLE
GRTST DEPTH: 0 7 = DUSTSTORM OR SANDSTORM:
VSBY 1/2 MILE OR LESS
8 = SMOKE OR HAZE
[NO. OF DAYS WITH] [WEATHER - DAYS WITH] 9 = BLOWING SNOW
X = TORNADO
MAX 32 OR BELOW: 0 0.01 INCH OR MORE: 2
MAX 90 OR ABOVE: 23 0.10 INCH OR MORE: 2
MIN 32 OR BELOW: 0 0.50 INCH OR MORE: 0
MIN 0 OR BELOW: 0 1.00 INCH OR MORE: 0
[HDD (BASE 65) ]
TOTAL THIS MO. 0 CLEAR (SCALE 0-3) 31
DPTR FM NORMAL -14 PTCLDY (SCALE 4-7) 0
TOTAL FM JUL 1 0 CLOUDY (SCALE 8-10) 0
DPTR FM NORMAL -9
[CDD (BASE 65) ]
TOTAL THIS MO. 312
DPTR FM NORMAL 98 [PRESSURE DATA]
TOTAL FM JAN 1 389 HIGHEST SLP 30.16 ON 11
DPTR FM NORMAL 111 LOWEST SLP 29.62 ON 3
[REMARKS]
#FINAL-07-22#