000
CXUS55 KRIW 011010
CF6LND
PRELIMINARY LOCAL CLIMATOLOGICAL DATA (WS FORM: F-6)
STATION: LANDER WY
MONTH: JUNE
YEAR: 2022
LATITUDE: 42 49 N
LONGITUDE: 108 44 W
TEMPERATURE IN F: :PCPN: SNOW: WIND :SUNSHINE: SKY :PK WND
================================================================================
1 2 3 4 5 6A 6B 7 8 9 10 11 12 13 14 15 16 17 18
12Z AVG MX 2MIN
DY MAX MIN AVG DEP HDD CDD WTR SNW DPTH SPD SPD DIR MIN PSBL S-S WX SPD DR
================================================================================
1 63 36 50 -8 15 0 0.00 0.0 0 5.6 14 250 M M 2 17 240
2 69 42 56 -3 9 0 0.00 0.0 0 5.4 18 360 M M 4 25 360
3 68 45 57 -2 8 0 T 0.0 0 4.3 17 320 M M 2 3 23 320
4 72 46 59 0 6 0 0.00 0.0 0 4.7 16 360 M M 1 23 340
5 75 47 61 1 4 0 T 0.0 0 5.8 22 330 M M 2 30 340
6 74 44 59 -1 6 0 T 0.0 0 8.0 22 280 M M 0 29 300
7 72 43 58 -2 7 0 0.00 0.0 0 9.0 29 200 M M 2 37 210
8 76 41 59 -1 6 0 0.00 0.0 0 4.2 16 310 M M 0 23 320
9 83 53 68 7 0 3 0.00 0.0 0 6.1 17 330 M M 0 29 340
10 86 50 68 7 0 3 0.00 0.0 0 5.4 20 300 M M 1 28 300
11 90 55 73 12 0 8 0.00 0.0 0 7.4 23 230 M M 0 35 250
12 91 51 71 9 0 6 T 0.0 0 8.1 36 250 M M 0 52 240
13 66 48 57 -5 8 0 T 0.0 0 8.5 36 240 M M 2 46 240
14 62 39 51 -11 14 0 0.00 0.0 0 13.5 30 300 M M 1 43 270
15 76 34 55 -8 10 0 0.00 0.0 0 6.8 20 270 M M 0 26 280
16 89 43 66 3 0 1 0.00 0.0 0 5.1 17 240 M M 0 22 240
17 92 47 70 7 0 5 T 0.0 0 12.8 43 230 M M 0 56 240
18 88 66 77 13 0 12 0.00 0.0 0 19.7 37 200 M M 1 49 190
19 76 54 65 1 0 0 0.00 0.0 0 11.6 33 200 M M 3 51 190
20 70 42 56 -8 9 0 0.00 0.0 0 8.9 37 250 M M 1 49 280
21 76 39 58 -7 7 0 0.00 0.0 0 3.8 12 250 M M 0 16 240
22 87 45 66 1 0 1 0.00 0.0 0 6.0 15 320 M M 0 21 300
23 85 51 68 3 0 3 T 0.0 0 10.2 31 250 M M 1 38 42 250
24 82 52 67 1 0 2 T 0.0 0 11.2 23 290 M M 2 33 300
25 71 50 61 -5 4 0 0.00 0.0 0 5.8 18 20 M M 6 23 20
26 77 45 61 -5 4 0 0.00 0.0 0 5.1 15 250 M M 1 19 240
27 88 51 70 3 0 5 T 0.0 0 6.0 22 350 M M 0 36 360
28 92 55 74 7 0 9 T 0.0 0 8.3 32 210 M M 0 3 43 210
29 90 65 78 11 0 13 0.00 0.0 0 10.9 30 250 M M 1 43 250
30 87 52 70 2 0 5 0.00 0.0 0 7.9 21 310 M M 0 29 310
================================================================================
SM 2373 1431 117 76 T 0.0 236.1 M 33
================================================================================
AV 79.1 47.7 7.9 FASTST M M 1 MAX(MPH)
MISC ----> 43 230 56 240
================================================================================
NOTES:
# LAST OF SEVERAL OCCURRENCES
COLUMN 17 PEAK WIND IN M.P.H.
PRELIMINARY LOCAL CLIMATOLOGICAL DATA (WS FORM: F-6) , PAGE 2
STATION: LANDER WY
MONTH: JUNE
YEAR: 2022
LATITUDE: 42 49 N
LONGITUDE: 108 44 W
[TEMPERATURE DATA] [PRECIPITATION DATA] SYMBOLS USED IN COLUMN 16
AVERAGE MONTHLY: 63.4 TOTAL FOR MONTH: T 1 = FOG OR MIST
DPTR FM NORMAL: 0.6 DPTR FM NORMAL: -1.08 2 = FOG REDUCING VISIBILITY
HIGHEST: 92 ON 28,17 GRTST 24HR 0.14 ON 31- 1 TO 1/4 MILE OR LESS
LOWEST: 34 ON 15 3 = THUNDER
SNOW, ICE PELLETS, HAIL 4 = ICE PELLETS
TOTAL MONTH: 0.0 INCH 5 = HAIL
GRTST 24HR 0.0 6 = FREEZING RAIN OR DRIZZLE
GRTST DEPTH: 0 7 = DUSTSTORM OR SANDSTORM:
VSBY 1/2 MILE OR LESS
8 = SMOKE OR HAZE
[NO. OF DAYS WITH] [WEATHER - DAYS WITH] 9 = BLOWING SNOW
X = TORNADO
MAX 32 OR BELOW: 0 0.01 INCH OR MORE: 0
MAX 90 OR ABOVE: 5 0.10 INCH OR MORE: 0
MIN 32 OR BELOW: 0 0.50 INCH OR MORE: 0
MIN 0 OR BELOW: 0 1.00 INCH OR MORE: 0
[HDD (BASE 65) ]
TOTAL THIS MO. 117 CLEAR (SCALE 0-3) 27
DPTR FM NORMAL -7 PTCLDY (SCALE 4-7) 3
TOTAL FM JUL 1 7033 CLOUDY (SCALE 8-10) 0
DPTR FM NORMAL -679
[CDD (BASE 65) ]
TOTAL THIS MO. 76
DPTR FM NORMAL 17 [PRESSURE DATA]
TOTAL FM JAN 1 77 HIGHEST SLP 30.38 ON 25
DPTR FM NORMAL 13 LOWEST SLP 29.38 ON 12
[REMARKS]
#FINAL-06-22#