000
CXUS55 KRIW 020425
CF6LND
PRELIMINARY LOCAL CLIMATOLOGICAL DATA (WS FORM: F-6)
STATION: LANDER WY
MONTH: OCTOBER
YEAR: 2020
LATITUDE: 42 49 N
LONGITUDE: 108 44 W
TEMPERATURE IN F: :PCPN: SNOW: WIND :SUNSHINE: SKY :PK WND
================================================================================
1 2 3 4 5 6A 6B 7 8 9 10 11 12 13 14 15 16 17 18
12Z AVG MX 2MIN
DY MAX MIN AVG DEP HDD CDD WTR SNW DPTH SPD SPD DIR MIN PSBL S-S WX SPD DR
================================================================================
1 69 35 52 1 13 0 0.00 0.0 0 2.4 10 260 M M 0 12 260
2 74 42 58 7 7 0 0.00 0.0 0 5.4 15 240 M M 0 21 50
3 70 39 55 4 10 0 0.00 0.0 0 4.7 14 240 M M 0 16 250
4 79 41 60 10 5 0 0.00 0.0 0 3.7 16 250 M M 0 24 240
5 73 41 57 7 8 0 0.00 0.0 0 5.5 15 240 M M 0 19 70
6 82 44 63 14 2 0 0.00 0.0 0 4.5 15 250 M M 0 18 250
7 78 47 63 14 2 0 0.00 0.0 0 3.7 15 250 M M 0 8 17 250
8 82 45 64 15 1 0 0.00 0.0 0 7.5 22 310 M M 0 8 30 270
9 77 50 64 16 1 0 0.00 0.0 0 4.7 17 240 M M 0 20 240
10 79 40 60 12 5 0 0.00 0.0 0 10.0 32 230 M M 0 49 230
11 63 33 48 0 17 0 T 0.0 0 13.6 32 230 M M 3 44 230
12 65 29 47 0 18 0 0.00 0.0 0 12.8 41 270 M M 0 59 280
13 72 38 55 8 10 0 0.00 0.0 0 8.9 35 300 M M 1 53 280
14 65 33 49 3 16 0 0.00 0.0 0 14.4 33 300 M M 3 47 320
15 49 26 38 -8 27 0 0.00 0.0 0 4.3 14 230 M M 0 20 40
16 67 20 44 -2 21 0 T 0.0 0 7.8 29 280 M M 0 40 270
17 67 29 48 3 17 0 0.00 0.0 0 8.9 24 270 M M 1 45 270
18 54 28 41 -4 24 0 0.00 0.0 0 5.6 18 140 M M 3 24 130
19 66 30 48 3 17 0 0.00 0.0 0 6.1 25 290 M M 0 33 290
20 57 37 47 3 18 0 0.00 0.0 0 5.3 14 80 M M 1 19 80
21 69 29 49 5 16 0 0.00 0.0 0 7.1 28 60 M M 4 42 300
22 36 16 26 -17 39 0 0.17 1.8 1 7.0 23 40 M M 10 1 33 40
23 30 12 21 -22 44 0 T T 2 3.9 10 320 M M 3 14 280
24 38 10 24 -19 41 0 0.39 3.8 T 6.5 20 30 M M 7 128 25 20
25 13 -5 4 -38 61 0 0.12 2.2 5 5.1 12 10 M M 7 18 14 360
26 15 -9 3 -39 62 0 0.00 0.0 5 3.2 12 240 M M 0 13 250
27 31 1 16 -25 49 0 0.00 0.0 3 2.7 9 250 M M 0 12 320
28 48 20 34 -7 31 0 0.00 0.0 1 3.3 12 260 M M 0 13 260
29 64 28 46 6 19 0 0.00 0.0 0 5.7 15 260 M M 0 20 310
30 65 32 49 9 16 0 0.00 0.0 0 5.1 31 250 M M 0 42 260
31 58 32 45 5 20 0 0.00 0.0 0 4.2 22 270 M M 1 35 340
================================================================================
SM 1855 893 637 0 0.68 7.8 193.6 M 44
================================================================================
AV 59.8 28.8 6.2 FASTST M M 1 MAX(MPH)
MISC ----> 41 270 59 280
================================================================================
NOTES:
# LAST OF SEVERAL OCCURRENCES
COLUMN 17 PEAK WIND IN M.P.H.
PRELIMINARY LOCAL CLIMATOLOGICAL DATA (WS FORM: F-6) , PAGE 2
STATION: LANDER WY
MONTH: OCTOBER
YEAR: 2020
LATITUDE: 42 49 N
LONGITUDE: 108 44 W
[TEMPERATURE DATA] [PRECIPITATION DATA] SYMBOLS USED IN COLUMN 16
AVERAGE MONTHLY: 44.3 TOTAL FOR MONTH: 0.68 1 = FOG OR MIST
DPTR FM NORMAL: -1.3 DPTR FM NORMAL: -0.61 2 = FOG REDUCING VISIBILITY
HIGHEST: 82 ON 8, 6 GRTST 24HR 0.50 ON 24-25 TO 1/4 MILE OR LESS
LOWEST: -9 ON 26 3 = THUNDER
SNOW, ICE PELLETS, HAIL 4 = ICE PELLETS
TOTAL MONTH: 7.8 INCHES 5 = HAIL
GRTST 24HR 3.8 ON 24-24 6 = FREEZING RAIN OR DRIZZLE
GRTST DEPTH: 5 ON 26,25 7 = DUSTSTORM OR SANDSTORM:
VSBY 1/2 MILE OR LESS
8 = SMOKE OR HAZE
[NO. OF DAYS WITH] [WEATHER - DAYS WITH] 9 = BLOWING SNOW
X = TORNADO
MAX 32 OR BELOW: 4 0.01 INCH OR MORE: 3
MAX 90 OR ABOVE: 0 0.10 INCH OR MORE: 3
MIN 32 OR BELOW: 17 0.50 INCH OR MORE: 0
MIN 0 OR BELOW: 2 1.00 INCH OR MORE: 0
[HDD (BASE 65) ]
TOTAL THIS MO. 637 CLEAR (SCALE 0-3) 25
DPTR FM NORMAL 35 PTCLDY (SCALE 4-7) 5
TOTAL FM JUL 1 844 CLOUDY (SCALE 8-10) 1
DPTR FM NORMAL -16
[CDD (BASE 65) ]
TOTAL THIS MO. 0
DPTR FM NORMAL 0 [PRESSURE DATA]
TOTAL FM JAN 1 686 HIGHEST SLP 30.59 ON 25
DPTR FM NORMAL 214 LOWEST SLP 29.44 ON 11
[REMARKS]
#FINAL-10-20#