000
CXUS53 KOAX 011250
CF6LNK
PRELIMINARY LOCAL CLIMATOLOGICAL DATA (WS FORM: F-6)
STATION: LINCOLN NE
MONTH: AUGUST
YEAR: 2022
LATITUDE: 40 50 N
LONGITUDE: 96 45 W
TEMPERATURE IN F: :PCPN: SNOW: WIND :SUNSHINE: SKY :PK WND
================================================================================
1 2 3 4 5 6A 6B 7 8 9 10 11 12 13 14 15 16 17 18
12Z AVG MX 2MIN
DY MAX MIN AVG DEP HDD CDD WTR SNW DPTH SPD SPD DIR MIN PSBL S-S WX SPD DR
================================================================================
1 99 71 85 7 0 20 0.00 0.0 0 6.3 16 180 M M 1 1 23 190
2 100 71 86 8 0 21 0.00 0.0 0 11.9 23 200 M M 0 33 190
3 97 74 86 8 0 21 T 0.0 0 9.3 22 200 M M 1 3 32 200
4 94 65 80 2 0 15 0.00 0.0 0 7.4 13 130 M M 0 17 50
5 99 66 83 5 0 18 0.00 0.0 0 9.4 21 160 M M 0 28 170
6 101 77 89 12 0 24 0.00 0.0 0 10.7 21 180 M M 1 28 190
7 97 70 84 7 0 19 0.00 0.0 0 12.2 22 330 M M 2 3 28 340
8 83 64 74 -3 0 9 0.00 0.0 0 9.5 24 20 M M 5 30 10
9 92 56 74 -3 0 9 0.00 0.0 0 5.0 9 170 M M 0 14 190
10 96 62 79 2 0 14 0.00 0.0 0 5.7 13 140 M M 1 16 150
11 96 64 80 3 0 15 0.00 0.0 0 7.5 16 220 M M 0 22 210
12 96 62 79 2 0 14 0.00 0.0 0 10.5 23 180 M M 0 30 200
13 92 73 83 7 0 18 0.00 0.0 0 9.7 20 30 M M 1 24 30
14 90 69 80 4 0 15 0.00 0.0 0 9.2 17 80 M M 0 23 80
15 75 62 69 -7 0 4 0.38 0.0 0 12.7 23 70 M M 7 13 33 90
16 77 62 70 -6 0 5 0.01 0.0 0 8.2 14 80 M M 8 1 21 60
17 86 57 72 -4 0 7 0.00 0.0 0 4.2 12 60 M M 2 18 17 70
18 90 60 75 -1 0 10 0.00 0.0 0 7.1 21 200 M M 0 31 200
19 89 61 75 0 0 10 0.05 0.0 0 5.5 23 300 M M 2 13 30 300
20 84 61 73 -2 0 8 0.00 0.0 0 8.1 18 350 M M 2 26 350
21 87 57 72 -3 0 7 0.00 0.0 0 5.1 12 50 M M 1 19 50
22 89 56 73 -2 0 8 0.00 0.0 0 4.1 13 90 M M 1 1 18 90
23 92 58 75 1 0 10 0.00 0.0 0 5.7 16 170 M M 0 22 170
24 94 68 81 7 0 16 0.00 0.0 0 5.4 14 230 M M 2 20 230
25 91 66 79 5 0 14 T 0.0 0 6.2 17 50 M M 1 22 50
26 93 65 79 5 0 14 0.02 0.0 0 10.9 18 150 M M 0 27 160
27 85 70 78 4 0 13 0.09 0.0 0 9.0 21 170 M M 3 30 180
28 97 69 83 10 0 18 0.00 0.0 0 13.1 23 210 M M 0 31 200
29 90 63 77 4 0 12 T 0.0 0 7.1 18 40 M M 1 3 32 50
30 90 58 74 1 0 9 0.00 0.0 0 4.6 15 50 M M 0 20 40
31 97 55 76 4 0 11 0.00 0.0 0 7.3 20 220 M M 0 28 230
================================================================================
SM 2838 1992 0 408 0.55 0.0 248.6 M 42
================================================================================
AV 91.5 64.3 8.0 FASTST M M 1 MAX(MPH)
MISC ----> 24 20 # 33 190
================================================================================
NOTES:
# LAST OF SEVERAL OCCURRENCES
COLUMN 17 PEAK WIND IN M.P.H.
PRELIMINARY LOCAL CLIMATOLOGICAL DATA (WS FORM: F-6) , PAGE 2
STATION: LINCOLN NE
MONTH: AUGUST
YEAR: 2022
LATITUDE: 40 50 N
LONGITUDE: 96 45 W
[TEMPERATURE DATA] [PRECIPITATION DATA] SYMBOLS USED IN COLUMN 16
AVERAGE MONTHLY: 77.9 TOTAL FOR MONTH: 0.55 1 = FOG OR MIST
DPTR FM NORMAL: 2.3 DPTR FM NORMAL: -2.77 2 = FOG REDUCING VISIBILITY
HIGHEST: 101 ON 6 GRTST 24HR 0.39 ON 15-16 TO 1/4 MILE OR LESS
LOWEST: 55 ON 31 3 = THUNDER
SNOW, ICE PELLETS, HAIL 4 = ICE PELLETS
TOTAL MONTH: 0.0 INCH 5 = HAIL
GRTST 24HR 0.0 6 = FREEZING RAIN OR DRIZZLE
GRTST DEPTH: 0 7 = DUSTSTORM OR SANDSTORM:
VSBY 1/2 MILE OR LESS
8 = SMOKE OR HAZE
[NO. OF DAYS WITH] [WEATHER - DAYS WITH] 9 = BLOWING SNOW
X = TORNADO
MAX 32 OR BELOW: 0 0.01 INCH OR MORE: 5
MAX 90 OR ABOVE: 22 0.10 INCH OR MORE: 1
MIN 32 OR BELOW: 0 0.50 INCH OR MORE: 0
MIN 0 OR BELOW: 0 1.00 INCH OR MORE: 0
[HDD (BASE 65) ]
TOTAL THIS MO. 0 CLEAR (SCALE 0-3) 28
DPTR FM NORMAL -3 PTCLDY (SCALE 4-7) 3
TOTAL FM JUL 1 0 CLOUDY (SCALE 8-10) 0
DPTR FM NORMAL -1
[CDD (BASE 65) ]
TOTAL THIS MO. 408
DPTR FM NORMAL 75 [PRESSURE DATA]
TOTAL FM JAN 1 1290 HIGHEST SLP 30.18 ON 10
DPTR FM NORMAL 184 LOWEST SLP 29.57 ON 28
[REMARKS]
#FINAL-08-22#