000
CXUS53 KOAX 010930
CF6LNK
PRELIMINARY LOCAL CLIMATOLOGICAL DATA (WS FORM: F-6)
STATION: LINCOLN NE
MONTH: AUGUST
YEAR: 2023
LATITUDE: 40 50 N
LONGITUDE: 96 45 W
TEMPERATURE IN F: :PCPN: SNOW: WIND :SUNSHINE: SKY :PK WND
================================================================================
1 2 3 4 5 6A 6B 7 8 9 10 11 12 13 14 15 16 17 18
12Z AVG MX 2MIN
DY MAX MIN AVG DEP HDD CDD WTR SNW DPTH SPD SPD DIR MIN PSBL S-S WX SPD DR
================================================================================
1 82 68 75 -3 0 10 0.00 0.0 0 8.1 14 130 M M 6 1 19 100
2 85 73 79 1 0 14 0.01 0.0 0 8.8 21 100 M M 7 30 80
3 82 71 77 -1 0 12 T 0.0 0 6.3 12 70 M M 8 128 M M
4 87 70 79 1 0 14 0.00 0.0 0 5.4 13 250 M M 4 1 18 260
5 90 69 80 2 0 15 0.00 0.0 0 7.2 22 270 M M 2 13 32 280
6 81 66 74 -3 0 9 0.11 0.0 0 14.8 30 340 M M 6 1 44 310
7 83 61 72 -5 0 7 0.00 0.0 0 6.5 14 310 M M 2 1 17 290
8 86 61 74 -3 0 9 0.01 0.0 0 5.4 18 260 M M 3 3 24 250
9 84 65 75 -2 0 10 0.25 0.0 0 5.3 18 10 M M 3 13 25 10
10 89 60 75 -2 0 10 0.00 0.0 0 6.8 17 170 M M 1 1 23 170
11 94 67 81 4 0 16 T 0.0 0 6.4 20 150 M M 1 3 25 160
12 91 64 78 1 0 13 T 0.0 0 7.3 16 360 M M 1 23 160
13 83 65 74 -2 0 9 1.14 0.0 0 10.4 23 110 M M 5 13 35 120
14 80 57 69 -7 0 4 0.00 0.0 0 15.9 31 320 M M 2 45 330
15 84 52 68 -8 0 3 0.00 0.0 0 4.4 10 170 M M 0 14 300
16 92 60 76 0 0 11 0.00 0.0 0 13.1 24 180 M M 0 33 170
17 82 56 69 -7 0 4 0.00 0.0 0 9.4 25 350 M M 0 8 33 340
18 87 53 70 -6 0 5 0.00 0.0 0 11.9 23 170 M M 0 31 190
19 104 69 87 12 0 22 0.00 0.0 0 7.9 15 210 M M 0 18 220
20 95 77 86 11 0 21 0.00 0.0 0 7.4 17 20 M M 3 1 21 30
21 102 72 87 12 0 22 0.00 0.0 0 7.5 17 130 M M 0 18 24 150
22 105 78 92 17 0 27 0.00 0.0 0 8.9 18 140 M M 0 1 22 140
23 103 79 91 17 0 26 0.00 0.0 0 9.9 20 220 M M 0 26 220
24 105 73 89 15 0 24 0.00 0.0 0 8.3 20 220 M M 0 25 220
25 101 70 86 12 0 21 0.00 0.0 0 8.1 22 10 M M 1 3 31 30
26 82 64 73 -1 0 8 2.24 0.0 0 11.2 24 20 M M 3 13 32 30
27 83 56 70 -4 0 5 0.00 0.0 0 4.4 10 50 M M 0 18 16 60
28 87 63 75 2 0 10 0.00 0.0 0 6.5 16 230 M M 0 22 10
29 88 62 75 2 0 10 0.00 0.0 0 6.1 16 360 M M 0 1 35 30
30 86 60 73 0 0 8 0.00 0.0 0 7.2 16 150 M M 1 18 24 140
31 86 61 74 2 0 9 0.00 0.0 0 12.7 23 170 M M 0 8 31 180
================================================================================
SM 2769 2022 0 388 3.76 0.0 259.5 M 59
================================================================================
AV 89.3 65.2 8.4 FASTST M M 2 MAX(MPH)
MISC ----> 31 320 45 330
================================================================================
NOTES:
# LAST OF SEVERAL OCCURRENCES
COLUMN 17 PEAK WIND IN M.P.H.
PRELIMINARY LOCAL CLIMATOLOGICAL DATA (WS FORM: F-6) , PAGE 2
STATION: LINCOLN NE
MONTH: AUGUST
YEAR: 2023
LATITUDE: 40 50 N
LONGITUDE: 96 45 W
[TEMPERATURE DATA] [PRECIPITATION DATA] SYMBOLS USED IN COLUMN 16
AVERAGE MONTHLY: 77.3 TOTAL FOR MONTH: 3.76 1 = FOG OR MIST
DPTR FM NORMAL: 1.7 DPTR FM NORMAL: 0.44 2 = FOG REDUCING VISIBILITY
HIGHEST: 105 ON 24,22 GRTST 24HR 2.24 ON 26-26 TO 1/4 MILE OR LESS
LOWEST: 52 ON 15 3 = THUNDER
SNOW, ICE PELLETS, HAIL 4 = ICE PELLETS
TOTAL MONTH: 0.0 INCH 5 = HAIL
GRTST 24HR 0.0 6 = FREEZING RAIN OR DRIZZLE
GRTST DEPTH: 0 7 = DUSTSTORM OR SANDSTORM:
VSBY 1/2 MILE OR LESS
8 = SMOKE OR HAZE
[NO. OF DAYS WITH] [WEATHER - DAYS WITH] 9 = BLOWING SNOW
X = TORNADO
MAX 32 OR BELOW: 0 0.01 INCH OR MORE: 6
MAX 90 OR ABOVE: 11 0.10 INCH OR MORE: 4
MIN 32 OR BELOW: 0 0.50 INCH OR MORE: 2
MIN 0 OR BELOW: 0 1.00 INCH OR MORE: 2
[HDD (BASE 65) ]
TOTAL THIS MO. 0 CLEAR (SCALE 0-3) 23
DPTR FM NORMAL -3 PTCLDY (SCALE 4-7) 8
TOTAL FM JUL 1 0 CLOUDY (SCALE 8-10) 0
DPTR FM NORMAL -1
[CDD (BASE 65) ]
TOTAL THIS MO. 388
DPTR FM NORMAL 55 [PRESSURE DATA]
TOTAL FM JAN 1 1216 HIGHEST SLP 30.21 ON 15
DPTR FM NORMAL 110 LOWEST SLP 29.66 ON 10
[REMARKS]
#FINAL-08-23#