000
CXUS53 KMKX 010910
CF6LNR
PRELIMINARY LOCAL CLIMATOLOGICAL DATA (WS FORM: F-6)
STATION: LONE ROCK WI
MONTH: MARCH
YEAR: 2020
LATITUDE: 43 12 N
LONGITUDE: 90 11 W
TEMPERATURE IN F: :PCPN: SNOW: WIND :SUNSHINE: SKY :PK WND
================================================================================
1 2 3 4 5 6A 6B 7 8 9 10 11 12 13 14 15 16 17 18
12Z AVG MX 2MIN
DY MAX MIN AVG DEP HDD CDD WTR SNW DPTH SPD SPD DIR MIN PSBL S-S WX SPD DR
================================================================================
1 51 27 39 11 26 0 0.00 0.0 0 7.3 15 270 M M 0 19 270
2 41 28 35 7 30 0 0.00 0.0 0 6.3 14 280 M M 3 21 270
3 43 26 35 6 30 0 0.04 M 0 8.1 26 280 M M 6 128 35 290
4 43 31 37 8 28 0 0.00 0.0 0 9.0 17 290 M M 1 23 280
5 45 31 38 8 27 0 0.01 M 0 15.4 29 320 M M 8 41 280
6 43 26 35 5 30 0 0.00 0.0 0 7.6 26 330 M M 2 40 320
7 53 27 40 10 25 0 0.00 0.0 0 8.4 22 200 M M 0 30 180
8 64 40 52 21 13 0 0.00 0.0 0 10.0 24 190 M M 0 32 190
9 55 36 46 15 19 0 0.49 M 0 8.7 21 340 M M 8 1 31 210
10 50 30 40 8 25 0 0.15 M 0 5.2 14 170 M M 5 1 21 320
11 45 33 39 7 26 0 0.10 M 0 3.7 10 280 M M 9 18 14 160
12 51 33 42 9 23 0 0.11 M 0 11.2 29 280 M M 8 18 39 290
13 44 31 38 5 27 0 0.00 0.0 0 14.7 26 290 M M 0 36 300
14 35 30 33 -1 32 0 T M 0 5.3 12 50 M M 7 15 20
15 39 24 32 -2 33 0 0.00 0.0 0 4.6 13 110 M M 4 18 110
16 40 28 34 0 31 0 0.00 0.0 0 6.4 13 270 M M 10 21 270
17 47 29 38 3 27 0 0.00 0.0 0 8.1 23 310 M M 2 33 290
18 39 33 36 1 29 0 0.37 M 0 8.1 15 100 M M 10 1 18 90
19 45 39 42 6 23 0 1.61 M 0 7.5 18 350 M M 10 13 27 350
20 39 27 33 -3 32 0 0.11 M 0 12.7 23 340 M M 8 1 33 320
21 38 22 30 -7 35 0 0.00 0.0 0 5.2 13 110 M M 3 18 110
22 39 28 34 -3 31 0 0.00 0.0 0 9.3 16 160 M M 8 23 140
23 46 30 38 1 27 0 0.00 0.0 0 3.5 12 190 M M 10 14 220
24 48 37 43 5 22 0 0.00 0.0 0 5.1 14 130 M M 9 1 19 180
25 48 38 43 5 22 0 0.02 M 0 5.6 16 190 M M 10 18 20 190
26 47 41 44 5 21 0 T M 0 6.2 13 50 M M 10 1 17 110
27 56 38 47 8 18 0 0.04 M 0 9.8 20 70 M M 5 1 25 70
28 48 43 46 6 19 0 0.36 M 0 12.4 28 100 M M 9 13 35 100
29 48 40 44 4 21 0 0.03 M 0 14.8 24 280 M M 10 1 35 290
30 58 38 48 8 17 0 0.00 0.0 0 11.0 22 330 M M 2 30 330
31 45 32 39 -2 26 0 0.00 0.0 0 6.1 20 80 M M 7 25 70
================================================================================
SM 1433 996 795 0 3.44 0.0 257.3 M 184
================================================================================
AV 46.2 32.1 8.3 FASTST M M 6 MAX(MPH)
MISC ----> # 29 320 # 41 280
================================================================================
NOTES:
# LAST OF SEVERAL OCCURRENCES
COLUMN 17 PEAK WIND IN M.P.H.
PRELIMINARY LOCAL CLIMATOLOGICAL DATA (WS FORM: F-6) , PAGE 2
STATION: LONE ROCK WI
MONTH: MARCH
YEAR: 2020
LATITUDE: 43 12 N
LONGITUDE: 90 11 W
[TEMPERATURE DATA] [PRECIPITATION DATA] SYMBOLS USED IN COLUMN 16
AVERAGE MONTHLY: 39.2 TOTAL FOR MONTH: 3.44 1 = FOG OR MIST
DPTR FM NORMAL: 4.8 DPTR FM NORMAL: 1.52 2 = FOG REDUCING VISIBILITY
HIGHEST: 64 ON 8 GRTST 24HR 1.61 ON 19-19 TO 1/4 MILE OR LESS
LOWEST: 22 ON 21 3 = THUNDER
SNOW, ICE PELLETS, HAIL 4 = ICE PELLETS
TOTAL MONTH: 0.0 INCH 5 = HAIL
GRTST 24HR 0.0 6 = FREEZING RAIN OR DRIZZLE
GRTST DEPTH: 0 7 = DUSTSTORM OR SANDSTORM:
VSBY 1/2 MILE OR LESS
8 = SMOKE OR HAZE
[NO. OF DAYS WITH] [WEATHER - DAYS WITH] 9 = BLOWING SNOW
X = TORNADO
MAX 32 OR BELOW: 0 0.01 INCH OR MORE: 13
MAX 90 OR ABOVE: 0 0.10 INCH OR MORE: 8
MIN 32 OR BELOW: 18 0.50 INCH OR MORE: 1
MIN 0 OR BELOW: 0 1.00 INCH OR MORE: 1
[HDD (BASE 65) ]
TOTAL THIS MO. 795 CLEAR (SCALE 0-3) 9
DPTR FM NORMAL -154 PTCLDY (SCALE 4-7) 11
TOTAL FM JUL 1 5958 CLOUDY (SCALE 8-10) 11
DPTR FM NORMAL -533
[CDD (BASE 65) ]
TOTAL THIS MO. 0
DPTR FM NORMAL 0 [PRESSURE DATA]
TOTAL FM JAN 1 0 HIGHEST SLP 30.73 ON 15
DPTR FM NORMAL 0 LOWEST SLP 29.28 ON 29
[REMARKS]
#FINAL-03-20#